CREATE TABLE `jos_user_notes` (
  `id` int(10) unsigned NOT NULL AUTO_INCREMENT,
  `user_id` int(10) unsigned NOT NULL DEFAULT '0',
  `catid` int(10) unsigned NOT NULL DEFAULT '0',
  `subject` varchar(100) NOT NULL DEFAULT '',
  `body` text NOT NULL,
  `state` tinyint(3) NOT NULL DEFAULT '0',
  `checked_out` int(10) unsigned NOT NULL DEFAULT '0',
  `checked_out_time` datetime NOT NULL DEFAULT '0000-00-00 00:00:00',
  `created_user_id` int(10) unsigned NOT NULL DEFAULT '0',
  `created_time` datetime NOT NULL DEFAULT '0000-00-00 00:00:00',
  `modified_user_id` int(10) unsigned NOT NULL,
  `modified_time` datetime NOT NULL DEFAULT '0000-00-00 00:00:00',
  `review_time` datetime NOT NULL DEFAULT '0000-00-00 00:00:00',
  `publish_up` datetime NOT NULL DEFAULT '0000-00-00 00:00:00',
  `publish_down` datetime NOT NULL DEFAULT '0000-00-00 00:00:00',
  PRIMARY KEY (`id`),
  KEY `idx_user_id` (`user_id`),
  KEY `idx_category_id` (`catid`)
) ENGINE=MyISAM DEFAULT CHARSET=utf8;
CREATE TABLE `jos_user_profiles` (
  `user_id` int(11) NOT NULL,
  `profile_key` varchar(100) NOT NULL,
  `profile_value` text NOT NULL,
  `ordering` int(11) NOT NULL DEFAULT '0',
  UNIQUE KEY `idx_user_id_profile_key` (`user_id`,`profile_key`)
) ENGINE=MyISAM DEFAULT CHARSET=utf8 COMMENT='Simple user profile storage table';
CREATE TABLE `jos_user_usergroup_map` (
  `user_id` int(10) unsigned NOT NULL DEFAULT '0' COMMENT 'Foreign Key to jos_users.id',
  `group_id` int(10) unsigned NOT NULL DEFAULT '0' COMMENT 'Foreign Key to jos_usergroups.id',
  PRIMARY KEY (`user_id`,`group_id`)
) ENGINE=MyISAM DEFAULT CHARSET=utf8;
INSERT INTO `jos_user_usergroup_map` VALUES (360,8),(362,8),(363,2);
CREATE TABLE `jos_usergroups` (
  `id` int(10) unsigned NOT NULL AUTO_INCREMENT COMMENT 'Primary Key',
  `parent_id` int(10) unsigned NOT NULL DEFAULT '0' COMMENT 'Adjacency List Reference Id',
  `lft` int(11) NOT NULL DEFAULT '0' COMMENT 'Nested set lft.',
  `rgt` int(11) NOT NULL DEFAULT '0' COMMENT 'Nested set rgt.',
  `title` varchar(100) NOT NULL DEFAULT '',
  PRIMARY KEY (`id`),
  UNIQUE KEY `idx_usergroup_parent_title_lookup` (`parent_id`,`title`),
  KEY `idx_usergroup_title_lookup` (`title`),
  KEY `idx_usergroup_adjacency_lookup` (`parent_id`),
  KEY `idx_usergroup_nested_set_lookup` (`lft`,`rgt`) USING BTREE
) ENGINE=MyISAM AUTO_INCREMENT=13 DEFAULT CHARSET=utf8;
INSERT INTO `jos_usergroups` VALUES (1,0,1,20,'Public'),(2,1,6,17,'Registered'),(3,2,7,14,'Author'),(4,3,8,11,'Editor'),(5,4,9,10,'Publisher'),(6,1,2,5,'Manager'),(7,6,3,4,'Administrator'),(8,1,18,19,'Super Users'),(12,2,15,16,'Customer Group (Example)'),(10,3,12,13,'Shop Suppliers (Example)');
CREATE TABLE `jos_viewlevels` (
  `id` int(10) unsigned NOT NULL AUTO_INCREMENT COMMENT 'Primary Key',
  `title` varchar(100) NOT NULL DEFAULT '',
  `ordering` int(11) NOT NULL DEFAULT '0',
  `rules` varchar(5120) NOT NULL COMMENT 'JSON encoded access control.',
  PRIMARY KEY (`id`),
  UNIQUE KEY `idx_assetgroup_title_lookup` (`title`)
) ENGINE=MyISAM AUTO_INCREMENT=5 DEFAULT CHARSET=utf8;
INSERT INTO `jos_viewlevels` VALUES (1,'Public',0,'[1]'),(2,'Registered',1,'[6,2,8]'),(3,'Special',2,'[6,3,8]'),(4,'Customer Access Level (Example)',3,'[6,3,12]');
CREATE TABLE `jos_virtuemart_adminmenuentries` (
  `id` tinyint(1) unsigned NOT NULL AUTO_INCREMENT,
  `module_id` tinyint(10) unsigned NOT NULL DEFAULT '0' COMMENT 'The ID of the VM Module, this Item is assigned to',
  `parent_id` tinyint(11) unsigned NOT NULL DEFAULT '0',
  `name` char(64) NOT NULL DEFAULT '0',
  `link` char(64) NOT NULL DEFAULT '0',
  `depends` char(64) NOT NULL DEFAULT '' COMMENT 'Names of the Parameters, this Item depends on',
  `icon_class` char(96) DEFAULT NULL,
  `ordering` int(2) NOT NULL DEFAULT '0',
  `published` tinyint(1) NOT NULL DEFAULT '1',
  `tooltip` char(128) DEFAULT NULL,
  `view` char(32) DEFAULT NULL,
  `task` char(32) DEFAULT NULL,
  PRIMARY KEY (`id`),
  KEY `module_id` (`module_id`),
  KEY `published` (`published`),
  KEY `ordering` (`ordering`)
) ENGINE=MyISAM AUTO_INCREMENT=30 DEFAULT CHARSET=utf8 COMMENT='Administration Menu Items';
INSERT INTO `jos_virtuemart_adminmenuentries` VALUES (1,1,0,'COM_VIRTUEMART_CATEGORY_S','','','vmicon vmicon-16-folder_camera',1,1,'','category',''),(2,1,0,'COM_VIRTUEMART_PRODUCT_S','','','vmicon vmicon-16-camera',2,1,'','product',''),(3,1,0,'COM_VIRTUEMART_PRODUCT_CUSTOM_FIELD_S','','','vmicon vmicon-16-document_move',5,1,'','custom',''),(4,1,0,'COM_VIRTUEMART_PRODUCT_INVENTORY','','','vmicon vmicon-16-price_watch',7,1,'','inventory',''),(5,1,0,'COM_VIRTUEMART_CALC_S','','','vmicon vmicon-16-calculator',8,1,'','calc',''),(6,1,0,'COM_VIRTUEMART_REVIEW_RATE_S','','','vmicon vmicon-16-comments',9,1,'','ratings',''),(7,2,0,'COM_VIRTUEMART_ORDER_S','','','vmicon vmicon-16-page_white_stack',1,1,'','orders',''),(8,2,0,'COM_VIRTUEMART_COUPON_S','','','vmicon vmicon-16-shopping',10,1,'','coupon',''),(9,2,0,'COM_VIRTUEMART_REPORT','','','vmicon vmicon-16-chart_bar',3,1,'','report',''),(10,2,0,'COM_VIRTUEMART_USER_S','','','vmicon vmicon-16-user',4,1,'','user',''),(11,2,0,'COM_VIRTUEMART_SHOPPERGROUP_S','','','vmicon vmicon-16-user-group',5,1,'','shoppergroup',''),(12,3,0,'COM_VIRTUEMART_MANUFACTURER_S','','','vmicon vmicon-16-wrench_orange',1,1,'','manufacturer',''),(13,3,0,'COM_VIRTUEMART_MANUFACTURER_CATEGORY_S','','','vmicon vmicon-16-folder_wrench',2,1,'','manufacturercategories',''),(14,4,0,'COM_VIRTUEMART_STORE','','','vmicon vmicon-16-reseller_account_template',1,1,'','user','editshop'),(15,4,0,'COM_VIRTUEMART_MEDIA_S','','','vmicon vmicon-16-pictures',2,1,'','media',''),(16,4,0,'COM_VIRTUEMART_SHIPMENTMETHOD_S','','','vmicon vmicon-16-lorry',3,1,'','shipmentmethod',''),(17,4,0,'COM_VIRTUEMART_PAYMENTMETHOD_S','','','vmicon vmicon-16-creditcards',4,1,'','paymentmethod',''),(18,5,0,'COM_VIRTUEMART_CONFIGURATION','','','vmicon vmicon-16-config',1,1,'','config',''),(19,5,0,'COM_VIRTUEMART_USERFIELD_S','','','vmicon vmicon-16-participation_rate',2,1,'','userfields',''),(20,5,0,'COM_VIRTUEMART_ORDERSTATUS_S','','','vmicon vmicon-16-document_editing',3,1,'','orderstatus',''),(21,5,0,'COM_VIRTUEMART_CURRENCY_S','','','vmicon vmicon-16-coins',5,1,'','currency',''),(22,5,0,'COM_VIRTUEMART_COUNTRY_S','','','vmicon vmicon-16-globe',6,1,'','country',''),(23,11,0,'COM_VIRTUEMART_MIGRATION_UPDATE','','','vmicon vmicon-16-installer_box',1,1,'','updatesmigration',''),(24,11,0,'COM_VIRTUEMART_ABOUT','','','vmicon vmicon-16-info',3,1,'','about',''),(25,11,0,'COM_VIRTUEMART_HELP_TOPICS','http://docs.virtuemart.net/','','vmicon vmicon-16-help',4,1,'','',''),(26,11,0,'COM_VIRTUEMART_COMMUNITY_FORUM','http://forum.virtuemart.net/','','vmicon vmicon-16-reseller_programm',6,1,'','',''),(27,11,0,'COM_VIRTUEMART_STATISTIC_SUMMARY','','','vmicon vmicon-16-info',1,1,'','virtuemart',''),(28,77,0,'COM_VIRTUEMART_USER_GROUP_S','','','vmicon vmicon-16-user',2,1,'','usergroups',''),(29,11,0,'COM_VIRTUEMART_LOG','','','vmicon vmicon-16-info',2,1,'','log','');
CREATE TABLE `jos_virtuemart_calc_categories` (
  `id` mediumint(1) unsigned NOT NULL AUTO_INCREMENT,
  `virtuemart_calc_id` smallint(1) unsigned NOT NULL DEFAULT '0',
  `virtuemart_category_id` mediumint(1) unsigned NOT NULL DEFAULT '0',
  PRIMARY KEY (`id`),
  UNIQUE KEY `i_virtuemart_calc_id` (`virtuemart_calc_id`,`virtuemart_category_id`)
) ENGINE=MyISAM DEFAULT CHARSET=utf8;
CREATE TABLE `jos_virtuemart_calc_countries` (
  `id` mediumint(1) unsigned NOT NULL AUTO_INCREMENT,
  `virtuemart_calc_id` smallint(1) unsigned NOT NULL DEFAULT '0',
  `virtuemart_country_id` smallint(1) unsigned NOT NULL DEFAULT '0',
  PRIMARY KEY (`id`),
  UNIQUE KEY `i_virtuemart_calc_id` (`virtuemart_calc_id`,`virtuemart_country_id`)
) ENGINE=MyISAM DEFAULT CHARSET=utf8;
CREATE TABLE `jos_virtuemart_calc_manufacturers` (
  `id` mediumint(1) unsigned NOT NULL AUTO_INCREMENT,
  `virtuemart_calc_id` smallint(1) unsigned NOT NULL DEFAULT '0',
  `virtuemart_manufacturer_id` smallint(1) unsigned NOT NULL DEFAULT '0',
  PRIMARY KEY (`id`),
  UNIQUE KEY `i_virtuemart_calc_id` (`virtuemart_calc_id`,`virtuemart_manufacturer_id`)
) ENGINE=MyISAM DEFAULT CHARSET=utf8;
CREATE TABLE `jos_virtuemart_calc_shoppergroups` (
  `id` mediumint(1) unsigned NOT NULL AUTO_INCREMENT,
  `virtuemart_calc_id` smallint(1) unsigned NOT NULL DEFAULT '0',
  `virtuemart_shoppergroup_id` smallint(1) unsigned NOT NULL DEFAULT '0',
  PRIMARY KEY (`id`),
  UNIQUE KEY `i_virtuemart_calc_id` (`virtuemart_calc_id`,`virtuemart_shoppergroup_id`)
) ENGINE=MyISAM DEFAULT CHARSET=utf8;
CREATE TABLE `jos_virtuemart_calc_states` (
  `id` mediumint(1) unsigned NOT NULL AUTO_INCREMENT,
  `virtuemart_calc_id` smallint(1) unsigned NOT NULL DEFAULT '0',
  `virtuemart_state_id` smallint(1) unsigned NOT NULL DEFAULT '0',
  PRIMARY KEY (`id`),
  UNIQUE KEY `i_virtuemart_calc_id` (`virtuemart_calc_id`,`virtuemart_state_id`)
) ENGINE=MyISAM DEFAULT CHARSET=utf8;
CREATE TABLE `jos_virtuemart_calcs` (
  `virtuemart_calc_id` smallint(1) unsigned NOT NULL AUTO_INCREMENT,
  `virtuemart_vendor_id` smallint(1) unsigned NOT NULL DEFAULT '1' COMMENT 'Belongs to vendor',
  `calc_jplugin_id` int(11) NOT NULL DEFAULT '0',
  `calc_name` char(64) NOT NULL DEFAULT '' COMMENT 'Name of the rule',
  `calc_descr` char(128) NOT NULL DEFAULT '' COMMENT 'Description',
  `calc_kind` char(16) NOT NULL DEFAULT '' COMMENT 'Discount/Tax/Margin/Commission',
  `calc_value_mathop` char(8) NOT NULL DEFAULT '' COMMENT 'the mathematical operation like (+,-,+%,-%)',
  `calc_value` decimal(10,4) NOT NULL DEFAULT '0.0000' COMMENT 'The Amount',
  `calc_currency` smallint(1) unsigned NOT NULL DEFAULT '0' COMMENT 'Currency of the Rule',
  `calc_shopper_published` tinyint(1) NOT NULL DEFAULT '0' COMMENT 'Visible for Shoppers',
  `calc_vendor_published` tinyint(1) NOT NULL DEFAULT '0' COMMENT 'Visible for Vendors',
  `publish_up` datetime NOT NULL DEFAULT '0000-00-00 00:00:00' COMMENT 'Startdate if nothing is set = permanent',
  `publish_down` datetime NOT NULL DEFAULT '0000-00-00 00:00:00' COMMENT 'Enddate if nothing is set = permanent',
  `for_override` tinyint(1) NOT NULL DEFAULT '0',
  `calc_params` varchar(18000) DEFAULT NULL,
  `ordering` int(2) NOT NULL DEFAULT '0',
  `shared` tinyint(1) NOT NULL DEFAULT '0',
  `published` tinyint(1) NOT NULL DEFAULT '1',
  `created_on` datetime NOT NULL DEFAULT '0000-00-00 00:00:00',
  `created_by` int(11) NOT NULL DEFAULT '0',
  `modified_on` datetime NOT NULL DEFAULT '0000-00-00 00:00:00',
  `modified_by` int(11) NOT NULL DEFAULT '0',
  `locked_on` datetime NOT NULL DEFAULT '0000-00-00 00:00:00',
  `locked_by` int(11) NOT NULL DEFAULT '0',
  PRIMARY KEY (`virtuemart_calc_id`),
  KEY `i_virtuemart_vendor_id` (`virtuemart_vendor_id`),
  KEY `i_published` (`published`),
  KEY `idx_calc_kind` (`calc_kind`),
  KEY `i_shared` (`shared`)
) ENGINE=MyISAM AUTO_INCREMENT=3 DEFAULT CHARSET=utf8;
INSERT INTO `jos_virtuemart_calcs` VALUES (1,1,0,'vaT','','VatTax','+%',23.0000,114,0,0,'2014-05-15 22:04:40','0000-00-00 00:00:00',0,'',0,0,0,'2014-05-15 22:04:40',360,'2014-05-15 22:26:09',360,'0000-00-00 00:00:00',0),(2,1,0,'PRZESYŁKA','','Marge','+',20.0000,114,0,0,'2014-05-15 22:10:36','0000-00-00 00:00:00',0,'',0,0,0,'2014-05-15 22:10:36',360,'2014-08-04 15:07:31',360,'0000-00-00 00:00:00',0);
CREATE TABLE `jos_virtuemart_categories` (
  `virtuemart_category_id` mediumint(1) unsigned NOT NULL AUTO_INCREMENT,
  `virtuemart_vendor_id` smallint(1) unsigned NOT NULL DEFAULT '1',
  `category_template` char(128) DEFAULT NULL,
  `category_layout` char(64) DEFAULT NULL,
  `category_product_layout` char(64) DEFAULT NULL,
  `products_per_row` tinyint(2) DEFAULT NULL,
  `limit_list_step` char(32) DEFAULT NULL,
  `limit_list_initial` smallint(1) unsigned DEFAULT NULL,
  `hits` int(1) unsigned NOT NULL DEFAULT '0',
  `metarobot` char(40) NOT NULL DEFAULT '',
  `metaauthor` char(64) NOT NULL DEFAULT '',
  `ordering` int(2) NOT NULL DEFAULT '0',
  `shared` tinyint(1) NOT NULL DEFAULT '0',
  `published` tinyint(1) NOT NULL DEFAULT '1',
  `created_on` datetime NOT NULL DEFAULT '0000-00-00 00:00:00',
  `created_by` int(11) NOT NULL DEFAULT '0',
  `modified_on` datetime NOT NULL DEFAULT '0000-00-00 00:00:00',
  `modified_by` int(11) NOT NULL DEFAULT '0',
  `locked_on` datetime NOT NULL DEFAULT '0000-00-00 00:00:00',
  `locked_by` int(11) NOT NULL DEFAULT '0',
  PRIMARY KEY (`virtuemart_category_id`),
  KEY `idx_category_virtuemart_vendor_id` (`virtuemart_vendor_id`),
  KEY `i_published` (`published`),
  KEY `i_shared` (`shared`),
  KEY `i_ordering` (`ordering`)
) ENGINE=MyISAM AUTO_INCREMENT=85 DEFAULT CHARSET=utf8 COMMENT='Product Categories are stored here';
INSERT INTO `jos_virtuemart_categories` VALUES (2,1,'0','0','0',1,'0',0,0,'','',9,0,1,'2014-05-12 23:24:06',360,'2014-10-09 21:07:59',362,'0000-00-00 00:00:00',0),(3,1,'0','0','0',1,'1',1,0,'','',15,0,1,'2014-05-13 13:58:42',361,'2014-08-04 17:37:25',360,'0000-00-00 00:00:00',0),(4,1,'0','0','0',2,'',0,0,'','',2,0,1,'2014-05-13 13:59:23',361,'2014-10-13 23:28:33',362,'0000-00-00 00:00:00',0),(5,1,'0','0','0',0,'1',2,0,'','',1,0,0,'2014-05-13 14:13:40',360,'2014-10-18 20:10:19',362,'0000-00-00 00:00:00',0),(6,1,'0','0','0',1,'0',0,0,'','',3,0,1,'2014-05-13 14:23:44',360,'2014-10-09 21:11:22',362,'0000-00-00 00:00:00',0),(7,1,'0','0','0',0,'0',0,0,'','',6,0,1,'2014-05-13 14:24:46',360,'2014-05-13 14:24:46',360,'0000-00-00 00:00:00',0),(8,1,'0','0','0',0,'0',0,0,'','',8,0,1,'2014-05-13 14:25:16',360,'2014-05-13 14:25:16',360,'0000-00-00 00:00:00',0),(9,1,'0','0','0',1,'0',0,0,'','',10,0,1,'2014-05-13 14:26:00',360,'2014-10-09 21:10:33',362,'0000-00-00 00:00:00',0),(10,1,'0','0','0',1,'0',0,0,'','',12,0,1,'2014-05-13 14:27:16',360,'2014-10-09 21:04:37',362,'0000-00-00 00:00:00',0),(11,1,'0','0','0',1,'0',0,0,'','',11,0,1,'2014-05-13 14:27:58',360,'2014-11-26 21:24:18',362,'0000-00-00 00:00:00',0),(12,1,'0','0','0',1,'0',0,0,'','',13,0,1,'2014-05-13 14:28:38',360,'2014-10-09 21:03:49',362,'0000-00-00 00:00:00',0),(13,1,'0','0','0',1,'0',0,0,'','',14,0,1,'2014-05-13 14:29:21',360,'2014-10-09 21:03:30',362,'0000-00-00 00:00:00',0),(14,1,'0','0','0',1,'0',0,0,'','',18,0,1,'2014-05-13 14:29:58',360,'2014-10-09 20:57:05',362,'0000-00-00 00:00:00',0),(15,1,'0','0','0',1,'0',0,0,'','',19,0,1,'2014-05-13 14:31:10',360,'2014-10-09 20:55:40',362,'0000-00-00 00:00:00',0),(16,1,'0','0','0',1,'0',0,0,'','',17,0,1,'2014-05-13 14:32:00',360,'2014-10-09 20:58:59',362,'0000-00-00 00:00:00',0),(17,1,'0','0','0',1,'0',0,0,'','',20,0,1,'2014-05-13 14:32:45',360,'2014-10-09 20:55:24',362,'0000-00-00 00:00:00',0),(18,1,'0','0','0',1,'0',0,0,'','',21,0,1,'2014-05-13 14:33:33',360,'2014-10-09 20:54:56',362,'0000-00-00 00:00:00',0),(19,1,'0','0','0',0,'0',0,0,'','',1,0,1,'2014-05-13 14:40:45',360,'2014-05-14 22:35:10',361,'0000-00-00 00:00:00',0),(20,1,'0','0','0',1,'0',0,0,'','',2,0,1,'2014-05-13 14:42:01',360,'2014-10-09 21:21:04',362,'0000-00-00 00:00:00',0),(48,1,'0','0','0',1,'0',0,0,'','',2,0,1,'2014-10-09 13:18:54',362,'2014-10-09 14:00:17',362,'0000-00-00 00:00:00',0),(50,1,'0','0','0',1,'0',0,0,'','',1,0,1,'2014-10-09 13:35:56',362,'2014-10-09 13:43:30',362,'0000-00-00 00:00:00',0),(46,1,'0','0','0',0,'0',0,0,'','',2,0,1,'2014-10-09 11:26:40',362,'2014-10-09 11:28:14',362,'0000-00-00 00:00:00',0),(24,1,'0','0','0',1,'0',0,0,'','',1,0,1,'2014-05-13 14:50:51',361,'2014-10-09 21:23:41',362,'0000-00-00 00:00:00',0),(25,1,'0','0','0',1,'0',0,0,'','',3,0,1,'2014-05-13 14:52:04',361,'2014-10-10 01:35:14',362,'0000-00-00 00:00:00',0),(26,1,'0','0','0',1,'0',0,0,'','',2,0,1,'2014-05-13 14:52:47',361,'2014-10-10 01:35:57',362,'0000-00-00 00:00:00',0),(27,1,'0','0','0',2,'0',0,0,'','',2,0,1,'2014-05-13 14:54:43',361,'2014-10-13 18:44:21',362,'0000-00-00 00:00:00',0),(28,1,'0','0','0',1,'0',0,0,'','',1,0,1,'2014-05-13 14:55:24',361,'2014-10-09 21:05:43',362,'0000-00-00 00:00:00',0),(29,1,'0','0','0',1,'0',0,0,'','',3,0,1,'2014-05-13 14:56:12',361,'2014-10-09 21:04:56',362,'0000-00-00 00:00:00',0),(30,1,'0','0','0',1,'0',0,0,'','',1,0,1,'2014-05-13 14:58:09',361,'2014-10-09 21:01:06',362,'0000-00-00 00:00:00',0),(31,1,'0','0','0',1,'0',0,0,'','',2,0,1,'2014-05-13 14:58:53',361,'2014-10-09 21:01:34',362,'0000-00-00 00:00:00',0),(32,1,'0','0','0',0,'0',0,0,'','',2,0,1,'2014-05-13 15:00:07',361,'2014-05-16 18:06:59',361,'0000-00-00 00:00:00',0),(33,1,'0','0','0',1,'0',0,0,'','',2,0,1,'2014-05-13 16:37:32',361,'2014-10-09 20:53:46',362,'0000-00-00 00:00:00',0),(34,1,'0','0','0',1,'0',0,0,'','',1,0,1,'2014-05-13 16:38:21',361,'2014-10-09 21:18:30',362,'0000-00-00 00:00:00',0),(35,1,'0','0','0',1,'0',0,0,'','',3,0,1,'2014-05-13 20:25:41',361,'2014-10-09 21:20:13',362,'0000-00-00 00:00:00',0),(36,1,'0','0','0',1,'0',0,0,'','',7,0,1,'2014-05-13 20:31:14',361,'2014-10-09 21:21:50',362,'0000-00-00 00:00:00',0),(37,1,'0','0','0',1,'0',0,0,'','',1,0,1,'2014-05-14 23:16:30',361,'2014-10-09 20:58:00',362,'0000-00-00 00:00:00',0),(55,1,'0','0','0',1,'0',0,0,'','',16,0,1,'2014-10-13 18:53:39',362,'2014-10-13 18:53:39',362,'0000-00-00 00:00:00',0),(40,1,'0','0','0',1,'0',0,0,'','',4,0,1,'2014-10-06 20:01:34',362,'2014-10-09 20:52:22',362,'0000-00-00 00:00:00',0),(42,1,'0','0','0',1,'0',0,0,'','',1,0,1,'2014-10-08 22:14:15',362,'2014-10-27 20:57:12',362,'0000-00-00 00:00:00',0),(43,1,'0','0','0',1,'0',0,0,'','',2,0,1,'2014-10-08 22:18:41',362,'2014-10-09 20:55:58',362,'0000-00-00 00:00:00',0),(44,1,'0','0','0',0,'0',0,0,'','',1,0,1,'2014-10-09 09:38:37',362,'2014-10-09 09:46:32',362,'0000-00-00 00:00:00',0),(45,1,'0','0','0',1,'0',0,0,'','',2,0,1,'2014-10-09 09:41:20',362,'2014-10-09 22:16:55',362,'0000-00-00 00:00:00',0),(49,1,'0','0','0',1,'0',0,0,'','',3,0,1,'2014-10-09 13:20:26',362,'2014-10-09 19:35:33',362,'0000-00-00 00:00:00',0),(58,1,'0','0','0',1,'0',0,0,'','',3,0,1,'2014-10-13 23:45:24',362,'2014-12-04 23:25:08',362,'0000-00-00 00:00:00',0),(57,1,'0','0','0',1,'0',0,0,'','',2,0,1,'2014-10-13 23:44:42',362,'2014-12-04 23:25:31',362,'0000-00-00 00:00:00',0),(56,1,'0','0','0',1,'0',0,0,'','',1,0,1,'2014-10-13 23:43:50',362,'2014-12-04 23:25:50',362,'0000-00-00 00:00:00',0),(54,1,'0','0','0',1,'0',0,0,'','',2,0,1,'2014-10-09 22:23:37',362,'2014-10-10 01:31:10',362,'0000-00-00 00:00:00',0),(61,1,'0','0','0',0,'0',0,0,'','',1,0,1,'2014-10-19 09:07:33',362,'2014-10-19 09:07:33',362,'0000-00-00 00:00:00',0),(64,1,'0','0','0',1,'0',0,0,'','',1,0,1,'2014-10-19 09:16:36',362,'2014-11-25 22:43:46',362,'0000-00-00 00:00:00',0),(62,1,'0','0','0',2,'0',0,0,'','',2,0,1,'2014-10-19 09:13:36',362,'2014-11-16 23:12:09',362,'0000-00-00 00:00:00',0),(65,1,'0','0','0',2,'0',0,0,'','',3,0,1,'2014-10-19 09:17:11',362,'2014-11-16 23:15:01',362,'0000-00-00 00:00:00',0),(66,1,'0','0','0',1,'0',0,0,'','',1,0,1,'2014-11-05 22:41:38',362,'2014-11-05 23:10:13',362,'0000-00-00 00:00:00',0),(67,1,'0','0','0',1,'0',0,0,'','',3,0,1,'2014-11-05 23:13:00',362,'2014-11-05 23:21:59',362,'0000-00-00 00:00:00',0),(68,1,'0','0','default',1,'0',0,0,'','',5,0,1,'2014-12-01 00:00:19',362,'2014-12-01 00:05:38',362,'0000-00-00 00:00:00',0),(75,1,'0','0','0',1,'0',0,0,'','',1,0,1,'2014-12-02 21:40:55',362,'2014-12-15 19:39:00',362,'0000-00-00 00:00:00',0),(79,1,'0','0','0',1,'0',0,0,'','',2,0,1,'2014-12-02 21:43:28',362,'2014-12-15 19:41:14',362,'0000-00-00 00:00:00',0),(76,1,'0','0','0',1,'0',0,0,'','',2,0,1,'2014-12-02 21:41:39',362,'2014-12-16 12:51:13',362,'0000-00-00 00:00:00',0),(78,1,'0','0','0',1,'0',0,0,'','',3,0,1,'2014-12-02 21:42:54',362,'2014-12-16 12:48:54',362,'0000-00-00 00:00:00',0),(77,1,'0','0','0',1,'0',0,0,'','',1,0,1,'2014-12-02 21:42:15',362,'2014-12-16 12:49:42',362,'0000-00-00 00:00:00',0),(80,1,'0','0','0',1,'0',0,0,'','',1,0,1,'2014-12-02 21:44:23',362,'2014-12-12 20:10:43',362,'0000-00-00 00:00:00',0),(81,1,'0','0','0',1,'0',0,0,'','',2,0,1,'2014-12-02 21:44:57',362,'2014-12-12 20:13:54',362,'0000-00-00 00:00:00',0),(82,1,'0','0','0',1,'0',0,0,'','',3,0,1,'2014-12-02 21:45:37',362,'2014-12-12 20:11:51',362,'0000-00-00 00:00:00',0),(83,1,'0','0','0',1,'0',0,0,'','',4,0,1,'2014-12-18 07:52:54',362,'2014-12-18 08:07:40',362,'0000-00-00 00:00:00',0),(84,1,'0','0','0',1,'0',0,0,'','',3,0,1,'2014-12-19 11:03:14',362,'2014-12-19 11:07:49',362,'0000-00-00 00:00:00',0);
CREATE TABLE `jos_virtuemart_categories_en_gb` (
  `virtuemart_category_id` int(1) unsigned NOT NULL,
  `category_name` char(180) NOT NULL DEFAULT '',
  `category_description` varchar(19000) NOT NULL DEFAULT '',
  `metadesc` varchar(400) NOT NULL DEFAULT '',
  `metakey` varchar(400) NOT NULL DEFAULT '',
  `customtitle` char(255) NOT NULL DEFAULT '',
  `slug` char(192) NOT NULL DEFAULT '',
  PRIMARY KEY (`virtuemart_category_id`),
  UNIQUE KEY `slug` (`slug`)
) ENGINE=MyISAM DEFAULT CHARSET=utf8;
CREATE TABLE `jos_virtuemart_categories_pl_pl` (
  `virtuemart_category_id` int(1) unsigned NOT NULL,
  `category_name` char(180) NOT NULL DEFAULT '',
  `category_description` varchar(19000) NOT NULL DEFAULT '',
  `metadesc` varchar(400) NOT NULL DEFAULT '',
  `metakey` varchar(400) NOT NULL DEFAULT '',
  `customtitle` char(255) NOT NULL DEFAULT '',
  `slug` char(192) NOT NULL DEFAULT '',
  PRIMARY KEY (`virtuemart_category_id`),
  UNIQUE KEY `slug` (`slug`)
) ENGINE=MyISAM DEFAULT CHARSET=utf8;
INSERT INTO `jos_virtuemart_categories_pl_pl` VALUES (3,'Płetwy','','','','','płetwy'),(2,'Kamizelki - Jackety','','','','','kamizelki-jackety'),(4,'Automaty oddechowe','','','','','automaty-oddechowe'),(5,'Akcesoria','','','','','akcesoria'),(6,'Boje, kołowrotki i szpulki','','','','','boje-i-kołowrotki'),(7,'Butle nurkowe i zawory','','','','','butle-nurkowe-i-zawory'),(8,'Instrumenty pomiarowe','','','','','instrumenty-pomiarowe'),(9,'Komputery nurkowe','','','','','komputery-nurkowe'),(10,'Maski i fajki','','','','','maski-i-fajki'),(11,'Latarki nurkowe','','','','','latarki-nurkowe'),(12,'Noże','','','','','noże'),(13,'Ocieplacze','','','','','ocieplacze-do-suchyych'),(14,'Skafandry mokre (pianki)','','','','','skafandry-mokre-pianki'),(15,'Skafandry suche','','','','','skafandry-suche'),(16,'Sidemount','','','','','sidemount'),(17,'Skrzydła, płyty, uprzęże','','','','','skrzydła,-płyty,-uprzęże'),(18,'Węże','','','','','węże'),(19,'Akcesoria nierdzewne','','','','','akcesoria-nierdzewne'),(20,'Chemia nurkowa','','','','','chemia-nurkowa'),(50,'APEKS I stopnie','','','','','apeks-i-stopnie'),(46,'I stopnie','','','','','i-stopnie'),(24,'Kompasy','','','','','kompasy'),(25,'Manometry','','','','','manometry'),(26,'Konsole','','','','','konsole'),(27,'Maski','','','','','maski'),(28,'Fajki','','','','','fajki'),(29,'Zestawy','','','','','zestawy-1'),(30,'Płetwy kaloszowe','','','','','płetwy-kaloszowe'),(31,'Płetwy paskowe','','','','','płetwy-paskowe'),(32,'Uprzęże X DEEP','','','','','uprzęże-x-deep'),(33,'Butle stalowe','','','','','butle-stalowe'),(34,'Butle aluminiowe','','','','','butle-aluminiowe'),(35,'Pozostałe akcesoria','','','','','pozostałe-akcesoria'),(36,'Buty','','','','','buty'),(37,'kaptury','','','','','kaptury'),(55,'Rękawice','','','','','rękawice'),(40,'Bon upominkowy','<p>Bony upominkowe można wykorzystać do zakupów w sklepie internetowym DIVE WAY lub jako voucher na kursy lub pojedyncze nurkowania w Szkole Nurkowej DIVE WAY.</p>','','','','bon-upominkowy'),(42,'Skafandry BARE','','','','','skafandry-bare'),(43,'Skafandry SUB GEAR','','','','','skafandry-sub-gear'),(44,'APEKS','','','','','apeks'),(45,'SCUBATECH','','','','','scubatech'),(48,'APEKS II stopnie','','','','','apeks-ii-stopnie'),(49,'APEKS ZESTAWY','','','','','apeks-zestawy'),(58,'ZESTAWY','','','','','zestawy'),(57,'II stopnie','','','','','ii-stopnie'),(56,'I stopnie','','','','','i-stopnie-1'),(54,'SCUBATECH','','','','','scubatech-1'),(64,'Akcesoria  nierdzewne','','','','','akcesoria-nierdzewne-1'),(61,'Akcesoria','','','','','akcesoria-1'),(62,'Chemia nurkowa','','','','','chemia-nurkowa-1'),(65,'Pozostałe akcesoria','','','','','pozostałe-akcesoria-1'),(66,'Automaty do Sidemount','','','','','automaty-do-sidemount'),(67,'Butle aluminiowe do Sidemount','','','','','butle-aluminiowe-do-sidemount'),(68,'PROMOCJA !!!','','','','','promocja'),(75,'Proflex','','','','','proflex'),(76,'HP','','','','','hp'),(77,'LP','','','','','lp'),(78,'Do inflatora','','','','','do-inflatora'),(79,'Miflex','','','','','miflex'),(80,'LP','','','','','lp-1'),(81,'HP','','','','','hp-1'),(82,'Do inflatora','','','','','do-inflatora-1'),(83,'Akcesoria','','','','','akcesoria-2'),(84,'Zawory','','','','','zawory');
CREATE TABLE `jos_virtuemart_category_categories` (
  `id` int(11) unsigned NOT NULL AUTO_INCREMENT,
  `category_parent_id` int(1) unsigned NOT NULL DEFAULT '0',
  `category_child_id` int(1) unsigned NOT NULL DEFAULT '0',
  `ordering` int(2) NOT NULL DEFAULT '0',
  PRIMARY KEY (`id`),
  UNIQUE KEY `i_category_parent_id` (`category_parent_id`,`category_child_id`),
  KEY `ordering` (`ordering`),
  KEY `category_child_id` (`category_child_id`)
) ENGINE=MyISAM AUTO_INCREMENT=85 DEFAULT CHARSET=utf8 COMMENT='Category child-parent relation list';
INSERT INTO `jos_virtuemart_category_categories` VALUES (2,0,2,8),(3,0,3,13),(4,0,4,2),(5,19,5,1),(6,0,6,3),(7,0,7,3),(8,0,8,4),(9,0,9,9),(10,0,10,11),(11,0,11,10),(12,0,12,12),(13,0,13,13),(14,0,14,16),(15,0,15,17),(16,0,16,15),(17,0,17,18),(18,0,18,19),(19,5,19,2),(20,5,20,2),(48,44,48,2),(50,44,50,2),(46,45,46,2),(24,8,24,1),(25,8,25,3),(26,8,26,2),(27,10,27,1),(28,10,28,2),(29,10,29,3),(30,3,30,1),(31,3,31,2),(32,16,32,1),(33,7,33,2),(34,7,34,1),(35,5,35,3),(36,0,36,6),(37,14,37,1),(55,0,55,4),(40,0,40,4),(42,15,42,1),(43,15,43,2),(44,4,44,2),(45,46,45,2),(49,44,49,2),(58,54,58,3),(57,54,57,2),(56,54,56,1),(54,4,54,2),(61,0,61,4),(64,61,64,1),(62,61,62,2),(65,61,65,3),(66,16,66,2),(67,16,67,3),(68,0,68,4),(76,75,76,2),(79,18,79,2),(75,18,75,1),(78,75,78,3),(77,75,77,1),(80,79,80,1),(81,79,81,2),(82,79,82,3),(83,16,83,4),(84,7,84,4);
CREATE TABLE `jos_virtuemart_category_medias` (
  `id` int(11) unsigned NOT NULL AUTO_INCREMENT,
  `virtuemart_category_id` mediumint(1) unsigned NOT NULL DEFAULT '0',
  `virtuemart_media_id` int(1) unsigned NOT NULL DEFAULT '0',
  `ordering` int(2) NOT NULL DEFAULT '0',
  PRIMARY KEY (`id`),
  UNIQUE KEY `i_virtuemart_category_id` (`virtuemart_category_id`,`virtuemart_media_id`),
  KEY `ordering` (`ordering`)
) ENGINE=MyISAM AUTO_INCREMENT=62 DEFAULT CHARSET=utf8;
INSERT INTO `jos_virtuemart_category_medias` VALUES (1,35,59,1),(2,19,60,1),(3,20,61,1),(4,30,78,1),(5,31,79,1),(29,50,225,1),(27,48,223,1),(26,49,222,1),(9,27,107,1),(10,28,108,1),(11,29,109,1),(12,32,127,1),(13,25,160,1),(14,24,161,1),(15,26,162,1),(16,37,172,1),(31,42,289,2),(18,34,200,1),(19,33,201,1),(20,15,207,1),(21,15,208,2),(22,42,211,1),(23,43,212,1),(24,45,213,1),(25,44,214,1),(30,54,256,1),(32,42,290,3),(33,42,291,4),(34,66,302,1),(35,67,303,1),(59,76,539,1),(37,64,312,1),(38,62,313,1),(39,65,314,1),(45,58,461,1),(46,57,462,1),(58,77,538,1),(47,56,463,1),(57,78,537,1),(52,80,498,1),(53,81,499,1),(54,82,500,1),(55,75,503,1),(56,79,504,1),(60,83,555,1),(61,84,567,1);
CREATE TABLE `jos_virtuemart_configs` (
  `virtuemart_config_id` tinyint(1) unsigned NOT NULL AUTO_INCREMENT,
  `config` text,
  `created_on` datetime NOT NULL DEFAULT '0000-00-00 00:00:00',
  `created_by` int(11) NOT NULL DEFAULT '0',
  `modified_on` datetime NOT NULL DEFAULT '0000-00-00 00:00:00',
  `modified_by` int(11) NOT NULL DEFAULT '0',
  `locked_on` datetime NOT NULL DEFAULT '0000-00-00 00:00:00',
  `locked_by` int(11) NOT NULL DEFAULT '0',
  PRIMARY KEY (`virtuemart_config_id`)
) ENGINE=MyISAM AUTO_INCREMENT=2 DEFAULT CHARSET=utf8 COMMENT='Holds configuration settings';
INSERT INTO `jos_virtuemart_configs` VALUES (1,'shop_is_offline=s:1:\"0\";|offline_message=czo3MzoiVHJ3YWrEhSBwcmFjZSBtb2Rlcm5pemFjeWpuZS4gUHJvc3rEmSBzcHLDs2Jvd2HEhyBww7PFum5pZWouIFByemVwcmFzemFteSI7|use_as_catalog=s:1:\"0\";|currency_converter_module=s:14:\"convertECB.php\";|order_mail_html=s:1:\"1\";|useSSL=s:1:\"0\";|dangeroustools=s:1:\"0\";|debug_enable=s:4:\"none\";|google_jquery=s:1:\"1\";|multix=s:4:\"none\";|usefancy=s:1:\"1\";|jchosen=s:1:\"1\";|enableEnglish=s:1:\"1\";|pdf_button_enable=s:1:\"1\";|show_emailfriend=s:1:\"1\";|show_printicon=s:1:\"1\";|show_out_of_stock_products=s:1:\"1\";|coupons_enable=s:1:\"1\";|show_uncat_child_products=s:1:\"0\";|coupons_default_expire=s:3:\"1,D\";|weight_unit_default=s:2:\"KG\";|lwh_unit_default=s:1:\"M\";|showReviewFor=s:3:\"all\";|reviewMode=s:6:\"bought\";|showRatingFor=s:3:\"all\";|ratingMode=s:6:\"bought\";|reviews_autopublish=s:1:\"1\";|reviews_minimum_comment_length=s:1:\"0\";|reviews_maximum_comment_length=s:4:\"2000\";|vmtemplate=s:7:\"default\";|categorytemplate=s:7:\"default\";|showCategory=s:1:\"1\";|categorylayout=s:7:\"default\";|categories_per_row=s:1:\"4\";|productlayout=s:3:\"pdf\";|products_per_row=s:1:\"3\";|vmlayout=s:7:\"default\";|show_store_desc=s:1:\"1\";|show_categories=s:1:\"1\";|homepage_categories_per_row=s:1:\"5\";|homepage_products_per_row=s:1:\"4\";|show_featured=s:1:\"1\";|featured_products_rows=s:1:\"1\";|show_topTen=s:1:\"1\";|topTen_products_rows=s:1:\"1\";|show_recent=s:1:\"1\";|recent_products_rows=s:1:\"1\";|show_latest=s:1:\"1\";|latest_products_rows=s:1:\"1\";|assets_general_path=s:33:\"components/com_virtuemart/assets/\";|media_category_path=s:35:\"images/stories/virtuemart/category/\";|media_product_path=s:34:\"images/stories/virtuemart/product/\";|media_manufacturer_path=s:39:\"images/stories/virtuemart/manufacturer/\";|media_vendor_path=s:33:\"images/stories/virtuemart/vendor/\";|forSale_path_thumb=s:42:\"images/stories/virtuemart/forSale/resized/\";|img_resize_enable=s:1:\"1\";|img_width=s:2:\"90\";|img_height=s:2:\"90\";|no_image_set=s:11:\"noimage.gif\";|no_image_found=s:11:\"warning.png\";|browse_orderby_field=s:13:\"category_name\";|browse_cat_orderby_field=s:13:\"category_name\";|browse_orderby_fields=a:5:{i:0;s:12:\"product_name\";i:1;s:13:\"category_name\";i:2;s:7:\"mf_name\";i:3;s:13:\"product_price\";i:4;s:11:\"pc.ordering\";}|browse_search_fields=a:6:{i:0;s:12:\"product_name\";i:1;s:14:\"product_s_desc\";i:2;s:12:\"product_desc\";i:3;s:13:\"category_name\";i:4;s:20:\"category_description\";i:5;s:7:\"mf_name\";}|askprice=s:1:\"1\";|roundindig=s:1:\"1\";|show_prices=s:1:\"1\";|price_show_packaging_pricelabel=s:1:\"0\";|show_tax=s:1:\"1\";|basePrice=s:1:\"1\";|basePriceText=s:1:\"1\";|basePriceRounding=s:2:\"-1\";|variantModification=s:1:\"1\";|variantModificationText=s:1:\"1\";|variantModificationRounding=s:2:\"-1\";|basePriceVariant=s:1:\"1\";|basePriceVariantText=s:1:\"1\";|basePriceVariantRounding=s:2:\"-1\";|basePriceWithTax=s:1:\"1\";|basePriceWithTaxText=s:1:\"1\";|basePriceWithTaxRounding=s:2:\"-1\";|discountedPriceWithoutTax=s:1:\"1\";|discountedPriceWithoutTaxText=s:1:\"1\";|discountedPriceWithoutTaxRounding=s:2:\"-1\";|salesPriceWithDiscount=s:1:\"1\";|salesPriceWithDiscountText=s:1:\"1\";|salesPriceWithDiscountRounding=s:2:\"-1\";|salesPrice=s:1:\"1\";|salesPriceText=s:1:\"1\";|salesPriceRounding=s:2:\"-1\";|priceWithoutTax=s:1:\"0\";|priceWithoutTaxText=s:1:\"1\";|priceWithoutTaxRounding=s:2:\"-1\";|discountAmount=s:1:\"1\";|discountAmountText=s:1:\"1\";|discountAmountRounding=s:2:\"-1\";|taxAmount=s:1:\"1\";|taxAmountText=s:1:\"1\";|taxAmountRounding=s:2:\"-1\";|unitPrice=s:1:\"1\";|unitPriceText=s:1:\"1\";|unitPriceRounding=s:2:\"-1\";|addtocart_popup=s:1:\"0\";|check_stock=s:1:\"0\";|automatic_payment=s:1:\"1\";|automatic_shipment=s:1:\"1\";|agree_to_tos_onorder=s:1:\"1\";|oncheckout_show_legal_info=s:1:\"1\";|oncheckout_show_register=s:1:\"0\";|oncheckout_show_steps=s:1:\"0\";|oncheckout_show_register_text=s:47:\"COM_VIRTUEMART_ONCHECKOUT_DEFAULT_TEXT_REGISTER\";|inv_os=a:1:{i:0;s:1:\"P\";}|email_os_s=a:6:{i:0;s:1:\"P\";i:1;s:1:\"U\";i:2;s:1:\"C\";i:3;s:1:\"X\";i:4;s:1:\"R\";i:5;s:1:\"S\";}|email_os_v=a:5:{i:0;s:1:\"P\";i:1;s:1:\"U\";i:2;s:1:\"X\";i:3;s:1:\"R\";i:4;s:1:\"S\";}|seo_disabled=s:1:\"0\";|seo_translate=s:1:\"0\";|seo_use_id=s:1:\"0\";|sctime=d:1433263532.79076099395751953125;|vmlang=s:5:\"pl_pl\";|enable_content_plugin=s:1:\"0\";|reg_captcha=s:1:\"0\";|active_languages=a:1:{i:0;s:5:\"pl-PL\";}|useVendorEmail=s:1:\"1\";|pdf_icon=s:1:\"0\";|recommend_unauth=s:1:\"0\";|ask_captcha=s:1:\"0\";|ask_question=s:1:\"0\";|asks_minimum_comment_length=s:2:\"50\";|asks_maximum_comment_length=s:4:\"2000\";|product_navigation=s:1:\"0\";|display_stock=s:1:\"0\";|handle_404=s:1:\"0\";|cp_rm=a:1:{i:0;s:1:\"C\";}|latest_products_days=s:1:\"7\";|latest_products_orderBy=s:10:\"created_on\";|lstockmail=s:1:\"0\";|stockhandle=s:4:\"none\";|rised_availability=s:0:\"\";|image=s:0:\"\";|rr_os=a:1:{i:0;s:1:\"C\";}|show_manufacturers=s:1:\"1\";|manufacturer_per_row=s:2:\"20\";|mediaLimit=s:2:\"20\";|llimit_init_BE=s:2:\"20\";|pagseq=s:0:\"\";|llimit_init_FE=s:2:\"20\";|pagseq_1=s:0:\"\";|pagseq_2=s:0:\"\";|pagseq_3=s:0:\"\";|pagseq_4=s:0:\"\";|pagseq_5=s:0:\"\";|feed_cat_published=s:1:\"0\";|feed_cat_show_images=s:1:\"1\";|feed_cat_show_prices=s:1:\"1\";|feed_cat_show_description=s:1:\"1\";|feed_cat_description_type=s:14:\"product_s_desc\";|feed_cat_max_text_length=s:3:\"500\";|forSale_path=s:82:\"/home/diveways/public_html/szkola/administrator/components/com_virtuemart/vmfiles/\";|add_img_main=s:1:\"1\";|feed_latest_published=s:1:\"1\";|feed_latest_nb=s:1:\"5\";|feed_topten_published=s:1:\"0\";|feed_topten_nb=s:1:\"5\";|feed_featured_published=s:1:\"1\";|feed_featured_nb=s:1:\"5\";|feed_home_show_images=s:1:\"1\";|feed_home_show_prices=s:1:\"1\";|feed_home_show_description=s:1:\"0\";|feed_home_description_type=s:14:\"product_s_desc\";|feed_home_max_text_length=s:3:\"500\";|css=s:1:\"1\";|jquery=s:1:\"1\";|jprice=s:1:\"1\";|jsite=s:1:\"1\";|rappenrundung=s:1:\"0\";|cVarswT=s:1:\"1\";|popup_rel=s:1:\"1\";|oncheckout_opc=s:1:\"1\";|oncheckout_only_registered=s:1:\"0\";|oncheckout_change_shopper=s:1:\"0\";|oncheckout_show_images=s:1:\"0\";|del_date_type=s:3:\"osU\";|vmlang_js=s:1:\"0\";|prd_brws_orderby_dir=s:3:\"ASC\";|cat_brws_orderby_dir=s:3:\"ASC\";|seo_sufix=s:7:\"-detail\";|task=s:5:\"apply\";|option=s:14:\"com_virtuemart\";|view=s:6:\"config\";|a0562321092005e6fe9cec110f6a3e80=s:1:\"1\";|30b35b9d5483604b1e3a8f1923e16fbf=s:1:\"1\";|606c5fe4e3dd726a13aa3e7eb32b3e39=s:1:\"1\";|1f414a7776238f79bbd2c659caad38d3=s:1:\"1\";|ee288074dca383dfc699ec571bc980ec=s:1:\"1\";|24b71d6922822b0358b551b95c5e3269=s:1:\"1\";|8c5ccacc79f78c32e839add50cb9659a=s:1:\"1\";|503302a05f8f552ebbef0146fdc9909d=s:1:\"1\";|76b61c3e9ee6b9e6befa8993b7457a58=s:1:\"1\";|f8dae756c1f2dc238852b8693ad73cde=s:1:\"1\";|e2bc2fcd8cd787ea59b3579d22551edd=s:1:\"1\";|79d6c6b656222d0789a6059793b5286d=s:1:\"1\";|d0dd1d40656f4754c65487a8dc0c2fc3=s:1:\"1\";|ed0bab2991236e9c412d175f5363ee63=s:1:\"1\";|b73c9b759544c45cc5b6e35f7c662a00=s:1:\"1\";|3a17e0963ab87c73cbbd3007ee1ed8e6=s:1:\"1\";|7a9786a17a08a215d4b41d4721a2ac70=s:1:\"1\";|17506f36fe26ba764a76aad4b568165c=s:1:\"1\";|b98233d71e822984ef8489f73796c266=s:1:\"1\";|2f7a594522893960e8d1e1ca6e95bb85=s:1:\"1\";|b45bb74e9a5adc5ec4c31f8e8c9aa5e6=s:1:\"1\";|34768b6f0c6281ea1a69afd28101ee63=s:1:\"1\";|f8dda67e3fa95401b00cddb56c32bcf9=s:1:\"1\";|ebc44b1b16f02c416edc7aae7fb20a03=s:1:\"1\";|75daf6f2da3f05bdaa5a4207b1039146=s:1:\"1\";|6a6ab925f814180f9d5300504717e7e0=s:1:\"1\";|virtuemart_config_id=i:1;|639c385ab4b8100c12ab69e571dc17b0=s:1:\"1\";','0000-00-00 00:00:00',0,'2015-06-02 16:45:32',360,'0000-00-00 00:00:00',0);
CREATE TABLE `jos_virtuemart_countries` (
  `virtuemart_country_id` smallint(1) unsigned NOT NULL AUTO_INCREMENT,
  `virtuemart_worldzone_id` tinyint(11) NOT NULL DEFAULT '1',
  `country_name` char(64) DEFAULT NULL,
  `country_3_code` char(3) DEFAULT NULL,
  `country_2_code` char(2) DEFAULT NULL,
  `ordering` int(2) NOT NULL DEFAULT '0',
  `published` tinyint(1) NOT NULL DEFAULT '1',
  `created_on` datetime NOT NULL DEFAULT '0000-00-00 00:00:00',
  `created_by` int(11) NOT NULL DEFAULT '0',
  `modified_on` datetime NOT NULL DEFAULT '0000-00-00 00:00:00',
  `modified_by` int(11) NOT NULL DEFAULT '0',
  `locked_on` datetime NOT NULL DEFAULT '0000-00-00 00:00:00',
  `locked_by` int(11) NOT NULL DEFAULT '0',
  PRIMARY KEY (`virtuemart_country_id`),
  KEY `idx_country_3_code` (`country_3_code`),
  KEY `idx_country_2_code` (`country_2_code`),
  KEY `ordering` (`ordering`),
  KEY `published` (`published`)
) ENGINE=MyISAM AUTO_INCREMENT=249 DEFAULT CHARSET=utf8 COMMENT='Country records';
INSERT INTO `jos_virtuemart_countries` VALUES (1,1,'Afghanistan','AFG','AF',0,0,'0000-00-00 00:00:00',0,'0000-00-00 00:00:00',0,'0000-00-00 00:00:00',0),(2,1,'Albania','ALB','AL',0,0,'0000-00-00 00:00:00',0,'0000-00-00 00:00:00',0,'0000-00-00 00:00:00',0),(3,1,'Algeria','DZA','DZ',0,0,'0000-00-00 00:00:00',0,'0000-00-00 00:00:00',0,'0000-00-00 00:00:00',0),(4,1,'American Samoa','ASM','AS',0,0,'0000-00-00 00:00:00',0,'0000-00-00 00:00:00',0,'0000-00-00 00:00:00',0),(5,1,'Andorra','AND','AD',0,0,'0000-00-00 00:00:00',0,'0000-00-00 00:00:00',0,'0000-00-00 00:00:00',0),(6,1,'Angola','AGO','AO',0,0,'0000-00-00 00:00:00',0,'0000-00-00 00:00:00',0,'0000-00-00 00:00:00',0),(7,1,'Anguilla','AIA','AI',0,0,'0000-00-00 00:00:00',0,'0000-00-00 00:00:00',0,'0000-00-00 00:00:00',0),(8,1,'Antarctica','ATA','AQ',0,0,'0000-00-00 00:00:00',0,'0000-00-00 00:00:00',0,'0000-00-00 00:00:00',0),(9,1,'Antigua and Barbuda','ATG','AG',0,0,'0000-00-00 00:00:00',0,'0000-00-00 00:00:00',0,'0000-00-00 00:00:00',0),(10,1,'Argentina','ARG','AR',0,0,'0000-00-00 00:00:00',0,'0000-00-00 00:00:00',0,'0000-00-00 00:00:00',0),(11,1,'Armenia','ARM','AM',0,0,'0000-00-00 00:00:00',0,'0000-00-00 00:00:00',0,'0000-00-00 00:00:00',0),(12,1,'Aruba','ABW','AW',0,0,'0000-00-00 00:00:00',0,'0000-00-00 00:00:00',0,'0000-00-00 00:00:00',0),(13,1,'Australia','AUS','AU',0,0,'0000-00-00 00:00:00',0,'0000-00-00 00:00:00',0,'0000-00-00 00:00:00',0),(14,1,'Austria','AUT','AT',0,0,'0000-00-00 00:00:00',0,'0000-00-00 00:00:00',0,'0000-00-00 00:00:00',0),(15,1,'Azerbaijan','AZE','AZ',0,0,'0000-00-00 00:00:00',0,'0000-00-00 00:00:00',0,'0000-00-00 00:00:00',0),(16,1,'Bahamas','BHS','BS',0,0,'0000-00-00 00:00:00',0,'0000-00-00 00:00:00',0,'0000-00-00 00:00:00',0),(17,1,'Bahrain','BHR','BH',0,0,'0000-00-00 00:00:00',0,'0000-00-00 00:00:00',0,'0000-00-00 00:00:00',0),(18,1,'Bangladesh','BGD','BD',0,0,'0000-00-00 00:00:00',0,'0000-00-00 00:00:00',0,'0000-00-00 00:00:00',0),(19,1,'Barbados','BRB','BB',0,0,'0000-00-00 00:00:00',0,'0000-00-00 00:00:00',0,'0000-00-00 00:00:00',0),(20,1,'Belarus','BLR','BY',0,0,'0000-00-00 00:00:00',0,'0000-00-00 00:00:00',0,'0000-00-00 00:00:00',0),(21,1,'Belgium','BEL','BE',0,0,'0000-00-00 00:00:00',0,'0000-00-00 00:00:00',0,'0000-00-00 00:00:00',0),(22,1,'Belize','BLZ','BZ',0,0,'0000-00-00 00:00:00',0,'0000-00-00 00:00:00',0,'0000-00-00 00:00:00',0),(23,1,'Benin','BEN','BJ',0,0,'0000-00-00 00:00:00',0,'0000-00-00 00:00:00',0,'0000-00-00 00:00:00',0),(24,1,'Bermuda','BMU','BM',0,0,'0000-00-00 00:00:00',0,'0000-00-00 00:00:00',0,'0000-00-00 00:00:00',0),(25,1,'Bhutan','BTN','BT',0,0,'0000-00-00 00:00:00',0,'0000-00-00 00:00:00',0,'0000-00-00 00:00:00',0),(26,1,'Bolivia','BOL','BO',0,0,'0000-00-00 00:00:00',0,'0000-00-00 00:00:00',0,'0000-00-00 00:00:00',0),(27,1,'Bosnia and Herzegowina','BIH','BA',0,0,'0000-00-00 00:00:00',0,'0000-00-00 00:00:00',0,'0000-00-00 00:00:00',0),(28,1,'Botswana','BWA','BW',0,0,'0000-00-00 00:00:00',0,'0000-00-00 00:00:00',0,'0000-00-00 00:00:00',0),(29,1,'Bouvet Island','BVT','BV',0,0,'0000-00-00 00:00:00',0,'0000-00-00 00:00:00',0,'0000-00-00 00:00:00',0),(30,1,'Brazil','BRA','BR',0,0,'0000-00-00 00:00:00',0,'0000-00-00 00:00:00',0,'0000-00-00 00:00:00',0),(31,1,'British Indian Ocean Territory','IOT','IO',0,0,'0000-00-00 00:00:00',0,'0000-00-00 00:00:00',0,'0000-00-00 00:00:00',0),(32,1,'Brunei Darussalam','BRN','BN',0,0,'0000-00-00 00:00:00',0,'0000-00-00 00:00:00',0,'0000-00-00 00:00:00',0),(33,1,'Bulgaria','BGR','BG',0,0,'0000-00-00 00:00:00',0,'0000-00-00 00:00:00',0,'0000-00-00 00:00:00',0),(34,1,'Burkina Faso','BFA','BF',0,0,'0000-00-00 00:00:00',0,'0000-00-00 00:00:00',0,'0000-00-00 00:00:00',0),(35,1,'Burundi','BDI','BI',0,0,'0000-00-00 00:00:00',0,'0000-00-00 00:00:00',0,'0000-00-00 00:00:00',0),(36,1,'Cambodia','KHM','KH',0,0,'0000-00-00 00:00:00',0,'0000-00-00 00:00:00',0,'0000-00-00 00:00:00',0),(37,1,'Cameroon','CMR','CM',0,0,'0000-00-00 00:00:00',0,'0000-00-00 00:00:00',0,'0000-00-00 00:00:00',0),(38,1,'Canada','CAN','CA',0,0,'0000-00-00 00:00:00',0,'0000-00-00 00:00:00',0,'0000-00-00 00:00:00',0),(39,1,'Cape Verde','CPV','CV',0,0,'0000-00-00 00:00:00',0,'0000-00-00 00:00:00',0,'0000-00-00 00:00:00',0),(40,1,'Cayman Islands','CYM','KY',0,0,'0000-00-00 00:00:00',0,'0000-00-00 00:00:00',0,'0000-00-00 00:00:00',0),(41,1,'Central African Republic','CAF','CF',0,0,'0000-00-00 00:00:00',0,'0000-00-00 00:00:00',0,'0000-00-00 00:00:00',0),(42,1,'Chad','TCD','TD',0,0,'0000-00-00 00:00:00',0,'0000-00-00 00:00:00',0,'0000-00-00 00:00:00',0),(43,1,'Chile','CHL','CL',0,0,'0000-00-00 00:00:00',0,'0000-00-00 00:00:00',0,'0000-00-00 00:00:00',0),(44,1,'China','CHN','CN',0,0,'0000-00-00 00:00:00',0,'0000-00-00 00:00:00',0,'0000-00-00 00:00:00',0),(45,1,'Christmas Island','CXR','CX',0,0,'0000-00-00 00:00:00',0,'0000-00-00 00:00:00',0,'0000-00-00 00:00:00',0),(46,1,'Cocos (Keeling) Islands','CCK','CC',0,0,'0000-00-00 00:00:00',0,'0000-00-00 00:00:00',0,'0000-00-00 00:00:00',0),(47,1,'Colombia','COL','CO',0,0,'0000-00-00 00:00:00',0,'0000-00-00 00:00:00',0,'0000-00-00 00:00:00',0),(48,1,'Comoros','COM','KM',0,0,'0000-00-00 00:00:00',0,'0000-00-00 00:00:00',0,'0000-00-00 00:00:00',0),(49,1,'Congo','COG','CG',0,0,'0000-00-00 00:00:00',0,'0000-00-00 00:00:00',0,'0000-00-00 00:00:00',0),(50,1,'Cook Islands','COK','CK',0,0,'0000-00-00 00:00:00',0,'0000-00-00 00:00:00',0,'0000-00-00 00:00:00',0),(51,1,'Costa Rica','CRI','CR',0,0,'0000-00-00 00:00:00',0,'0000-00-00 00:00:00',0,'0000-00-00 00:00:00',0),(52,1,'Cote D\'Ivoire','CIV','CI',0,0,'0000-00-00 00:00:00',0,'0000-00-00 00:00:00',0,'0000-00-00 00:00:00',0),(53,1,'Croatia','HRV','HR',0,0,'0000-00-00 00:00:00',0,'0000-00-00 00:00:00',0,'0000-00-00 00:00:00',0),(54,1,'Cuba','CUB','CU',0,0,'0000-00-00 00:00:00',0,'0000-00-00 00:00:00',0,'0000-00-00 00:00:00',0),(55,1,'Cyprus','CYP','CY',0,0,'0000-00-00 00:00:00',0,'0000-00-00 00:00:00',0,'0000-00-00 00:00:00',0),(56,1,'Czech Republic','CZE','CZ',0,1,'0000-00-00 00:00:00',0,'0000-00-00 00:00:00',0,'0000-00-00 00:00:00',0),(57,1,'Denmark','DNK','DK',0,0,'0000-00-00 00:00:00',0,'0000-00-00 00:00:00',0,'0000-00-00 00:00:00',0),(58,1,'Djibouti','DJI','DJ',0,0,'0000-00-00 00:00:00',0,'0000-00-00 00:00:00',0,'0000-00-00 00:00:00',0),(59,1,'Dominica','DMA','DM',0,0,'0000-00-00 00:00:00',0,'0000-00-00 00:00:00',0,'0000-00-00 00:00:00',0),(60,1,'Dominican Republic','DOM','DO',0,0,'0000-00-00 00:00:00',0,'0000-00-00 00:00:00',0,'0000-00-00 00:00:00',0),(61,1,'East Timor','TMP','TP',0,0,'0000-00-00 00:00:00',0,'0000-00-00 00:00:00',0,'0000-00-00 00:00:00',0),(62,1,'Ecuador','ECU','EC',0,0,'0000-00-00 00:00:00',0,'0000-00-00 00:00:00',0,'0000-00-00 00:00:00',0),(63,1,'Egypt','EGY','EG',0,0,'0000-00-00 00:00:00',0,'0000-00-00 00:00:00',0,'0000-00-00 00:00:00',0),(64,1,'El Salvador','SLV','SV',0,0,'0000-00-00 00:00:00',0,'0000-00-00 00:00:00',0,'0000-00-00 00:00:00',0),(65,1,'Equatorial Guinea','GNQ','GQ',0,0,'0000-00-00 00:00:00',0,'0000-00-00 00:00:00',0,'0000-00-00 00:00:00',0),(66,1,'Eritrea','ERI','ER',0,0,'0000-00-00 00:00:00',0,'0000-00-00 00:00:00',0,'0000-00-00 00:00:00',0),(67,1,'Estonia','EST','EE',0,0,'0000-00-00 00:00:00',0,'0000-00-00 00:00:00',0,'0000-00-00 00:00:00',0),(68,1,'Ethiopia','ETH','ET',0,0,'0000-00-00 00:00:00',0,'0000-00-00 00:00:00',0,'0000-00-00 00:00:00',0),(69,1,'Falkland Islands (Malvinas)','FLK','FK',0,0,'0000-00-00 00:00:00',0,'0000-00-00 00:00:00',0,'0000-00-00 00:00:00',0),(70,1,'Faroe Islands','FRO','FO',0,0,'0000-00-00 00:00:00',0,'0000-00-00 00:00:00',0,'0000-00-00 00:00:00',0),(71,1,'Fiji','FJI','FJ',0,0,'0000-00-00 00:00:00',0,'0000-00-00 00:00:00',0,'0000-00-00 00:00:00',0),(72,1,'Finland','FIN','FI',0,0,'0000-00-00 00:00:00',0,'0000-00-00 00:00:00',0,'0000-00-00 00:00:00',0),(73,1,'France','FRA','FR',0,0,'0000-00-00 00:00:00',0,'0000-00-00 00:00:00',0,'0000-00-00 00:00:00',0),(75,1,'French Guiana','GUF','GF',0,0,'0000-00-00 00:00:00',0,'0000-00-00 00:00:00',0,'0000-00-00 00:00:00',0),(76,1,'French Polynesia','PYF','PF',0,0,'0000-00-00 00:00:00',0,'0000-00-00 00:00:00',0,'0000-00-00 00:00:00',0),(77,1,'French Southern Territories','ATF','TF',0,0,'0000-00-00 00:00:00',0,'0000-00-00 00:00:00',0,'0000-00-00 00:00:00',0),(78,1,'Gabon','GAB','GA',0,0,'0000-00-00 00:00:00',0,'0000-00-00 00:00:00',0,'0000-00-00 00:00:00',0),(79,1,'Gambia','GMB','GM',0,0,'0000-00-00 00:00:00',0,'0000-00-00 00:00:00',0,'0000-00-00 00:00:00',0),(80,1,'Georgia','GEO','GE',0,0,'0000-00-00 00:00:00',0,'0000-00-00 00:00:00',0,'0000-00-00 00:00:00',0),(81,1,'Germany','DEU','DE',0,0,'0000-00-00 00:00:00',0,'0000-00-00 00:00:00',0,'0000-00-00 00:00:00',0),(82,1,'Ghana','GHA','GH',0,0,'0000-00-00 00:00:00',0,'0000-00-00 00:00:00',0,'0000-00-00 00:00:00',0),(83,1,'Gibraltar','GIB','GI',0,0,'0000-00-00 00:00:00',0,'0000-00-00 00:00:00',0,'0000-00-00 00:00:00',0),(84,1,'Greece','GRC','GR',0,0,'0000-00-00 00:00:00',0,'0000-00-00 00:00:00',0,'0000-00-00 00:00:00',0),(85,1,'Greenland','GRL','GL',0,0,'0000-00-00 00:00:00',0,'0000-00-00 00:00:00',0,'0000-00-00 00:00:00',0),(86,1,'Grenada','GRD','GD',0,0,'0000-00-00 00:00:00',0,'0000-00-00 00:00:00',0,'0000-00-00 00:00:00',0),(87,1,'Guadeloupe','GLP','GP',0,0,'0000-00-00 00:00:00',0,'0000-00-00 00:00:00',0,'0000-00-00 00:00:00',0),(88,1,'Guam','GUM','GU',0,0,'0000-00-00 00:00:00',0,'0000-00-00 00:00:00',0,'0000-00-00 00:00:00',0),(89,1,'Guatemala','GTM','GT',0,0,'0000-00-00 00:00:00',0,'0000-00-00 00:00:00',0,'0000-00-00 00:00:00',0),(90,1,'Guinea','GIN','GN',0,0,'0000-00-00 00:00:00',0,'0000-00-00 00:00:00',0,'0000-00-00 00:00:00',0),(91,1,'Guinea-bissau','GNB','GW',0,0,'0000-00-00 00:00:00',0,'0000-00-00 00:00:00',0,'0000-00-00 00:00:00',0),(92,1,'Guyana','GUY','GY',0,0,'0000-00-00 00:00:00',0,'0000-00-00 00:00:00',0,'0000-00-00 00:00:00',0),(93,1,'Haiti','HTI','HT',0,0,'0000-00-00 00:00:00',0,'0000-00-00 00:00:00',0,'0000-00-00 00:00:00',0),(94,1,'Heard and Mc Donald Islands','HMD','HM',0,0,'0000-00-00 00:00:00',0,'0000-00-00 00:00:00',0,'0000-00-00 00:00:00',0),(95,1,'Honduras','HND','HN',0,0,'0000-00-00 00:00:00',0,'0000-00-00 00:00:00',0,'0000-00-00 00:00:00',0),(96,1,'Hong Kong','HKG','HK',0,0,'0000-00-00 00:00:00',0,'0000-00-00 00:00:00',0,'0000-00-00 00:00:00',0),(97,1,'Hungary','HUN','HU',0,0,'0000-00-00 00:00:00',0,'0000-00-00 00:00:00',0,'0000-00-00 00:00:00',0),(98,1,'Iceland','ISL','IS',0,0,'0000-00-00 00:00:00',0,'0000-00-00 00:00:00',0,'0000-00-00 00:00:00',0),(99,1,'India','IND','IN',0,0,'0000-00-00 00:00:00',0,'0000-00-00 00:00:00',0,'0000-00-00 00:00:00',0),(100,1,'Indonesia','IDN','ID',0,0,'0000-00-00 00:00:00',0,'0000-00-00 00:00:00',0,'0000-00-00 00:00:00',0),(101,1,'Iran (Islamic Republic of)','IRN','IR',0,0,'0000-00-00 00:00:00',0,'0000-00-00 00:00:00',0,'0000-00-00 00:00:00',0),(102,1,'Iraq','IRQ','IQ',0,0,'0000-00-00 00:00:00',0,'0000-00-00 00:00:00',0,'0000-00-00 00:00:00',0),(103,1,'Ireland','IRL','IE',0,0,'0000-00-00 00:00:00',0,'0000-00-00 00:00:00',0,'0000-00-00 00:00:00',0),(104,1,'Israel','ISR','IL',0,0,'0000-00-00 00:00:00',0,'0000-00-00 00:00:00',0,'0000-00-00 00:00:00',0),(105,1,'Italy','ITA','IT',0,0,'0000-00-00 00:00:00',0,'0000-00-00 00:00:00',0,'0000-00-00 00:00:00',0),(106,1,'Jamaica','JAM','JM',0,0,'0000-00-00 00:00:00',0,'0000-00-00 00:00:00',0,'0000-00-00 00:00:00',0),(107,1,'Japan','JPN','JP',0,0,'0000-00-00 00:00:00',0,'0000-00-00 00:00:00',0,'0000-00-00 00:00:00',0),(108,1,'Jordan','JOR','JO',0,0,'0000-00-00 00:00:00',0,'0000-00-00 00:00:00',0,'0000-00-00 00:00:00',0),(109,1,'Kazakhstan','KAZ','KZ',0,0,'0000-00-00 00:00:00',0,'0000-00-00 00:00:00',0,'0000-00-00 00:00:00',0),(110,1,'Kenya','KEN','KE',0,0,'0000-00-00 00:00:00',0,'0000-00-00 00:00:00',0,'0000-00-00 00:00:00',0),(111,1,'Kiribati','KIR','KI',0,0,'0000-00-00 00:00:00',0,'0000-00-00 00:00:00',0,'0000-00-00 00:00:00',0),(112,1,'Korea, Democratic People\'s Republic of','PRK','KP',0,0,'0000-00-00 00:00:00',0,'0000-00-00 00:00:00',0,'0000-00-00 00:00:00',0),(113,1,'Korea, Republic of','KOR','KR',0,0,'0000-00-00 00:00:00',0,'0000-00-00 00:00:00',0,'0000-00-00 00:00:00',0),(114,1,'Kuwait','KWT','KW',0,0,'0000-00-00 00:00:00',0,'0000-00-00 00:00:00',0,'0000-00-00 00:00:00',0),(115,1,'Kyrgyzstan','KGZ','KG',0,0,'0000-00-00 00:00:00',0,'0000-00-00 00:00:00',0,'0000-00-00 00:00:00',0),(116,1,'Lao People\'s Democratic Republic','LAO','LA',0,0,'0000-00-00 00:00:00',0,'0000-00-00 00:00:00',0,'0000-00-00 00:00:00',0),(117,1,'Latvia','LVA','LV',0,0,'0000-00-00 00:00:00',0,'0000-00-00 00:00:00',0,'0000-00-00 00:00:00',0),(118,1,'Lebanon','LBN','LB',0,0,'0000-00-00 00:00:00',0,'0000-00-00 00:00:00',0,'0000-00-00 00:00:00',0),(119,1,'Lesotho','LSO','LS',0,0,'0000-00-00 00:00:00',0,'0000-00-00 00:00:00',0,'0000-00-00 00:00:00',0),(120,1,'Liberia','LBR','LR',0,0,'0000-00-00 00:00:00',0,'0000-00-00 00:00:00',0,'0000-00-00 00:00:00',0),(121,1,'Libya','LBY','LY',0,0,'0000-00-00 00:00:00',0,'0000-00-00 00:00:00',0,'0000-00-00 00:00:00',0),(122,1,'Liechtenstein','LIE','LI',0,0,'0000-00-00 00:00:00',0,'0000-00-00 00:00:00',0,'0000-00-00 00:00:00',0),(123,1,'Lithuania','LTU','LT',0,0,'0000-00-00 00:00:00',0,'0000-00-00 00:00:00',0,'0000-00-00 00:00:00',0),(124,1,'Luxembourg','LUX','LU',0,0,'0000-00-00 00:00:00',0,'0000-00-00 00:00:00',0,'0000-00-00 00:00:00',0),(125,1,'Macau','MAC','MO',0,0,'0000-00-00 00:00:00',0,'0000-00-00 00:00:00',0,'0000-00-00 00:00:00',0),(126,1,'Macedonia, The Former Yugoslav Republic of','MKD','MK',0,0,'0000-00-00 00:00:00',0,'0000-00-00 00:00:00',0,'0000-00-00 00:00:00',0),(127,1,'Madagascar','MDG','MG',0,0,'0000-00-00 00:00:00',0,'0000-00-00 00:00:00',0,'0000-00-00 00:00:00',0),(128,1,'Malawi','MWI','MW',0,0,'0000-00-00 00:00:00',0,'0000-00-00 00:00:00',0,'0000-00-00 00:00:00',0),(129,1,'Malaysia','MYS','MY',0,0,'0000-00-00 00:00:00',0,'0000-00-00 00:00:00',0,'0000-00-00 00:00:00',0),(130,1,'Maldives','MDV','MV',0,0,'0000-00-00 00:00:00',0,'0000-00-00 00:00:00',0,'0000-00-00 00:00:00',0),(131,1,'Mali','MLI','ML',0,0,'0000-00-00 00:00:00',0,'0000-00-00 00:00:00',0,'0000-00-00 00:00:00',0),(132,1,'Malta','MLT','MT',0,0,'0000-00-00 00:00:00',0,'0000-00-00 00:00:00',0,'0000-00-00 00:00:00',0),(133,1,'Marshall Islands','MHL','MH',0,0,'0000-00-00 00:00:00',0,'0000-00-00 00:00:00',0,'0000-00-00 00:00:00',0),(134,1,'Martinique','MTQ','MQ',0,0,'0000-00-00 00:00:00',0,'0000-00-00 00:00:00',0,'0000-00-00 00:00:00',0),(135,1,'Mauritania','MRT','MR',0,0,'0000-00-00 00:00:00',0,'0000-00-00 00:00:00',0,'0000-00-00 00:00:00',0),(136,1,'Mauritius','MUS','MU',0,0,'0000-00-00 00:00:00',0,'0000-00-00 00:00:00',0,'0000-00-00 00:00:00',0),(137,1,'Mayotte','MYT','YT',0,0,'0000-00-00 00:00:00',0,'0000-00-00 00:00:00',0,'0000-00-00 00:00:00',0),(138,1,'Mexico','MEX','MX',0,0,'0000-00-00 00:00:00',0,'0000-00-00 00:00:00',0,'0000-00-00 00:00:00',0),(139,1,'Micronesia, Federated States of','FSM','FM',0,0,'0000-00-00 00:00:00',0,'0000-00-00 00:00:00',0,'0000-00-00 00:00:00',0),(140,1,'Moldova, Republic of','MDA','MD',0,0,'0000-00-00 00:00:00',0,'0000-00-00 00:00:00',0,'0000-00-00 00:00:00',0),(141,1,'Monaco','MCO','MC',0,0,'0000-00-00 00:00:00',0,'0000-00-00 00:00:00',0,'0000-00-00 00:00:00',0),(142,1,'Mongolia','MNG','MN',0,0,'0000-00-00 00:00:00',0,'0000-00-00 00:00:00',0,'0000-00-00 00:00:00',0),(143,1,'Montserrat','MSR','MS',0,0,'0000-00-00 00:00:00',0,'0000-00-00 00:00:00',0,'0000-00-00 00:00:00',0),(144,1,'Morocco','MAR','MA',0,0,'0000-00-00 00:00:00',0,'0000-00-00 00:00:00',0,'0000-00-00 00:00:00',0),(145,1,'Mozambique','MOZ','MZ',0,0,'0000-00-00 00:00:00',0,'0000-00-00 00:00:00',0,'0000-00-00 00:00:00',0),(146,1,'Myanmar','MMR','MM',0,0,'0000-00-00 00:00:00',0,'0000-00-00 00:00:00',0,'0000-00-00 00:00:00',0),(147,1,'Namibia','NAM','NA',0,0,'0000-00-00 00:00:00',0,'0000-00-00 00:00:00',0,'0000-00-00 00:00:00',0),(148,1,'Nauru','NRU','NR',0,0,'0000-00-00 00:00:00',0,'0000-00-00 00:00:00',0,'0000-00-00 00:00:00',0),(149,1,'Nepal','NPL','NP',0,0,'0000-00-00 00:00:00',0,'0000-00-00 00:00:00',0,'0000-00-00 00:00:00',0),(150,1,'Netherlands','NLD','NL',0,0,'0000-00-00 00:00:00',0,'0000-00-00 00:00:00',0,'0000-00-00 00:00:00',0),(151,1,'Netherlands Antilles','ANT','AN',0,0,'0000-00-00 00:00:00',0,'0000-00-00 00:00:00',0,'0000-00-00 00:00:00',0),(152,1,'New Caledonia','NCL','NC',0,0,'0000-00-00 00:00:00',0,'0000-00-00 00:00:00',0,'0000-00-00 00:00:00',0),(153,1,'New Zealand','NZL','NZ',0,0,'0000-00-00 00:00:00',0,'0000-00-00 00:00:00',0,'0000-00-00 00:00:00',0),(154,1,'Nicaragua','NIC','NI',0,0,'0000-00-00 00:00:00',0,'0000-00-00 00:00:00',0,'0000-00-00 00:00:00',0),(155,1,'Niger','NER','NE',0,0,'0000-00-00 00:00:00',0,'0000-00-00 00:00:00',0,'0000-00-00 00:00:00',0),(156,1,'Nigeria','NGA','NG',0,0,'0000-00-00 00:00:00',0,'0000-00-00 00:00:00',0,'0000-00-00 00:00:00',0),(157,1,'Niue','NIU','NU',0,0,'0000-00-00 00:00:00',0,'0000-00-00 00:00:00',0,'0000-00-00 00:00:00',0),(158,1,'Norfolk Island','NFK','NF',0,0,'0000-00-00 00:00:00',0,'0000-00-00 00:00:00',0,'0000-00-00 00:00:00',0),(159,1,'Northern Mariana Islands','MNP','MP',0,0,'0000-00-00 00:00:00',0,'0000-00-00 00:00:00',0,'0000-00-00 00:00:00',0),(160,1,'Norway','NOR','NO',0,0,'0000-00-00 00:00:00',0,'0000-00-00 00:00:00',0,'0000-00-00 00:00:00',0),(161,1,'Oman','OMN','OM',0,0,'0000-00-00 00:00:00',0,'0000-00-00 00:00:00',0,'0000-00-00 00:00:00',0),(162,1,'Pakistan','PAK','PK',0,0,'0000-00-00 00:00:00',0,'0000-00-00 00:00:00',0,'0000-00-00 00:00:00',0),(163,1,'Palau','PLW','PW',0,0,'0000-00-00 00:00:00',0,'0000-00-00 00:00:00',0,'0000-00-00 00:00:00',0),(164,1,'Panama','PAN','PA',0,0,'0000-00-00 00:00:00',0,'0000-00-00 00:00:00',0,'0000-00-00 00:00:00',0),(165,1,'Papua New Guinea','PNG','PG',0,0,'0000-00-00 00:00:00',0,'0000-00-00 00:00:00',0,'0000-00-00 00:00:00',0),(166,1,'Paraguay','PRY','PY',0,0,'0000-00-00 00:00:00',0,'0000-00-00 00:00:00',0,'0000-00-00 00:00:00',0),(167,1,'Peru','PER','PE',0,0,'0000-00-00 00:00:00',0,'0000-00-00 00:00:00',0,'0000-00-00 00:00:00',0),(168,1,'Philippines','PHL','PH',0,0,'0000-00-00 00:00:00',0,'0000-00-00 00:00:00',0,'0000-00-00 00:00:00',0),(169,1,'Pitcairn','PCN','PN',0,0,'0000-00-00 00:00:00',0,'0000-00-00 00:00:00',0,'0000-00-00 00:00:00',0),(170,1,'Poland','POL','PL',0,1,'0000-00-00 00:00:00',0,'0000-00-00 00:00:00',0,'0000-00-00 00:00:00',0),(171,1,'Portugal','PRT','PT',0,0,'0000-00-00 00:00:00',0,'0000-00-00 00:00:00',0,'0000-00-00 00:00:00',0),(172,1,'Puerto Rico','PRI','PR',0,0,'0000-00-00 00:00:00',0,'0000-00-00 00:00:00',0,'0000-00-00 00:00:00',0),(173,1,'Qatar','QAT','QA',0,0,'0000-00-00 00:00:00',0,'0000-00-00 00:00:00',0,'0000-00-00 00:00:00',0),(174,1,'Reunion','REU','RE',0,0,'0000-00-00 00:00:00',0,'0000-00-00 00:00:00',0,'0000-00-00 00:00:00',0),(175,1,'Romania','ROM','RO',0,0,'0000-00-00 00:00:00',0,'0000-00-00 00:00:00',0,'0000-00-00 00:00:00',0),(176,1,'Russian Federation','RUS','RU',0,0,'0000-00-00 00:00:00',0,'0000-00-00 00:00:00',0,'0000-00-00 00:00:00',0),(177,1,'Rwanda','RWA','RW',0,0,'0000-00-00 00:00:00',0,'0000-00-00 00:00:00',0,'0000-00-00 00:00:00',0),(178,1,'Saint Kitts and Nevis','KNA','KN',0,0,'0000-00-00 00:00:00',0,'0000-00-00 00:00:00',0,'0000-00-00 00:00:00',0),(179,1,'Saint Lucia','LCA','LC',0,0,'0000-00-00 00:00:00',0,'0000-00-00 00:00:00',0,'0000-00-00 00:00:00',0),(180,1,'Saint Vincent and the Grenadines','VCT','VC',0,0,'0000-00-00 00:00:00',0,'0000-00-00 00:00:00',0,'0000-00-00 00:00:00',0),(181,1,'Samoa','WSM','WS',0,0,'0000-00-00 00:00:00',0,'0000-00-00 00:00:00',0,'0000-00-00 00:00:00',0),(182,1,'San Marino','SMR','SM',0,0,'0000-00-00 00:00:00',0,'0000-00-00 00:00:00',0,'0000-00-00 00:00:00',0),(183,1,'Sao Tome and Principe','STP','ST',0,0,'0000-00-00 00:00:00',0,'0000-00-00 00:00:00',0,'0000-00-00 00:00:00',0),(184,1,'Saudi Arabia','SAU','SA',0,0,'0000-00-00 00:00:00',0,'0000-00-00 00:00:00',0,'0000-00-00 00:00:00',0),(185,1,'Senegal','SEN','SN',0,0,'0000-00-00 00:00:00',0,'0000-00-00 00:00:00',0,'0000-00-00 00:00:00',0),(186,1,'Seychelles','SYC','SC',0,0,'0000-00-00 00:00:00',0,'0000-00-00 00:00:00',0,'0000-00-00 00:00:00',0),(187,1,'Sierra Leone','SLE','SL',0,0,'0000-00-00 00:00:00',0,'0000-00-00 00:00:00',0,'0000-00-00 00:00:00',0),(188,1,'Singapore','SGP','SG',0,0,'0000-00-00 00:00:00',0,'0000-00-00 00:00:00',0,'0000-00-00 00:00:00',0),(189,1,'Slovakia','SVK','SK',0,0,'0000-00-00 00:00:00',0,'0000-00-00 00:00:00',0,'0000-00-00 00:00:00',0),(190,1,'Slovenia','SVN','SI',0,0,'0000-00-00 00:00:00',0,'0000-00-00 00:00:00',0,'0000-00-00 00:00:00',0),(191,1,'Solomon Islands','SLB','SB',0,0,'0000-00-00 00:00:00',0,'0000-00-00 00:00:00',0,'0000-00-00 00:00:00',0),(192,1,'Somalia','SOM','SO',0,0,'0000-00-00 00:00:00',0,'0000-00-00 00:00:00',0,'0000-00-00 00:00:00',0),(193,1,'South Africa','ZAF','ZA',0,0,'0000-00-00 00:00:00',0,'0000-00-00 00:00:00',0,'0000-00-00 00:00:00',0),(194,1,'South Georgia and the South Sandwich Islands','SGS','GS',0,0,'0000-00-00 00:00:00',0,'0000-00-00 00:00:00',0,'0000-00-00 00:00:00',0),(195,1,'Spain','ESP','ES',0,0,'0000-00-00 00:00:00',0,'0000-00-00 00:00:00',0,'0000-00-00 00:00:00',0),(196,1,'Sri Lanka','LKA','LK',0,0,'0000-00-00 00:00:00',0,'0000-00-00 00:00:00',0,'0000-00-00 00:00:00',0),(197,1,'St. Helena','SHN','SH',0,0,'0000-00-00 00:00:00',0,'0000-00-00 00:00:00',0,'0000-00-00 00:00:00',0),(198,1,'St. Pierre and Miquelon','SPM','PM',0,0,'0000-00-00 00:00:00',0,'0000-00-00 00:00:00',0,'0000-00-00 00:00:00',0),(199,1,'Sudan','SDN','SD',0,0,'0000-00-00 00:00:00',0,'0000-00-00 00:00:00',0,'0000-00-00 00:00:00',0),(200,1,'Suriname','SUR','SR',0,0,'0000-00-00 00:00:00',0,'0000-00-00 00:00:00',0,'0000-00-00 00:00:00',0),(201,1,'Svalbard and Jan Mayen Islands','SJM','SJ',0,0,'0000-00-00 00:00:00',0,'0000-00-00 00:00:00',0,'0000-00-00 00:00:00',0),(202,1,'Swaziland','SWZ','SZ',0,0,'0000-00-00 00:00:00',0,'0000-00-00 00:00:00',0,'0000-00-00 00:00:00',0),(203,1,'Sweden','SWE','SE',0,0,'0000-00-00 00:00:00',0,'0000-00-00 00:00:00',0,'0000-00-00 00:00:00',0),(204,1,'Switzerland','CHE','CH',0,0,'0000-00-00 00:00:00',0,'0000-00-00 00:00:00',0,'0000-00-00 00:00:00',0),(205,1,'Syrian Arab Republic','SYR','SY',0,0,'0000-00-00 00:00:00',0,'0000-00-00 00:00:00',0,'0000-00-00 00:00:00',0),(206,1,'Taiwan','TWN','TW',0,0,'0000-00-00 00:00:00',0,'0000-00-00 00:00:00',0,'0000-00-00 00:00:00',0),(207,1,'Tajikistan','TJK','TJ',0,0,'0000-00-00 00:00:00',0,'0000-00-00 00:00:00',0,'0000-00-00 00:00:00',0),(208,1,'Tanzania, United Republic of','TZA','TZ',0,0,'0000-00-00 00:00:00',0,'0000-00-00 00:00:00',0,'0000-00-00 00:00:00',0),(209,1,'Thailand','THA','TH',0,0,'0000-00-00 00:00:00',0,'0000-00-00 00:00:00',0,'0000-00-00 00:00:00',0),(210,1,'Togo','TGO','TG',0,0,'0000-00-00 00:00:00',0,'0000-00-00 00:00:00',0,'0000-00-00 00:00:00',0),(211,1,'Tokelau','TKL','TK',0,0,'0000-00-00 00:00:00',0,'0000-00-00 00:00:00',0,'0000-00-00 00:00:00',0),(212,1,'Tonga','TON','TO',0,0,'0000-00-00 00:00:00',0,'0000-00-00 00:00:00',0,'0000-00-00 00:00:00',0),(213,1,'Trinidad and Tobago','TTO','TT',0,0,'0000-00-00 00:00:00',0,'0000-00-00 00:00:00',0,'0000-00-00 00:00:00',0),(214,1,'Tunisia','TUN','TN',0,0,'0000-00-00 00:00:00',0,'0000-00-00 00:00:00',0,'0000-00-00 00:00:00',0),(215,1,'Turkey','TUR','TR',0,0,'0000-00-00 00:00:00',0,'0000-00-00 00:00:00',0,'0000-00-00 00:00:00',0),(216,1,'Turkmenistan','TKM','TM',0,0,'0000-00-00 00:00:00',0,'0000-00-00 00:00:00',0,'0000-00-00 00:00:00',0),(217,1,'Turks and Caicos Islands','TCA','TC',0,0,'0000-00-00 00:00:00',0,'0000-00-00 00:00:00',0,'0000-00-00 00:00:00',0),(218,1,'Tuvalu','TUV','TV',0,0,'0000-00-00 00:00:00',0,'0000-00-00 00:00:00',0,'0000-00-00 00:00:00',0),(219,1,'Uganda','UGA','UG',0,0,'0000-00-00 00:00:00',0,'0000-00-00 00:00:00',0,'0000-00-00 00:00:00',0),(220,1,'Ukraine','UKR','UA',0,0,'0000-00-00 00:00:00',0,'0000-00-00 00:00:00',0,'0000-00-00 00:00:00',0),(221,1,'United Arab Emirates','ARE','AE',0,0,'0000-00-00 00:00:00',0,'0000-00-00 00:00:00',0,'0000-00-00 00:00:00',0),(222,1,'United Kingdom','GBR','GB',0,0,'0000-00-00 00:00:00',0,'0000-00-00 00:00:00',0,'0000-00-00 00:00:00',0),(223,1,'United States','USA','US',0,0,'0000-00-00 00:00:00',0,'0000-00-00 00:00:00',0,'0000-00-00 00:00:00',0),(224,1,'United States Minor Outlying Islands','UMI','UM',0,0,'0000-00-00 00:00:00',0,'0000-00-00 00:00:00',0,'0000-00-00 00:00:00',0),(225,1,'Uruguay','URY','UY',0,0,'0000-00-00 00:00:00',0,'0000-00-00 00:00:00',0,'0000-00-00 00:00:00',0),(226,1,'Uzbekistan','UZB','UZ',0,0,'0000-00-00 00:00:00',0,'0000-00-00 00:00:00',0,'0000-00-00 00:00:00',0),(227,1,'Vanuatu','VUT','VU',0,0,'0000-00-00 00:00:00',0,'0000-00-00 00:00:00',0,'0000-00-00 00:00:00',0),(228,1,'Vatican City State (Holy See)','VAT','VA',0,0,'0000-00-00 00:00:00',0,'0000-00-00 00:00:00',0,'0000-00-00 00:00:00',0),(229,1,'Venezuela','VEN','VE',0,0,'0000-00-00 00:00:00',0,'0000-00-00 00:00:00',0,'0000-00-00 00:00:00',0),(230,1,'Viet Nam','VNM','VN',0,0,'0000-00-00 00:00:00',0,'0000-00-00 00:00:00',0,'0000-00-00 00:00:00',0),(231,1,'Virgin Islands (British)','VGB','VG',0,0,'0000-00-00 00:00:00',0,'0000-00-00 00:00:00',0,'0000-00-00 00:00:00',0),(232,1,'Virgin Islands (U.S.)','VIR','VI',0,0,'0000-00-00 00:00:00',0,'0000-00-00 00:00:00',0,'0000-00-00 00:00:00',0),(233,1,'Wallis and Futuna Islands','WLF','WF',0,0,'0000-00-00 00:00:00',0,'0000-00-00 00:00:00',0,'0000-00-00 00:00:00',0),(234,1,'Western Sahara','ESH','EH',0,0,'0000-00-00 00:00:00',0,'0000-00-00 00:00:00',0,'0000-00-00 00:00:00',0),(235,1,'Yemen','YEM','YE',0,0,'0000-00-00 00:00:00',0,'0000-00-00 00:00:00',0,'0000-00-00 00:00:00',0),(237,1,'The Democratic Republic of Congo','DRC','DC',0,0,'0000-00-00 00:00:00',0,'0000-00-00 00:00:00',0,'0000-00-00 00:00:00',0),(238,1,'Zambia','ZMB','ZM',0,0,'0000-00-00 00:00:00',0,'0000-00-00 00:00:00',0,'0000-00-00 00:00:00',0),(239,1,'Zimbabwe','ZWE','ZW',0,0,'0000-00-00 00:00:00',0,'0000-00-00 00:00:00',0,'0000-00-00 00:00:00',0),(240,1,'East Timor','XET','XE',0,0,'0000-00-00 00:00:00',0,'0000-00-00 00:00:00',0,'0000-00-00 00:00:00',0),(241,1,'Jersey','JEY','JE',0,0,'0000-00-00 00:00:00',0,'0000-00-00 00:00:00',0,'0000-00-00 00:00:00',0),(242,1,'St. Barthelemy','XSB','XB',0,0,'0000-00-00 00:00:00',0,'0000-00-00 00:00:00',0,'0000-00-00 00:00:00',0),(243,1,'St. Eustatius','XSE','XU',0,0,'0000-00-00 00:00:00',0,'0000-00-00 00:00:00',0,'0000-00-00 00:00:00',0),(244,1,'Canary Islands','XCA','XC',0,0,'0000-00-00 00:00:00',0,'0000-00-00 00:00:00',0,'0000-00-00 00:00:00',0),(245,1,'Serbia','SRB','RS',0,0,'0000-00-00 00:00:00',0,'0000-00-00 00:00:00',0,'0000-00-00 00:00:00',0),(246,1,'Sint Maarten (French Antilles)','MAF','MF',0,0,'0000-00-00 00:00:00',0,'0000-00-00 00:00:00',0,'0000-00-00 00:00:00',0),(247,1,'Sint Maarten (Netherlands Antilles)','SXM','SX',0,0,'0000-00-00 00:00:00',0,'0000-00-00 00:00:00',0,'0000-00-00 00:00:00',0),(248,1,'Palestinian Territory, occupied','PSE','PS',0,0,'0000-00-00 00:00:00',0,'0000-00-00 00:00:00',0,'0000-00-00 00:00:00',0);
CREATE TABLE `jos_virtuemart_coupons` (
  `virtuemart_coupon_id` int(11) unsigned NOT NULL AUTO_INCREMENT,
  `coupon_code` char(32) NOT NULL DEFAULT '',
  `percent_or_total` enum('percent','total') NOT NULL DEFAULT 'percent',
  `coupon_type` enum('gift','permanent') NOT NULL DEFAULT 'gift',
  `coupon_value` decimal(15,5) NOT NULL DEFAULT '0.00000',
  `coupon_start_date` datetime DEFAULT NULL,
  `coupon_expiry_date` datetime DEFAULT NULL,
  `coupon_value_valid` decimal(15,5) NOT NULL DEFAULT '0.00000',
  `coupon_used` varchar(200) NOT NULL DEFAULT '',
  `published` tinyint(1) NOT NULL DEFAULT '1',
  `created_on` datetime NOT NULL DEFAULT '0000-00-00 00:00:00',
  `created_by` int(11) NOT NULL DEFAULT '0',
  `modified_on` datetime NOT NULL DEFAULT '0000-00-00 00:00:00',
  `modified_by` int(11) NOT NULL DEFAULT '0',
  `locked_on` datetime NOT NULL DEFAULT '0000-00-00 00:00:00',
  `locked_by` int(11) NOT NULL DEFAULT '0',
  PRIMARY KEY (`virtuemart_coupon_id`),
  KEY `idx_coupon_code` (`coupon_code`)
) ENGINE=MyISAM DEFAULT CHARSET=utf8 COMMENT='Used to store coupon codes';
CREATE TABLE `jos_virtuemart_currencies` (
  `virtuemart_currency_id` smallint(1) unsigned NOT NULL AUTO_INCREMENT,
  `virtuemart_vendor_id` smallint(1) unsigned NOT NULL DEFAULT '1',
  `currency_name` char(64) DEFAULT NULL,
  `currency_code_2` char(2) DEFAULT NULL,
  `currency_code_3` char(3) DEFAULT NULL,
  `currency_numeric_code` int(4) DEFAULT NULL,
  `currency_exchange_rate` decimal(10,5) DEFAULT NULL,
  `currency_symbol` char(4) DEFAULT NULL,
  `currency_decimal_place` char(4) DEFAULT NULL,
  `currency_decimal_symbol` char(4) DEFAULT NULL,
  `currency_thousands` char(4) DEFAULT NULL,
  `currency_positive_style` char(64) DEFAULT NULL,
  `currency_negative_style` char(64) DEFAULT NULL,
  `ordering` int(2) NOT NULL DEFAULT '0',
  `shared` tinyint(1) NOT NULL DEFAULT '1',
  `published` tinyint(1) NOT NULL DEFAULT '1',
  `created_on` datetime NOT NULL DEFAULT '0000-00-00 00:00:00',
  `created_by` int(11) NOT NULL DEFAULT '0',
  `modified_on` datetime NOT NULL DEFAULT '0000-00-00 00:00:00',
  `modified_by` int(11) NOT NULL DEFAULT '0',
  `locked_on` datetime NOT NULL DEFAULT '0000-00-00 00:00:00',
  `locked_by` int(11) NOT NULL DEFAULT '0',
  PRIMARY KEY (`virtuemart_currency_id`),
  KEY `ordering` (`ordering`),
  KEY `published` (`published`),
  KEY `shared` (`shared`),
  KEY `virtuemart_vendor_id` (`virtuemart_vendor_id`),
  KEY `idx_currency_code_3` (`currency_code_3`),
  KEY `idx_currency_numeric_code` (`currency_numeric_code`)
) ENGINE=MyISAM AUTO_INCREMENT=202 DEFAULT CHARSET=utf8 COMMENT='Used to store currencies';
INSERT INTO `jos_virtuemart_currencies` VALUES (2,1,'United Arab Emirates dirham','','AED',784,0.00000,'د.إ','2',',','','{number} {symbol}','{sign}{number} {symbol}',0,1,0,'0000-00-00 00:00:00',0,'0000-00-00 00:00:00',0,'0000-00-00 00:00:00',0),(4,1,'Albanian lek','','ALL',8,0.00000,'Lek','2',',','','{number} {symbol}','{sign}{number} {symbol}',0,1,0,'0000-00-00 00:00:00',0,'0000-00-00 00:00:00',0,'0000-00-00 00:00:00',0),(5,1,'Netherlands Antillean gulden','','ANG',532,0.00000,'ƒ','2',',','','{number} {symbol}','{sign}{number} {symbol}',0,1,0,'0000-00-00 00:00:00',0,'0000-00-00 00:00:00',0,'0000-00-00 00:00:00',0),(7,1,'Argentine peso','','ARS',32,0.00000,'$','2',',','','{number} {symbol}','{sign}{number} {symbol}',0,1,0,'0000-00-00 00:00:00',0,'0000-00-00 00:00:00',0,'0000-00-00 00:00:00',0),(9,1,'Australian dollar','','AUD',36,0.00000,'$','2','.','','{symbol} {number}','{sign}{symbol} {number}',0,1,0,'0000-00-00 00:00:00',0,'0000-00-00 00:00:00',0,'0000-00-00 00:00:00',0),(10,1,'Aruban florin','','AWG',533,0.00000,'ƒ','2',',','','{number} {symbol}','{sign}{number} {symbol}',0,1,0,'0000-00-00 00:00:00',0,'0000-00-00 00:00:00',0,'0000-00-00 00:00:00',0),(11,1,'Barbadian dollar','','BBD',52,0.00000,'$','2',',','','{number} {symbol}','{sign}{number} {symbol}',0,1,0,'0000-00-00 00:00:00',0,'0000-00-00 00:00:00',0,'0000-00-00 00:00:00',0),(12,1,'Bangladeshi taka','','BDT',50,0.00000,'৳','2',',','','{number} {symbol}','{sign}{number} {symbol}',0,1,0,'0000-00-00 00:00:00',0,'0000-00-00 00:00:00',0,'0000-00-00 00:00:00',0),(15,1,'Bahraini dinar','','BHD',48,0.00000,'ب.د','2',',','','{number} {symbol}','{sign}{number} {symbol}',0,1,0,'0000-00-00 00:00:00',0,'0000-00-00 00:00:00',0,'0000-00-00 00:00:00',0),(16,1,'Burundian franc','','BIF',108,0.00000,'Fr','0','','','{number} {symbol}','{sign}{number} {symbol}',0,1,0,'0000-00-00 00:00:00',0,'0000-00-00 00:00:00',0,'0000-00-00 00:00:00',0),(17,1,'Bermudian dollar','','BMD',60,0.00000,'$','2',',','','{number} {symbol}','{sign}{number} {symbol}',0,1,0,'0000-00-00 00:00:00',0,'0000-00-00 00:00:00',0,'0000-00-00 00:00:00',0),(18,1,'Brunei dollar','','BND',96,0.00000,'$','2',',','','{number} {symbol}','{sign}{number} {symbol}',0,1,0,'0000-00-00 00:00:00',0,'0000-00-00 00:00:00',0,'0000-00-00 00:00:00',0),(19,1,'Bolivian boliviano','','BOB',68,0.00000,'$b','2',',','','{number} {symbol}','{sign}{number} {symbol}',0,1,0,'0000-00-00 00:00:00',0,'0000-00-00 00:00:00',0,'0000-00-00 00:00:00',0),(20,1,'Brazilian real','','BRL',986,0.00000,'R$','2',',','.','{symbol} {number}','{symbol} {sign}{number}',0,1,0,'0000-00-00 00:00:00',0,'0000-00-00 00:00:00',0,'0000-00-00 00:00:00',0),(21,1,'Bahamian dollar','','BSD',44,0.00000,'$','2',',','','{number} {symbol}','{sign}{number} {symbol}',0,1,0,'0000-00-00 00:00:00',0,'0000-00-00 00:00:00',0,'0000-00-00 00:00:00',0),(22,1,'Bhutanese ngultrum','','BTN',64,0.00000,'BTN','2',',','','{number} {symbol}','{sign}{number} {symbol}',0,1,0,'0000-00-00 00:00:00',0,'0000-00-00 00:00:00',0,'0000-00-00 00:00:00',0),(24,1,'Botswana pula','','BWP',72,0.00000,'P','2',',','','{number} {symbol}','{sign}{number} {symbol}',0,1,0,'0000-00-00 00:00:00',0,'0000-00-00 00:00:00',0,'0000-00-00 00:00:00',0),(25,1,'Belize dollar','','BZD',84,0.00000,'BZ$','2',',','','{number} {symbol}','{sign}{number} {symbol}',0,1,0,'0000-00-00 00:00:00',0,'0000-00-00 00:00:00',0,'0000-00-00 00:00:00',0),(26,1,'Canadian dollar','','CAD',124,0.00000,'$','2','.',',','{symbol}{number}','{symbol}{sign}{number}',0,1,0,'0000-00-00 00:00:00',0,'0000-00-00 00:00:00',0,'0000-00-00 00:00:00',0),(27,1,'Swiss franc','','CHF',756,0.00000,'CHF','2',',','','{number} {symbol}','{sign}{number} {symbol}',0,1,0,'0000-00-00 00:00:00',0,'0000-00-00 00:00:00',0,'0000-00-00 00:00:00',0),(28,1,'Unidad de Fomento','','CLF',990,0.00000,'CLF','0',',','','{number} {symbol}','{sign}{number} {symbol}',0,1,0,'0000-00-00 00:00:00',0,'0000-00-00 00:00:00',0,'0000-00-00 00:00:00',0),(29,1,'Chilean peso','','CLP',152,0.00000,'$','2',',','','{number} {symbol}','{sign}{number} {symbol}',0,1,0,'0000-00-00 00:00:00',0,'0000-00-00 00:00:00',0,'0000-00-00 00:00:00',0),(30,1,'Chinese renminbi yuan','','CNY',156,0.00000,'元','2',',','','{number} {symbol}','{sign}{number} {symbol}',0,1,0,'0000-00-00 00:00:00',0,'0000-00-00 00:00:00',0,'0000-00-00 00:00:00',0),(31,1,'Colombian peso','','COP',170,0.00000,'$','2',',','','{number} {symbol}','{sign}{number} {symbol}',0,1,0,'0000-00-00 00:00:00',0,'0000-00-00 00:00:00',0,'0000-00-00 00:00:00',0),(32,1,'Costa Rican colón','','CRC',188,0.00000,'₡','2',',','','{number} {symbol}','{sign}{number} {symbol}',0,1,0,'0000-00-00 00:00:00',0,'0000-00-00 00:00:00',0,'0000-00-00 00:00:00',0),(33,1,'Czech koruna','','CZK',203,0.00000,'Kč','2',',','','{number} {symbol}','{sign}{number} {symbol}',0,1,0,'0000-00-00 00:00:00',0,'0000-00-00 00:00:00',0,'0000-00-00 00:00:00',0),(34,1,'Cuban peso','','CUP',192,0.00000,'₱','2',',','','{number} {symbol}','{sign}{number} {symbol}',0,1,0,'0000-00-00 00:00:00',0,'0000-00-00 00:00:00',0,'0000-00-00 00:00:00',0),(35,1,'Cape Verdean escudo','','CVE',132,0.00000,'$','0','','','{number} {symbol}','{sign}{number} {symbol}',0,1,0,'0000-00-00 00:00:00',0,'0000-00-00 00:00:00',0,'0000-00-00 00:00:00',0),(40,1,'Danish krone','','DKK',208,0.00000,'kr','2','.',',','{symbol}{number}','{symbol}{sign}{number}',0,1,0,'0000-00-00 00:00:00',0,'0000-00-00 00:00:00',0,'0000-00-00 00:00:00',0),(41,1,'Dominican peso','','DOP',214,0.00000,'RD$','2',',','','{number} {symbol}','{sign}{number} {symbol}',0,1,0,'0000-00-00 00:00:00',0,'0000-00-00 00:00:00',0,'0000-00-00 00:00:00',0),(42,1,'Algerian dinar','','DZD',12,0.00000,'د.ج','2',',','','{number} {symbol}','{sign}{number} {symbol}',0,1,0,'0000-00-00 00:00:00',0,'0000-00-00 00:00:00',0,'0000-00-00 00:00:00',0),(44,1,'Egyptian pound','','EGP',818,0.00000,'£','2',',','','{number} {symbol}','{sign}{number} {symbol}',0,1,0,'0000-00-00 00:00:00',0,'0000-00-00 00:00:00',0,'0000-00-00 00:00:00',0),(46,1,'Ethiopian birr','','ETB',230,0.00000,'ETB','2',',','','{number} {symbol}','{sign}{number} {symbol}',0,1,0,'0000-00-00 00:00:00',0,'0000-00-00 00:00:00',0,'0000-00-00 00:00:00',0),(47,1,'Euro','','EUR',978,0.00000,'€','2',',','','{number} {symbol}','{sign}{number} {symbol}',0,1,1,'0000-00-00 00:00:00',0,'0000-00-00 00:00:00',0,'0000-00-00 00:00:00',0),(49,1,'Fijian dollar','','FJD',242,0.00000,'$','2',',','','{number} {symbol}','{sign}{number} {symbol}',0,1,0,'0000-00-00 00:00:00',0,'0000-00-00 00:00:00',0,'0000-00-00 00:00:00',0),(50,1,'Falkland pound','','FKP',238,0.00000,'£','2',',','','{number} {symbol}','{sign}{number} {symbol}',0,1,0,'0000-00-00 00:00:00',0,'0000-00-00 00:00:00',0,'0000-00-00 00:00:00',0),(52,1,'British pound','','GBP',826,0.00000,'£','2','.',',','{symbol}{number}','{symbol}{sign}{number}',0,1,0,'0000-00-00 00:00:00',0,'0000-00-00 00:00:00',0,'0000-00-00 00:00:00',0),(54,1,'Gibraltar pound','','GIP',292,0.00000,'£','2',',','','{number} {symbol}','{sign}{number} {symbol}',0,1,0,'0000-00-00 00:00:00',0,'0000-00-00 00:00:00',0,'0000-00-00 00:00:00',0),(55,1,'Gambian dalasi','','GMD',270,0.00000,'D','2',',','','{number} {symbol}','{sign}{number} {symbol}',0,1,0,'0000-00-00 00:00:00',0,'0000-00-00 00:00:00',0,'0000-00-00 00:00:00',0),(56,1,'Guinean franc','','GNF',324,0.00000,'Fr','0','','','{number} {symbol}','{sign}{number} {symbol}',0,1,0,'0000-00-00 00:00:00',0,'0000-00-00 00:00:00',0,'0000-00-00 00:00:00',0),(58,1,'Guatemalan quetzal','','GTQ',320,0.00000,'Q','2',',','','{number} {symbol}','{sign}{number} {symbol}',0,1,0,'0000-00-00 00:00:00',0,'0000-00-00 00:00:00',0,'0000-00-00 00:00:00',0),(60,1,'Guyanese dollar','','GYD',328,0.00000,'$','2',',','','{number} {symbol}','{sign}{number} {symbol}',0,1,0,'0000-00-00 00:00:00',0,'0000-00-00 00:00:00',0,'0000-00-00 00:00:00',0),(61,1,'Hong Kong dollar','','HKD',344,0.00000,'元','2',',','','{number} {symbol}','{sign}{number} {symbol}',0,1,0,'0000-00-00 00:00:00',0,'0000-00-00 00:00:00',0,'0000-00-00 00:00:00',0),(62,1,'Honduran lempira','','HNL',340,0.00000,'L','2',',','','{number} {symbol}','{sign}{number} {symbol}',0,1,0,'0000-00-00 00:00:00',0,'0000-00-00 00:00:00',0,'0000-00-00 00:00:00',0),(63,1,'Haitian gourde','','HTG',332,0.00000,'G','2',',','','{number} {symbol}','{sign}{number} {symbol}',0,1,0,'0000-00-00 00:00:00',0,'0000-00-00 00:00:00',0,'0000-00-00 00:00:00',0),(64,1,'Hungarian forint','','HUF',348,0.00000,'Ft','2',',','','{number} {symbol}','{sign}{number} {symbol}',0,1,0,'0000-00-00 00:00:00',0,'0000-00-00 00:00:00',0,'0000-00-00 00:00:00',0),(65,1,'Indonesian rupiah','','IDR',360,0.00000,'Rp','0','','','{symbol}{number}','{symbol}{sign}{number}',0,1,0,'0000-00-00 00:00:00',0,'0000-00-00 00:00:00',0,'0000-00-00 00:00:00',0),(67,1,'Israeli new sheqel','','ILS',376,0.00000,'₪','2',',','','{number} {symbol}','{sign}{number} {symbol}',0,1,0,'0000-00-00 00:00:00',0,'0000-00-00 00:00:00',0,'0000-00-00 00:00:00',0),(68,1,'Indian rupee','','INR',356,0.00000,'₨','2',',','','{number} {symbol}','{sign}{number} {symbol}',0,1,0,'0000-00-00 00:00:00',0,'0000-00-00 00:00:00',0,'0000-00-00 00:00:00',0),(69,1,'Iraqi dinar','','IQD',368,0.00000,'ع.د','0','','','{number} {symbol}','{sign}{number} {symbol}',0,1,0,'0000-00-00 00:00:00',0,'0000-00-00 00:00:00',0,'0000-00-00 00:00:00',0),(70,1,'Iranian rial','','IRR',364,0.00000,'﷼','2',',','','{number} {symbol}','{sign}{number}{symb0l}',0,1,0,'0000-00-00 00:00:00',0,'0000-00-00 00:00:00',0,'0000-00-00 00:00:00',0),(73,1,'Jamaican dollar','','JMD',388,0.00000,'J$','2',',','','{number} {symbol}','{sign}{number} {symbol}',0,1,0,'0000-00-00 00:00:00',0,'0000-00-00 00:00:00',0,'0000-00-00 00:00:00',0),(74,1,'Jordanian dinar','','JOD',400,0.00000,'د.ا','2',',','','{number} {symbol}','{sign}{number} {symbol}',0,1,0,'0000-00-00 00:00:00',0,'0000-00-00 00:00:00',0,'0000-00-00 00:00:00',0),(75,1,'Japanese yen','','JPY',392,0.00000,'¥','0',',','','{number} {symbol}','{sign}{number} {symbol}',0,1,0,'0000-00-00 00:00:00',0,'0000-00-00 00:00:00',0,'0000-00-00 00:00:00',0),(76,1,'Kenyan shilling','','KES',404,0.00000,'Sh','2',',','','{number} {symbol}','{sign}{number} {symbol}',0,1,0,'0000-00-00 00:00:00',0,'0000-00-00 00:00:00',0,'0000-00-00 00:00:00',0),(77,1,'Cambodian riel','','KHR',116,0.00000,'៛','2',',','','{number} {symbol}','{sign}{number} {symbol}',0,1,0,'0000-00-00 00:00:00',0,'0000-00-00 00:00:00',0,'0000-00-00 00:00:00',0),(78,1,'Comorian franc','','KMF',174,0.00000,'Fr','0','','','{number} {symbol}','{sign}{number} {symbol}',0,1,0,'0000-00-00 00:00:00',0,'0000-00-00 00:00:00',0,'0000-00-00 00:00:00',0),(79,1,'North Korean won','','KPW',408,0.00000,'₩','0','','','{number} {symbol}','{sign}{number} {symbol}',0,1,0,'0000-00-00 00:00:00',0,'0000-00-00 00:00:00',0,'0000-00-00 00:00:00',0),(80,1,'South Korean won','','KRW',410,0.00000,'₩','0','','','{number} {symbol}','{sign}{number} {symbol}',0,1,0,'0000-00-00 00:00:00',0,'0000-00-00 00:00:00',0,'0000-00-00 00:00:00',0),(81,1,'Kuwaiti dinar','','KWD',414,0.00000,'د.ك','2',',','','{number} {symbol}','{sign}{number} {symbol}',0,1,0,'0000-00-00 00:00:00',0,'0000-00-00 00:00:00',0,'0000-00-00 00:00:00',0),(82,1,'Cayman Islands dollar','','KYD',136,0.00000,'$','2',',','','{number} {symbol}','{sign}{number} {symbol}',0,1,0,'0000-00-00 00:00:00',0,'0000-00-00 00:00:00',0,'0000-00-00 00:00:00',0),(83,1,'Lao kip','','LAK',418,0.00000,'₭','0','','','{number} {symbol}','{sign}{number} {symbol}',0,1,0,'0000-00-00 00:00:00',0,'0000-00-00 00:00:00',0,'0000-00-00 00:00:00',0),(84,1,'Lebanese pound','','LBP',422,0.00000,'£','0','','','{number} {symbol}','{sign}{number} {symbol}',0,1,0,'0000-00-00 00:00:00',0,'0000-00-00 00:00:00',0,'0000-00-00 00:00:00',0),(85,1,'Sri Lankan rupee','','LKR',144,0.00000,'₨','2',',','','{number} {symbol}','{sign}{number} {symbol}',0,1,0,'0000-00-00 00:00:00',0,'0000-00-00 00:00:00',0,'0000-00-00 00:00:00',0),(86,1,'Liberian dollar','','LRD',430,0.00000,'$','2',',','','{number} {symbol}','{sign}{number} {symbol}',0,1,0,'0000-00-00 00:00:00',0,'0000-00-00 00:00:00',0,'0000-00-00 00:00:00',0),(87,1,'Lesotho loti','','LSL',426,0.00000,'L','2',',','','{number} {symbol}','{sign}{number} {symbol}',0,1,0,'0000-00-00 00:00:00',0,'0000-00-00 00:00:00',0,'0000-00-00 00:00:00',0),(89,1,'Libyan dinar','','LYD',434,0.00000,'ل.د','3',',','','{number} {symbol}','{sign}{number} {symbol}',0,1,0,'0000-00-00 00:00:00',0,'0000-00-00 00:00:00',0,'0000-00-00 00:00:00',0),(90,1,'Moroccan dirham','','MAD',504,0.00000,'د.م.','2',',','','{number} {symbol}','{sign}{number} {symbol}',0,1,0,'0000-00-00 00:00:00',0,'0000-00-00 00:00:00',0,'0000-00-00 00:00:00',0),(92,1,'Mongolian tögrög','','MNT',496,0.00000,'₮','2',',','','{number} {symbol}','{sign}{number} {symbol}',0,1,0,'0000-00-00 00:00:00',0,'0000-00-00 00:00:00',0,'0000-00-00 00:00:00',0),(93,1,'Macanese pataca','','MOP',446,0.00000,'P','1',',','','{symbol}{number}','{symbol}{sign}{number}',0,1,0,'0000-00-00 00:00:00',0,'0000-00-00 00:00:00',0,'0000-00-00 00:00:00',0),(94,1,'Mauritanian ouguiya','','MRO',478,0.00000,'UM','2',',','','{number} {symbol}','{sign}{number} {symbol}',0,1,0,'0000-00-00 00:00:00',0,'0000-00-00 00:00:00',0,'0000-00-00 00:00:00',0),(96,1,'Mauritian rupee','','MUR',480,0.00000,'₨','2',',','','{number} {symbol}','{sign}{number} {symbol}',0,1,0,'0000-00-00 00:00:00',0,'0000-00-00 00:00:00',0,'0000-00-00 00:00:00',0),(97,1,'Maldivian rufiyaa','','MVR',462,0.00000,'ރ.','2',',','','{number} {symbol}','{sign}{number} {symbol}',0,1,0,'0000-00-00 00:00:00',0,'0000-00-00 00:00:00',0,'0000-00-00 00:00:00',0),(98,1,'Malawian kwacha','','MWK',454,0.00000,'MK','2',',','','{number} {symbol}','{sign}{number} {symbol}',0,1,0,'0000-00-00 00:00:00',0,'0000-00-00 00:00:00',0,'0000-00-00 00:00:00',0),(100,1,'Malaysian ringgit','','MYR',458,0.00000,'RM','2',',','','{number} {symbol}','{sign}{number} {symbol}',0,1,0,'0000-00-00 00:00:00',0,'0000-00-00 00:00:00',0,'0000-00-00 00:00:00',0),(102,1,'Nigerian naira','','NGN',566,0.00000,'₦','2',',','','{number} {symbol}','{sign}{number} {symbol}',0,1,0,'0000-00-00 00:00:00',0,'0000-00-00 00:00:00',0,'0000-00-00 00:00:00',0),(105,1,'Norwegian krone','','NOK',578,0.00000,'kr','2',',','','{symbol}{number}','{symbol}{sign}{number}',0,1,0,'0000-00-00 00:00:00',0,'0000-00-00 00:00:00',0,'0000-00-00 00:00:00',0),(106,1,'Nepalese rupee','','NPR',524,0.00000,'₨','2',',','','{number} {symbol}','{sign}{number} {symbol}',0,1,0,'0000-00-00 00:00:00',0,'0000-00-00 00:00:00',0,'0000-00-00 00:00:00',0),(107,1,'New Zealand dollar','','NZD',554,0.00000,'$','2',',','','{number} {symbol}','{symbol}{sign}{number}',0,1,0,'0000-00-00 00:00:00',0,'0000-00-00 00:00:00',0,'0000-00-00 00:00:00',0),(108,1,'Omani rial','','OMR',512,0.00000,'﷼','3','.','','{number} {symbol}','{sign}{number} {symbol}',0,1,0,'0000-00-00 00:00:00',0,'0000-00-00 00:00:00',0,'0000-00-00 00:00:00',0),(109,1,'Panamanian balboa','','PAB',590,0.00000,'B/.','2',',','','{number} {symbol}','{sign}{number} {symbol}',0,1,0,'0000-00-00 00:00:00',0,'0000-00-00 00:00:00',0,'0000-00-00 00:00:00',0),(110,1,'Peruvian nuevo sol','','PEN',604,0.00000,'S/.','2',',','','{number} {symbol}','{sign}{number} {symbol}',0,1,0,'0000-00-00 00:00:00',0,'0000-00-00 00:00:00',0,'0000-00-00 00:00:00',0),(111,1,'Papua New Guinean kina','','PGK',598,0.00000,'K','2',',','','{number} {symbol}','{sign}{number} {symbol}',0,1,0,'0000-00-00 00:00:00',0,'0000-00-00 00:00:00',0,'0000-00-00 00:00:00',0),(112,1,'Philippine peso','','PHP',608,0.00000,'₱','2',',','','{number} {symbol}','{sign}{number} {symbol}',0,1,0,'0000-00-00 00:00:00',0,'0000-00-00 00:00:00',0,'0000-00-00 00:00:00',0),(113,1,'Pakistani rupee','','PKR',586,0.00000,'₨','2',',','','{number} {symbol}','{sign}{number} {symbol}',0,1,0,'0000-00-00 00:00:00',0,'0000-00-00 00:00:00',0,'0000-00-00 00:00:00',0),(114,1,'Polish Złoty','','PLN',985,0.00000,'zł','2',',','','{number} {symbol}','{sign}{number} {symbol}',0,0,1,'0000-00-00 00:00:00',0,'2014-05-12 22:36:49',360,'0000-00-00 00:00:00',0),(116,1,'Paraguayan guaraní','','PYG',600,0.00000,'₲','0','','.','{symbol} {number}','{symbol} {sign}{number}',0,1,0,'0000-00-00 00:00:00',0,'0000-00-00 00:00:00',0,'0000-00-00 00:00:00',0),(117,1,'Qatari riyal','','QAR',634,0.00000,'﷼','2',',','','{number} {symbol}','{sign}{number} {symbol}',0,1,0,'0000-00-00 00:00:00',0,'0000-00-00 00:00:00',0,'0000-00-00 00:00:00',0),(118,1,'Romanian leu','','RON',946,0.00000,'lei','2',',','.','{number} {symbol}','{sign}{number} {symbol}',0,1,0,'0000-00-00 00:00:00',0,'0000-00-00 00:00:00',0,'0000-00-00 00:00:00',0),(119,1,'Rwandan franc','','RWF',646,0.00000,'Fr','2',',','','{number} {symbol}','{sign}{number} {symbol}',0,1,0,'0000-00-00 00:00:00',0,'0000-00-00 00:00:00',0,'0000-00-00 00:00:00',0),(120,1,'Saudi riyal','','SAR',682,0.00000,'﷼','2',',','','{number} {symbol}','{sign}{number} {symbol}',0,1,0,'0000-00-00 00:00:00',0,'0000-00-00 00:00:00',0,'0000-00-00 00:00:00',0),(121,1,'Solomon Islands dollar','','SBD',90,0.00000,'$','2',',','','{number} {symbol}','{sign}{number} {symbol}',0,1,0,'0000-00-00 00:00:00',0,'0000-00-00 00:00:00',0,'0000-00-00 00:00:00',0),(122,1,'Seychellois rupee','','SCR',690,0.00000,'₨','2',',','','{number} {symbol}','{sign}{number} {symbol}',0,1,0,'0000-00-00 00:00:00',0,'0000-00-00 00:00:00',0,'0000-00-00 00:00:00',0),(124,1,'Swedish krona','','SEK',752,0.00000,'kr','2',',','.','{number} {symbol}','{sign}{number} {symbol}',0,1,0,'0000-00-00 00:00:00',0,'0000-00-00 00:00:00',0,'0000-00-00 00:00:00',0),(125,1,'Singapore dollar','','SGD',702,0.00000,'$','2',',','','{number} {symbol}','{sign}{number} {symbol}',0,1,0,'0000-00-00 00:00:00',0,'0000-00-00 00:00:00',0,'0000-00-00 00:00:00',0),(126,1,'Saint Helenian pound','','SHP',654,0.00000,'£','2',',','','{number} {symbol}','{sign}{number} {symbol}',0,1,0,'0000-00-00 00:00:00',0,'0000-00-00 00:00:00',0,'0000-00-00 00:00:00',0),(127,1,'Sierra Leonean leone','','SLL',694,0.00000,'Le','2',',','','{number} {symbol}','{sign}{number} {symbol}',0,1,0,'0000-00-00 00:00:00',0,'0000-00-00 00:00:00',0,'0000-00-00 00:00:00',0),(128,1,'Somali shilling','','SOS',706,0.00000,'S','2',',','','{number} {symbol}','{sign}{number} {symbol}',0,1,0,'0000-00-00 00:00:00',0,'0000-00-00 00:00:00',0,'0000-00-00 00:00:00',0),(130,1,'São Tomé and Príncipe dobra','','STD',678,0.00000,'Db','0','','','{number} {symbol}','{sign}{number} {symbol}',0,1,0,'0000-00-00 00:00:00',0,'0000-00-00 00:00:00',0,'0000-00-00 00:00:00',0),(131,1,'Russian ruble','','RUB',643,0.00000,'руб','2',',','','{number} {symbol}','{sign}{number} {symbol}',0,1,0,'0000-00-00 00:00:00',0,'0000-00-00 00:00:00',0,'0000-00-00 00:00:00',0),(132,1,'Salvadoran colón','','SVC',222,0.00000,'$','2',',','','{number} {symbol}','{sign}{number} {symbol}',0,1,0,'0000-00-00 00:00:00',0,'0000-00-00 00:00:00',0,'0000-00-00 00:00:00',0),(133,1,'Syrian pound','','SYP',760,0.00000,'£','2',',','','{number} {symbol}','{sign}{number} {symbol}',0,1,0,'0000-00-00 00:00:00',0,'0000-00-00 00:00:00',0,'0000-00-00 00:00:00',0),(134,1,'Swazi lilangeni','','SZL',748,0.00000,'L','2',',','','{number} {symbol}','{sign}{number} {symbol}',0,1,0,'0000-00-00 00:00:00',0,'0000-00-00 00:00:00',0,'0000-00-00 00:00:00',0),(135,1,'Thai baht','','THB',764,0.00000,'฿','2',',','','{number} {symbol}','{sign}{number} {symbol}',0,1,0,'0000-00-00 00:00:00',0,'0000-00-00 00:00:00',0,'0000-00-00 00:00:00',0),(136,1,'Tunisian dinar','','TND',788,0.00000,'د.ت','3',',','','{number} {symbol}','{sign}{number} {symbol}',0,1,0,'0000-00-00 00:00:00',0,'0000-00-00 00:00:00',0,'0000-00-00 00:00:00',0),(137,1,'Tongan paʻanga','','TOP',776,0.00000,'T$','2',',','','{number} {symbol}','{sign}{number} {symbol}',0,1,0,'0000-00-00 00:00:00',0,'0000-00-00 00:00:00',0,'0000-00-00 00:00:00',0),(139,1,'Turkish new lira','','TRY',949,0.00000,'YTL','2',',','.','{number} {symbol}','{sign}{number} {symbol}',0,1,0,'0000-00-00 00:00:00',0,'0000-00-00 00:00:00',0,'0000-00-00 00:00:00',0),(140,1,'Trinidad and Tobago dollar','','TTD',780,0.00000,'TT$','2',',','','{number} {symbol}','{sign}{number} {symbol}',0,1,0,'0000-00-00 00:00:00',0,'0000-00-00 00:00:00',0,'0000-00-00 00:00:00',0),(141,1,'New Taiwan dollar','','TWD',901,0.00000,'NT$','2',',','','{number} {symbol}','{sign}{number} {symbol}',0,1,0,'0000-00-00 00:00:00',0,'0000-00-00 00:00:00',0,'0000-00-00 00:00:00',0),(142,1,'Tanzanian shilling','','TZS',834,0.00000,'Sh','2',',','','{number} {symbol}','{sign}{number} {symbol}',0,1,0,'0000-00-00 00:00:00',0,'0000-00-00 00:00:00',0,'0000-00-00 00:00:00',0),(144,1,'United States dollar','','USD',840,0.00000,'$','2','.',',','{symbol}{number}','{symbol}{sign}{number}',0,1,0,'0000-00-00 00:00:00',0,'0000-00-00 00:00:00',0,'0000-00-00 00:00:00',0),(147,1,'Vietnamese Dong','','VND',704,0.00000,'₫','0','','','{number} {symbol}','{sign}{number} {symbol}',0,1,0,'0000-00-00 00:00:00',0,'0000-00-00 00:00:00',0,'0000-00-00 00:00:00',0),(148,1,'Vanuatu vatu','','VUV',548,0.00000,'Vt','2',',','','{number} {symbol}','{sign}{number} {symbol}',0,1,0,'0000-00-00 00:00:00',0,'0000-00-00 00:00:00',0,'0000-00-00 00:00:00',0),(149,1,'Samoan tala','','WST',882,0.00000,'T','2',',','','{number} {symbol}','{sign}{number} {symbol}',0,1,0,'0000-00-00 00:00:00',0,'0000-00-00 00:00:00',0,'0000-00-00 00:00:00',0),(151,1,'Yemeni rial','','YER',886,0.00000,'﷼','2',',','','{number} {symbol}','{sign}{number} {symbol}',0,1,0,'0000-00-00 00:00:00',0,'0000-00-00 00:00:00',0,'0000-00-00 00:00:00',0),(152,1,'Serbian dinar','','RSD',941,0.00000,'Дин.','2',',','','{number} {symbol}','{sign}{number} {symbol}',0,1,0,'0000-00-00 00:00:00',0,'0000-00-00 00:00:00',0,'0000-00-00 00:00:00',0),(153,1,'South African rand','','ZAR',710,0.00000,'R','2',',','','{number} {symbol}','{sign}{number} {symbol}',0,1,0,'0000-00-00 00:00:00',0,'0000-00-00 00:00:00',0,'0000-00-00 00:00:00',0),(154,1,'Zambian kwacha','','ZMK',894,0.00000,'ZK','2',',','','{number} {symbol}','{sign}{number} {symbol}',0,1,0,'0000-00-00 00:00:00',0,'0000-00-00 00:00:00',0,'0000-00-00 00:00:00',0),(156,1,'Zimbabwean dollar','','ZWD',932,0.00000,'Z$','2',',','','{number} {symbol}','{sign}{number} {symbol}',0,1,0,'0000-00-00 00:00:00',0,'0000-00-00 00:00:00',0,'0000-00-00 00:00:00',0),(158,1,'Armenian dram','','AMD',51,0.00000,'դր.','2',',','','{number} {symbol}','{sign}{number} {symbol}',0,1,0,'0000-00-00 00:00:00',0,'0000-00-00 00:00:00',0,'0000-00-00 00:00:00',0),(159,1,'Myanmar kyat','','MMK',104,0.00000,'K','2',',','','{number} {symbol}','{symbol} {sign}{number}',0,1,0,'0000-00-00 00:00:00',0,'0000-00-00 00:00:00',0,'0000-00-00 00:00:00',0),(160,1,'Croatian kuna','','HRK',191,0.00000,'kn','2',',','.','{number} {symbol}','{sign}{number} {symbol}',0,1,0,'0000-00-00 00:00:00',0,'0000-00-00 00:00:00',0,'0000-00-00 00:00:00',0),(161,1,'Eritrean nakfa','','ERN',232,0.00000,'Nfk','2',',','','{number} {symbol}','{sign}{number} {symbol}',0,1,0,'0000-00-00 00:00:00',0,'0000-00-00 00:00:00',0,'0000-00-00 00:00:00',0),(162,1,'Djiboutian franc','','DJF',262,0.00000,'Fr','0','','','{number} {symbol}','{sign}{number} {symbol}',0,1,0,'0000-00-00 00:00:00',0,'0000-00-00 00:00:00',0,'0000-00-00 00:00:00',0),(163,1,'Icelandic króna','','ISK',352,0.00000,'kr','2',',','','{number} {symbol}','{sign}{number} {symbol}',0,1,0,'0000-00-00 00:00:00',0,'0000-00-00 00:00:00',0,'0000-00-00 00:00:00',0),(164,1,'Kazakhstani tenge','','KZT',398,0.00000,'лв','2',',','','{number} {symbol}','{sign}{number} {symbol}',0,1,0,'0000-00-00 00:00:00',0,'0000-00-00 00:00:00',0,'0000-00-00 00:00:00',0),(165,1,'Kyrgyzstani som','','KGS',417,0.00000,'лв','2',',','','{number} {symbol}','{sign}{number} {symbol}',0,1,0,'0000-00-00 00:00:00',0,'0000-00-00 00:00:00',0,'0000-00-00 00:00:00',0),(166,1,'Latvian lats','','LVL',428,0.00000,'Ls','2',',','','{number} {symbol}','{sign}{number} {symbol}',0,1,0,'0000-00-00 00:00:00',0,'0000-00-00 00:00:00',0,'0000-00-00 00:00:00',0),(167,1,'Lithuanian litas','','LTL',440,0.00000,'Lt','2',',','','{number} {symbol}','{sign}{number} {symbol}',0,1,0,'0000-00-00 00:00:00',0,'0000-00-00 00:00:00',0,'0000-00-00 00:00:00',0),(168,1,'Mexican peso','','MXN',484,0.00000,'$','2',',','','{number} {symbol}','{sign}{number} {symbol}',0,1,0,'0000-00-00 00:00:00',0,'0000-00-00 00:00:00',0,'0000-00-00 00:00:00',0),(169,1,'Moldovan leu','','MDL',498,0.00000,'L','2',',','','{number} {symbol}','{sign}{number} {symbol}',0,1,0,'0000-00-00 00:00:00',0,'0000-00-00 00:00:00',0,'0000-00-00 00:00:00',0),(170,1,'Namibian dollar','','NAD',516,0.00000,'$','2',',','','{number} {symbol}','{sign}{number} {symbol}',0,1,0,'0000-00-00 00:00:00',0,'0000-00-00 00:00:00',0,'0000-00-00 00:00:00',0),(171,1,'Nicaraguan córdoba','','NIO',558,0.00000,'C$','2',',','','{number} {symbol}','{sign}{number} {symbol}',0,1,0,'0000-00-00 00:00:00',0,'0000-00-00 00:00:00',0,'0000-00-00 00:00:00',0),(172,1,'Ugandan shilling','','UGX',800,0.00000,'Sh','2',',','','{number} {symbol}','{sign}{number} {symbol}',0,1,0,'0000-00-00 00:00:00',0,'0000-00-00 00:00:00',0,'0000-00-00 00:00:00',0),(173,1,'Macedonian denar','','MKD',807,0.00000,'ден','2',',','','{number} {symbol}','{sign}{number} {symbol}',0,1,0,'0000-00-00 00:00:00',0,'0000-00-00 00:00:00',0,'0000-00-00 00:00:00',0),(174,1,'Uruguayan peso','','UYU',858,0.00000,'$','0','','','{symbol}number}','{symbol}{sign}{number}',0,1,0,'0000-00-00 00:00:00',0,'0000-00-00 00:00:00',0,'0000-00-00 00:00:00',0),(175,1,'Uzbekistani som','','UZS',860,0.00000,'лв','2',',','','{number} {symbol}','{sign}{number} {symbol}',0,1,0,'0000-00-00 00:00:00',0,'0000-00-00 00:00:00',0,'0000-00-00 00:00:00',0),(176,1,'Azerbaijani manat','','AZN',934,0.00000,'ман','2',',','','{number} {symbol}','{sign}{number} {symbol}',0,1,0,'0000-00-00 00:00:00',0,'0000-00-00 00:00:00',0,'0000-00-00 00:00:00',0),(177,1,'Ghanaian cedi','','GHS',936,0.00000,'₵','2',',','','{number} {symbol}','{sign}{number} {symbol}',0,1,0,'0000-00-00 00:00:00',0,'0000-00-00 00:00:00',0,'0000-00-00 00:00:00',0),(178,1,'Venezuelan bolívar','','VEF',937,0.00000,'Bs','2',',','','{number} {symbol}','{sign}{number} {symbol}',0,1,0,'0000-00-00 00:00:00',0,'0000-00-00 00:00:00',0,'0000-00-00 00:00:00',0),(179,1,'Sudanese pound','','SDG',938,0.00000,'£','2',',','','{number} {symbol}','{sign}{number} {symbol}',0,1,0,'0000-00-00 00:00:00',0,'0000-00-00 00:00:00',0,'0000-00-00 00:00:00',0),(180,1,'Uruguay Peso','','UYI',940,0.00000,'UYI','2',',','','{number} {symbol}','{sign}{number} {symbol}',0,1,0,'0000-00-00 00:00:00',0,'0000-00-00 00:00:00',0,'0000-00-00 00:00:00',0),(181,1,'Mozambican metical','','MZN',943,0.00000,'MT','2',',','','{number} {symbol}','{sign}{number} {symbol}',0,1,0,'0000-00-00 00:00:00',0,'0000-00-00 00:00:00',0,'0000-00-00 00:00:00',0),(182,1,'WIR Euro','','CHE',947,0.00000,'€','2',',','','{number} {symbol}','{sign}{number} {symbol}',0,1,0,'0000-00-00 00:00:00',0,'0000-00-00 00:00:00',0,'0000-00-00 00:00:00',0),(183,1,'WIR Franc','','CHW',948,0.00000,'CHW','2',',','','{number} {symbol}','{sign}{number} {symbol}',0,1,0,'0000-00-00 00:00:00',0,'0000-00-00 00:00:00',0,'0000-00-00 00:00:00',0),(184,1,'Central African CFA franc','','XAF',950,0.00000,'Fr','0','','','{number} {symbol}','{sign}{number} {symbol}',0,1,0,'0000-00-00 00:00:00',0,'0000-00-00 00:00:00',0,'0000-00-00 00:00:00',0),(185,1,'East Caribbean dollar','','XCD',951,0.00000,'$','2',',','','{number} {symbol}','{sign}{number} {symbol}',0,1,0,'0000-00-00 00:00:00',0,'0000-00-00 00:00:00',0,'0000-00-00 00:00:00',0),(186,1,'West African CFA franc','','XOF',952,0.00000,'Fr','2',',','','{number} {symbol}','{sign}{number} {symbol}',0,1,0,'0000-00-00 00:00:00',0,'0000-00-00 00:00:00',0,'0000-00-00 00:00:00',0),(187,1,'CFP franc','','XPF',953,0.00000,'Fr','2',',','','{number} {symbol}','{sign}{number} {symbol}',0,1,0,'0000-00-00 00:00:00',0,'0000-00-00 00:00:00',0,'0000-00-00 00:00:00',0),(188,1,'Surinamese dollar','','SRD',968,0.00000,'$','2',',','','{number} {symbol}','{sign}{number} {symbol}',0,1,0,'0000-00-00 00:00:00',0,'0000-00-00 00:00:00',0,'0000-00-00 00:00:00',0),(189,1,'Malagasy ariary','','MGA',969,0.00000,'MGA','2',',','','{number} {symbol}','{sign}{number} {symbol}',0,1,0,'0000-00-00 00:00:00',0,'0000-00-00 00:00:00',0,'0000-00-00 00:00:00',0),(190,1,'Unidad de Valor Real','','COU',970,0.00000,'COU','2',',','','{number} {symbol}','{sign}{number} {symbol}',0,1,0,'0000-00-00 00:00:00',0,'0000-00-00 00:00:00',0,'0000-00-00 00:00:00',0),(191,1,'Afghan afghani','','AFN',971,0.00000,'؋','2',',','','{number} {symbol}','{sign}{number} {symbol}',0,1,0,'0000-00-00 00:00:00',0,'0000-00-00 00:00:00',0,'0000-00-00 00:00:00',0),(192,1,'Tajikistani somoni','','TJS',972,0.00000,'ЅМ','2',',','','{number} {symbol}','{sign}{number} {symbol}',0,1,0,'0000-00-00 00:00:00',0,'0000-00-00 00:00:00',0,'0000-00-00 00:00:00',0),(193,1,'Angolan kwanza','','AOA',973,0.00000,'Kz','2',',','','{number} {symbol}','{sign}{number} {symbol}',0,1,0,'0000-00-00 00:00:00',0,'0000-00-00 00:00:00',0,'0000-00-00 00:00:00',0),(194,1,'Belarusian ruble','','BYR',974,0.00000,'p.','0','','','{number} {symbol}','{sign}{number} {symbol}',0,1,0,'0000-00-00 00:00:00',0,'0000-00-00 00:00:00',0,'0000-00-00 00:00:00',0),(195,1,'Bulgarian lev','','BGN',975,0.00000,'лв','2',',','','{number} {symbol}','{sign}{number} {symbol}',0,1,0,'0000-00-00 00:00:00',0,'0000-00-00 00:00:00',0,'0000-00-00 00:00:00',0),(196,1,'Congolese franc','','CDF',976,0.00000,'Fr','2',',','','{number} {symbol}','{sign}{number} {symbol}',0,1,0,'0000-00-00 00:00:00',0,'0000-00-00 00:00:00',0,'0000-00-00 00:00:00',0),(197,1,'Bosnia and Herzegovina convert','','BAM',977,0.00000,'KM','2',',','','{number} {symbol}','{sign}{number} {symbol}',0,1,0,'0000-00-00 00:00:00',0,'0000-00-00 00:00:00',0,'0000-00-00 00:00:00',0),(198,1,'Mexican Unid','','MXV',979,0.00000,'MXV','2',',','','{number} {symbol}','{sign}{number} {symbol}',0,1,0,'0000-00-00 00:00:00',0,'0000-00-00 00:00:00',0,'0000-00-00 00:00:00',0),(199,1,'Ukrainian hryvnia','','UAH',980,0.00000,'₴','2',',','','{number} {symbol}','{sign}{number} {symbol}',0,1,0,'0000-00-00 00:00:00',0,'0000-00-00 00:00:00',0,'0000-00-00 00:00:00',0),(200,1,'Georgian lari','','GEL',981,0.00000,'ლ','2',',','','{number} {symbol}','{sign}{number} {symbol}',0,1,0,'0000-00-00 00:00:00',0,'0000-00-00 00:00:00',0,'0000-00-00 00:00:00',0),(201,1,'Mvdol','','BOV',984,0.00000,'BOV','2',',','','{number} {symbol}','{sign}{number} {symbol}',0,1,0,'0000-00-00 00:00:00',0,'0000-00-00 00:00:00',0,'0000-00-00 00:00:00',0);
CREATE TABLE `jos_virtuemart_customs` (
  `virtuemart_custom_id` int(11) unsigned NOT NULL AUTO_INCREMENT,
  `custom_parent_id` int(1) unsigned NOT NULL DEFAULT '0',
  `virtuemart_vendor_id` smallint(1) NOT NULL DEFAULT '1',
  `custom_jplugin_id` int(11) NOT NULL DEFAULT '0',
  `custom_element` char(50) NOT NULL DEFAULT '',
  `admin_only` tinyint(1) NOT NULL DEFAULT '0' COMMENT '1:Display in admin only',
  `custom_title` char(255) NOT NULL DEFAULT '' COMMENT 'field title',
  `show_title` tinyint(1) NOT NULL DEFAULT '1',
  `custom_tip` char(255) NOT NULL DEFAULT '' COMMENT 'tip',
  `custom_value` char(255) DEFAULT NULL COMMENT 'defaut value',
  `custom_field_desc` char(255) DEFAULT NULL COMMENT 'description or unit',
  `field_type` char(1) NOT NULL DEFAULT '0' COMMENT 'S:string,I:int,P:parent, B:bool,D:date,T:time,H:hidden',
  `is_list` tinyint(1) NOT NULL DEFAULT '0' COMMENT 'list of values',
  `is_hidden` tinyint(1) NOT NULL DEFAULT '0' COMMENT '1:hidden',
  `is_cart_attribute` tinyint(1) NOT NULL DEFAULT '0' COMMENT 'Add attributes to cart',
  `layout_pos` char(24) DEFAULT NULL COMMENT 'Layout Position',
  `custom_params` text,
  `shared` tinyint(1) NOT NULL DEFAULT '0' COMMENT 'valide for all vendors?',
  `published` tinyint(1) NOT NULL DEFAULT '1',
  `created_on` datetime NOT NULL DEFAULT '0000-00-00 00:00:00',
  `created_by` int(11) NOT NULL DEFAULT '0',
  `ordering` int(2) NOT NULL DEFAULT '0',
  `modified_on` datetime NOT NULL DEFAULT '0000-00-00 00:00:00',
  `modified_by` int(11) NOT NULL DEFAULT '0',
  `locked_on` datetime NOT NULL DEFAULT '0000-00-00 00:00:00',
  `locked_by` int(11) NOT NULL DEFAULT '0',
  PRIMARY KEY (`virtuemart_custom_id`),
  KEY `i_custom_parent_id` (`custom_parent_id`),
  KEY `i_virtuemart_vendor_id` (`virtuemart_vendor_id`),
  KEY `idx_custom_element` (`custom_element`),
  KEY `idx_field_type` (`field_type`),
  KEY `i_is_cart_attribute` (`is_cart_attribute`),
  KEY `i_shared` (`shared`),
  KEY `i_published` (`published`),
  KEY `i_ordering` (`ordering`)
) ENGINE=MyISAM AUTO_INCREMENT=3 DEFAULT CHARSET=utf8 COMMENT='custom fields definition';
INSERT INTO `jos_virtuemart_customs` VALUES (1,0,1,0,'',0,'COM_VIRTUEMART_RELATED_PRODUCTS',1,'COM_VIRTUEMART_RELATED_PRODUCTS_TIP','','COM_VIRTUEMART_RELATED_PRODUCTS_DESC','R',0,0,0,NULL,NULL,0,1,'2011-05-25 21:52:43',62,0,'2011-05-25 21:52:43',62,'0000-00-00 00:00:00',0),(2,0,1,0,'',0,'COM_VIRTUEMART_RELATED_CATEGORIES',1,'COM_VIRTUEMART_RELATED_CATEGORIES_TIP',NULL,'COM_VIRTUEMART_RELATED_CATEGORIES_DESC','Z',0,0,0,NULL,NULL,0,1,'0000-00-00 00:00:00',0,0,'0000-00-00 00:00:00',0,'0000-00-00 00:00:00',0);
CREATE TABLE `jos_virtuemart_invoices` (
  `virtuemart_invoice_id` int(1) unsigned NOT NULL AUTO_INCREMENT,
  `virtuemart_vendor_id` smallint(1) unsigned NOT NULL DEFAULT '1',
  `virtuemart_order_id` int(1) unsigned DEFAULT NULL,
  `invoice_number` char(64) DEFAULT NULL,
  `order_status` char(2) DEFAULT NULL,
  `xhtml` text,
  `created_on` datetime NOT NULL DEFAULT '0000-00-00 00:00:00',
  `created_by` int(11) NOT NULL DEFAULT '0',
  `modified_on` datetime NOT NULL DEFAULT '0000-00-00 00:00:00',
  `modified_by` int(11) NOT NULL DEFAULT '0',
  `locked_on` datetime NOT NULL DEFAULT '0000-00-00 00:00:00',
  `locked_by` int(11) NOT NULL DEFAULT '0',
  PRIMARY KEY (`virtuemart_invoice_id`),
  UNIQUE KEY `idx_invoice_number` (`invoice_number`,`virtuemart_vendor_id`),
  KEY `idx_virtuemart_order_id` (`virtuemart_order_id`),
  KEY `i_virtuemart_vendor_id` (`virtuemart_vendor_id`)
) ENGINE=InnoDB AUTO_INCREMENT=18 DEFAULT CHARSET=utf8 COMMENT='custom fields definition';
INSERT INTO `jos_virtuemart_invoices` VALUES (1,1,1,'140801fdc01 not found. not found. not found. not found.','C','','2014-08-01 10:38:10',360,'2014-12-10 22:06:02',362,'0000-00-00 00:00:00',0),(2,1,3,'14080138802 not found.','P','','2014-08-01 11:44:07',0,'2014-08-04 15:06:59',360,'0000-00-00 00:00:00',0),(3,1,10,'14080434003 not found.','C','','2014-08-04 15:35:23',360,'2014-08-04 16:15:15',360,'0000-00-00 00:00:00',0),(4,1,9,'1408043dc04 not found.','C','','2014-08-04 15:36:01',360,'2014-08-04 16:15:15',360,'0000-00-00 00:00:00',0),(5,1,13,'140804f9905_20140804','P','','2014-08-04 16:09:49',0,'2014-08-04 16:15:15',360,'0000-00-00 00:00:00',0),(6,1,15,'14080440106_20140804','P','','2014-08-04 16:20:34',0,'2014-08-04 16:24:58',360,'0000-00-00 00:00:00',0),(7,1,17,'140804dbe07_20140804','P','','2014-08-04 16:30:17',0,'2014-08-04 16:34:43',360,'0000-00-00 00:00:00',0),(8,1,18,'1408044c008_20140804','P','','2014-08-04 16:35:17',0,'2014-08-04 16:48:38',360,'0000-00-00 00:00:00',0),(9,1,19,'14080480309 not found.','C','','2014-08-04 16:41:30',360,'2014-08-04 16:48:38',360,'0000-00-00 00:00:00',0),(10,1,20,'140804ea8010 not found.','C','','2014-08-04 16:48:06',360,'2014-08-04 16:54:28',360,'0000-00-00 00:00:00',0),(11,1,21,'140804df3011_20140804','P','','2014-08-04 16:52:34',0,'2014-08-04 16:54:28',360,'0000-00-00 00:00:00',0),(12,1,22,'14080439a012_20140804','P','','2014-08-04 16:55:20',0,'2014-08-04 16:56:40',360,'0000-00-00 00:00:00',0),(13,1,23,'1408047cd013_20140804','P','','2014-08-04 16:58:30',0,'2014-08-04 17:18:56',360,'0000-00-00 00:00:00',0),(14,1,24,'1408048b9014_20140804','P','','2014-08-04 17:18:23',0,'2014-08-04 17:18:56',360,'0000-00-00 00:00:00',0),(15,1,25,'140804a8c015_20140804','P','','2014-08-04 17:20:07',0,'2014-08-04 17:27:00',362,'0000-00-00 00:00:00',0),(16,1,26,'140804f94016_20140804','P','','2014-08-04 17:33:38',0,'2014-08-04 17:40:04',362,'0000-00-00 00:00:00',0),(17,1,27,'140804542017_20140804','P','','2014-08-04 17:36:44',0,'2014-08-04 17:39:57',362,'0000-00-00 00:00:00',0);
CREATE TABLE `jos_virtuemart_manufacturer_medias` (
  `id` int(11) unsigned NOT NULL AUTO_INCREMENT,
  `virtuemart_manufacturer_id` smallint(1) unsigned NOT NULL DEFAULT '0',
  `virtuemart_media_id` int(1) unsigned NOT NULL DEFAULT '0',
  `ordering` int(2) NOT NULL DEFAULT '0',
  PRIMARY KEY (`id`),
  UNIQUE KEY `i_virtuemart_manufacturer_id` (`virtuemart_manufacturer_id`,`virtuemart_media_id`),
  KEY `ordering` (`ordering`)
) ENGINE=MyISAM AUTO_INCREMENT=19 DEFAULT CHARSET=utf8;
INSERT INTO `jos_virtuemart_manufacturer_medias` VALUES (1,2,210,1),(3,5,273,1),(4,7,274,1),(5,8,275,1),(6,19,276,1),(7,3,277,1),(8,6,278,1),(9,9,279,1),(10,4,280,1),(11,14,281,1),(12,15,282,1),(13,12,283,1),(14,11,284,1),(15,16,285,1),(16,17,286,1),(17,13,287,1),(18,10,288,1);
CREATE TABLE `jos_virtuemart_manufacturercategories` (
  `virtuemart_manufacturercategories_id` int(11) unsigned NOT NULL AUTO_INCREMENT,
  `published` tinyint(1) NOT NULL DEFAULT '1',
  `created_on` datetime NOT NULL DEFAULT '0000-00-00 00:00:00',
  `created_by` int(11) NOT NULL DEFAULT '0',
  `modified_on` datetime NOT NULL DEFAULT '0000-00-00 00:00:00',
  `modified_by` int(11) NOT NULL DEFAULT '0',
  `locked_on` datetime NOT NULL DEFAULT '0000-00-00 00:00:00',
  `locked_by` int(11) NOT NULL DEFAULT '0',
  PRIMARY KEY (`virtuemart_manufacturercategories_id`),
  KEY `published` (`published`)
) ENGINE=MyISAM AUTO_INCREMENT=4 DEFAULT CHARSET=utf8 COMMENT='Manufacturers are assigned to these categories';
INSERT INTO `jos_virtuemart_manufacturercategories` VALUES (1,1,'2014-05-13 14:13:37',361,'2014-05-13 14:14:13',361,'0000-00-00 00:00:00',0),(2,1,'2014-05-13 14:16:49',361,'2014-05-13 14:16:49',361,'0000-00-00 00:00:00',0),(3,1,'2014-05-13 14:18:24',361,'2014-05-13 14:18:24',361,'0000-00-00 00:00:00',0);
CREATE TABLE `jos_virtuemart_manufacturercategories_en_gb` (
  `virtuemart_manufacturercategories_id` int(1) unsigned NOT NULL,
  `mf_category_name` char(180) NOT NULL DEFAULT '',
  `mf_category_desc` varchar(19000) NOT NULL DEFAULT '',
  `slug` char(192) NOT NULL DEFAULT '',
  PRIMARY KEY (`virtuemart_manufacturercategories_id`),
  UNIQUE KEY `slug` (`slug`)
) ENGINE=MyISAM DEFAULT CHARSET=utf8;
CREATE TABLE `jos_virtuemart_manufacturercategories_pl_pl` (
  `virtuemart_manufacturercategories_id` int(1) unsigned NOT NULL,
  `mf_category_name` char(180) NOT NULL DEFAULT '',
  `mf_category_desc` varchar(19000) NOT NULL DEFAULT '',
  `slug` char(192) NOT NULL DEFAULT '',
  PRIMARY KEY (`virtuemart_manufacturercategories_id`),
  UNIQUE KEY `slug` (`slug`)
) ENGINE=MyISAM DEFAULT CHARSET=utf8;
INSERT INTO `jos_virtuemart_manufacturercategories_pl_pl` VALUES (1,'TUSA','Jackety, Maski, Płetwy, Fajki, Buty, Instrumenty pomiarowe, Noże','tusa'),(2,'POSEIDON','Płetwy','poseidon'),(3,'APEKS','Automaty oddechowe','apeks');
CREATE TABLE `jos_virtuemart_manufacturers` (
  `virtuemart_manufacturer_id` smallint(1) unsigned NOT NULL AUTO_INCREMENT,
  `virtuemart_manufacturercategories_id` int(11) DEFAULT NULL,
  `hits` int(11) unsigned NOT NULL DEFAULT '0',
  `published` tinyint(1) NOT NULL DEFAULT '1',
  `created_on` datetime NOT NULL DEFAULT '0000-00-00 00:00:00',
  `created_by` int(11) NOT NULL DEFAULT '0',
  `modified_on` datetime NOT NULL DEFAULT '0000-00-00 00:00:00',
  `modified_by` int(11) NOT NULL DEFAULT '0',
  `locked_on` datetime NOT NULL DEFAULT '0000-00-00 00:00:00',
  `locked_by` int(11) NOT NULL DEFAULT '0',
  PRIMARY KEY (`virtuemart_manufacturer_id`),
  KEY `published` (`published`)
) ENGINE=MyISAM AUTO_INCREMENT=21 DEFAULT CHARSET=utf8 COMMENT='Manufacturers are those who deliver products';
INSERT INTO `jos_virtuemart_manufacturers` VALUES (4,1,0,1,'2014-05-13 14:04:27',361,'2014-10-22 09:25:20',362,'0000-00-00 00:00:00',0),(2,1,0,1,'2014-05-13 14:03:36',361,'2014-10-08 21:26:00',362,'0000-00-00 00:00:00',0),(3,1,0,1,'2014-05-13 14:03:53',361,'2014-10-22 09:20:17',362,'0000-00-00 00:00:00',0),(5,1,0,1,'2014-05-13 14:05:13',361,'2014-10-22 09:12:06',362,'0000-00-00 00:00:00',0),(6,1,0,1,'2014-05-13 14:06:03',361,'2014-10-22 09:22:02',362,'0000-00-00 00:00:00',0),(7,1,0,1,'2014-05-13 14:07:19',361,'2014-10-22 09:13:01',362,'0000-00-00 00:00:00',0),(8,1,0,1,'2014-05-13 14:07:44',361,'2014-10-22 09:15:42',362,'0000-00-00 00:00:00',0),(9,1,0,1,'2014-05-13 14:08:11',361,'2014-10-22 09:23:34',362,'0000-00-00 00:00:00',0),(10,1,0,1,'2014-05-13 15:50:52',361,'2014-10-22 09:41:18',362,'0000-00-00 00:00:00',0),(11,1,0,1,'2014-05-16 19:44:43',361,'2014-10-22 09:33:28',362,'0000-00-00 00:00:00',0),(12,1,0,1,'2014-05-16 19:45:08',361,'2014-10-22 09:32:40',362,'0000-00-00 00:00:00',0),(13,1,0,1,'2014-05-16 19:47:39',361,'2014-10-22 09:40:13',362,'0000-00-00 00:00:00',0),(14,1,0,1,'2014-05-16 19:48:38',361,'2014-10-22 09:27:33',362,'0000-00-00 00:00:00',0),(15,1,0,1,'2014-05-16 21:59:55',361,'2014-10-22 09:31:13',362,'0000-00-00 00:00:00',0),(16,1,0,1,'2014-05-16 22:01:28',361,'2014-10-22 09:34:03',362,'0000-00-00 00:00:00',0),(17,1,0,1,'2014-05-16 22:01:47',361,'2014-10-22 09:37:51',362,'0000-00-00 00:00:00',0),(20,1,0,1,'2014-11-25 21:25:52',362,'2014-11-25 21:25:52',362,'0000-00-00 00:00:00',0),(19,1,0,1,'2014-10-09 21:32:29',362,'2014-10-22 09:18:36',362,'0000-00-00 00:00:00',0);
CREATE TABLE `jos_virtuemart_manufacturers_en_gb` (
  `virtuemart_manufacturer_id` int(1) unsigned NOT NULL,
  `mf_name` char(180) NOT NULL DEFAULT '',
  `mf_email` char(255) NOT NULL DEFAULT '',
  `mf_desc` varchar(19000) NOT NULL DEFAULT '',
  `mf_url` char(255) NOT NULL DEFAULT '',
  `slug` char(192) NOT NULL DEFAULT '',
  PRIMARY KEY (`virtuemart_manufacturer_id`),
  UNIQUE KEY `slug` (`slug`)
) ENGINE=MyISAM DEFAULT CHARSET=utf8;
CREATE TABLE `jos_virtuemart_manufacturers_pl_pl` (
  `virtuemart_manufacturer_id` int(1) unsigned NOT NULL,
  `mf_name` char(180) NOT NULL DEFAULT '',
  `mf_email` char(255) NOT NULL DEFAULT '',
  `mf_desc` varchar(19000) NOT NULL DEFAULT '',
  `mf_url` char(255) NOT NULL DEFAULT '',
  `slug` char(192) NOT NULL DEFAULT '',
  PRIMARY KEY (`virtuemart_manufacturer_id`),
  UNIQUE KEY `slug` (`slug`)
) ENGINE=MyISAM DEFAULT CHARSET=utf8;
INSERT INTO `jos_virtuemart_manufacturers_pl_pl` VALUES (4,'POSEIDON','','','','poseidon'),(2,'APEKS','','','','apeks'),(3,'TUSA','','','','tusa'),(5,'SCUBATECH','','','','scubatech'),(6,'SUB-GEAR','','','','sub-gear'),(7,'TECLINE','','','','tecline'),(8,'BARE','','','','bare'),(9,'OCEANIC','','','','oceanic'),(10,'X - DEEP','','','','x-deep'),(11,'EUROCYLINDER','','','','euocylinder'),(12,'FABER','','','','faber'),(13,'VITKOVICE','','','','vitkovice'),(14,'MCNETT','','','','mcnett'),(15,'LUXFER','','','','luxfer'),(16,'CATALINA','','','','catalina'),(17,'POLARIS','','','','polaris'),(19,'SUUNTO','','','','suunto-1'),(20,'AERIS','','','','aeris');
CREATE TABLE `jos_virtuemart_medias` (
  `virtuemart_media_id` int(11) unsigned NOT NULL AUTO_INCREMENT,
  `virtuemart_vendor_id` smallint(1) NOT NULL DEFAULT '1',
  `file_title` char(126) NOT NULL DEFAULT '',
  `file_description` char(254) NOT NULL DEFAULT '',
  `file_meta` char(254) NOT NULL DEFAULT '',
  `file_mimetype` char(64) NOT NULL DEFAULT '',
  `file_type` char(32) NOT NULL DEFAULT '',
  `file_url` varchar(900) NOT NULL DEFAULT '',
  `file_url_thumb` varchar(900) NOT NULL DEFAULT '',
  `file_is_product_image` tinyint(1) NOT NULL DEFAULT '0',
  `file_is_downloadable` tinyint(1) NOT NULL DEFAULT '0',
  `file_is_forSale` tinyint(1) NOT NULL DEFAULT '0',
  `file_params` varchar(17500) DEFAULT NULL,
  `file_lang` varchar(500) NOT NULL,
  `shared` tinyint(1) NOT NULL DEFAULT '0',
  `published` tinyint(1) NOT NULL DEFAULT '1',
  `created_on` datetime NOT NULL DEFAULT '0000-00-00 00:00:00',
  `created_by` int(11) NOT NULL DEFAULT '0',
  `modified_on` datetime NOT NULL DEFAULT '0000-00-00 00:00:00',
  `modified_by` int(11) NOT NULL DEFAULT '0',
  `locked_on` datetime NOT NULL DEFAULT '0000-00-00 00:00:00',
  `locked_by` int(11) NOT NULL DEFAULT '0',
  PRIMARY KEY (`virtuemart_media_id`),
  KEY `i_virtuemart_vendor_id` (`virtuemart_vendor_id`),
  KEY `i_published` (`published`),
  KEY `i_shared` (`shared`)
) ENGINE=MyISAM AUTO_INCREMENT=619 DEFAULT CHARSET=utf8 COMMENT='Additional Images and Files which are assigned to products';
INSERT INTO `jos_virtuemart_medias` VALUES (79,1,'pobrane-(1).jpg','','','image/jpeg','category','images/stories/virtuemart/category/pobrane-(1).jpg','',0,0,0,'','',0,1,'2014-05-15 05:55:32',361,'2014-10-09 21:01:34',362,'0000-00-00 00:00:00',0),(72,1,'tec-line.jpg','','','image/jpeg','product','images/stories/virtuemart/product/tec-line.jpg','',0,0,0,'','',0,1,'2014-05-15 05:21:05',361,'2015-02-14 00:16:54',362,'0000-00-00 00:00:00',0),(73,1,'tiara.jpg','','','image/jpeg','product','images/stories/virtuemart/product/tiara.jpg','',0,0,0,'','',0,1,'2014-05-15 05:40:00',361,'2015-02-13 23:44:35',362,'0000-00-00 00:00:00',0),(74,1,'crown.jpg','','','image/jpeg','product','images/stories/virtuemart/product/crown.jpg','',0,0,0,'','',0,1,'2014-05-15 05:41:52',361,'2015-02-13 23:44:05',362,'0000-00-00 00:00:00',0),(75,1,'sola-ff---23.jpg','','','image/jpeg','product','images/stories/virtuemart/product/sola-ff---23.jpg','',0,0,0,'','',0,1,'2014-05-15 05:44:52',361,'2014-05-15 05:44:52',361,'0000-00-00 00:00:00',0),(76,1,'ff-19x-pert-evolution.jpg','','','image/jpeg','product','images/stories/virtuemart/product/ff-19x-pert-evolution.jpg','',0,0,0,'','',0,1,'2014-05-15 05:47:52',361,'2014-05-16 11:11:58',361,'0000-00-00 00:00:00',0),(77,1,'sf-22-sola.jpg','','','image/jpeg','product','images/stories/virtuemart/product/sf-22-sola.jpg','',0,0,0,'','',0,1,'2014-05-15 05:49:44',361,'2015-03-01 19:36:23',362,'0000-00-00 00:00:00',0),(78,1,'sola-ff---23.jpg','','','image/jpeg','category','images/stories/virtuemart/category/sola-ff---23.jpg','',0,0,0,'','',0,1,'2014-05-15 05:53:06',361,'2014-10-09 21:01:06',362,'0000-00-00 00:00:00',0),(49,1,'Jacket dziecięcy SUBGEAR Rebel','','','image/jpeg','product','images/stories/virtuemart/product/rebel-jacket.jpg','',0,0,0,'','',0,1,'2014-05-13 15:36:01',361,'2014-11-21 01:25:07',362,'0000-00-00 00:00:00',0),(50,1,'Płetwy POSEIDON Trident Fin','','','image/jpeg','product','images/stories/virtuemart/product/pobrane-(5).jpg','',0,0,0,'','',0,1,'2014-05-13 15:38:33',361,'2015-03-01 20:11:14',362,'0000-00-00 00:00:00',0),(51,1,'Automaty oddechowe SCUBATECH R 2 ICE Special','','','image/jpeg','product','images/stories/virtuemart/product/img.jpg','',0,0,0,'','',0,1,'2014-05-13 16:00:29',361,'2014-05-20 22:03:41',361,'0000-00-00 00:00:00',0),(52,1,'Maska TUSA Visio Uno','','','image/jpeg','product','images/stories/virtuemart/product/indeks.jpg','',0,0,0,'','',0,1,'2014-05-13 16:30:18',361,'2014-11-28 21:11:06',362,'0000-00-00 00:00:00',0),(53,1,'luxfer-11,1.jpg','','','image/jpeg','product','images/stories/virtuemart/product/luxfer-11,1.jpg','',0,0,0,'','',0,1,'2014-05-13 16:43:29',361,'2015-02-13 20:34:26',362,'0000-00-00 00:00:00',0),(54,1,'pas-balastowy.jpg','','','image/jpeg','product','images/stories/virtuemart/product/pas-balastowy.jpg','',0,0,0,'','',0,1,'2014-05-13 20:18:46',361,'2015-04-03 09:50:35',362,'0000-00-00 00:00:00',0),(46,1,'Płetwy TUSA SF - 6  Imprex Tri - ex','','','image/jpeg','product','images/stories/virtuemart/product/pobrane-(1).jpg','',0,0,0,'','',0,1,'2014-05-13 15:15:25',361,'2014-05-16 11:08:02',361,'0000-00-00 00:00:00',0),(47,1,'Płetwy TUSA Liberator X-Ten (SF-5000)','','','image/jpeg','product','images/stories/virtuemart/product/pobrane-(2).jpg','',0,0,0,'','',0,1,'2014-05-13 15:27:46',361,'2014-05-13 15:29:34',361,'0000-00-00 00:00:00',0),(67,1,'elastekdryhood_2.ashx_.png','','','image/png','product','images/stories/virtuemart/product/elastekdryhood_2.ashx_.png','',0,0,0,'','',0,1,'2014-05-14 23:07:57',361,'2015-01-07 22:21:00',362,'0000-00-00 00:00:00',0),(68,1,'images7.jpg','','','image/jpeg','product','images/stories/virtuemart/product/images7.jpg','',0,0,0,'','',0,1,'2014-05-14 23:25:11',361,'2014-05-14 23:25:11',361,'0000-00-00 00:00:00',0),(69,1,'img.ashx.jpg','','','image/jpeg','product','images/stories/virtuemart/product/img.ashx.jpg','',0,0,0,'','',0,1,'2014-05-14 23:27:41',361,'2015-02-13 23:49:31',362,'0000-00-00 00:00:00',0),(70,1,'images2.jpg','','','image/jpeg','product','images/stories/virtuemart/product/images2.jpg','',0,0,0,'','',0,1,'2014-05-14 23:36:15',361,'2015-02-13 23:48:11',362,'0000-00-00 00:00:00',0),(71,1,'bare.jpg','','','image/jpeg','product','images/stories/virtuemart/product/bare.jpg','',0,0,0,'','',0,1,'2014-05-15 05:17:32',361,'2015-01-07 22:47:53',362,'0000-00-00 00:00:00',0),(22,1,'Jacket TUSA Liberator Sigma II','','','image/jpeg','product','images/stories/virtuemart/product/bcj0101liberatorii.jpg','',0,0,0,'','',0,1,'2014-05-12 23:02:11',360,'2014-05-16 11:58:07',361,'0000-00-00 00:00:00',0),(55,1,'tabliczka.jpg','','','image/jpeg','product','images/stories/virtuemart/product/tabliczka.jpg','',0,0,0,'','',0,1,'2014-05-13 20:20:53',361,'2015-02-13 23:19:54',362,'0000-00-00 00:00:00',0),(56,1,'buty.jpg','','','image/jpeg','product','images/stories/virtuemart/product/buty.jpg','',0,0,0,'','',0,1,'2014-05-13 20:35:23',361,'2015-02-13 23:40:02',362,'0000-00-00 00:00:00',0),(57,1,'scubatech-kombinezon-proterm-ii-7-plus-7-mm.jpg','','','image/jpeg','product','images/stories/virtuemart/product/scubatech-kombinezon-proterm-ii-7-plus-7-mm.jpg','',0,0,0,'','',0,1,'2014-05-14 11:10:51',361,'2015-02-13 23:54:07',362,'0000-00-00 00:00:00',0),(58,1,'indeks5.jpg','','','image/jpeg','product','images/stories/virtuemart/product/indeks5.jpg','',0,0,0,'','',0,1,'2014-05-14 22:31:12',361,'2014-05-16 22:04:35',361,'0000-00-00 00:00:00',0),(59,1,'tabliczka.jpg','','','image/jpeg','category','images/stories/virtuemart/category/tabliczka.jpg','',0,0,0,'','',0,1,'2014-05-14 22:32:44',361,'2014-10-09 21:20:13',362,'0000-00-00 00:00:00',0),(60,1,'karabinek.jpg','','','image/jpeg','category','images/stories/virtuemart/category/karabinek.jpg','',0,0,0,'','',0,1,'2014-05-14 22:35:10',361,'2014-05-14 22:35:10',361,'0000-00-00 00:00:00',0),(61,1,'chemia.jpg','','','image/jpeg','category','images/stories/virtuemart/category/chemia.jpg','',0,0,0,'','',0,1,'2014-05-14 22:36:50',361,'2014-10-09 21:21:04',362,'0000-00-00 00:00:00',0),(62,1,'5mmsportfullm_blu_2.jpg','','','image/jpeg','product','images/stories/virtuemart/product/5mmsportfullm_blu_2.jpg','',0,0,0,'','',0,1,'2014-05-14 22:52:25',361,'2014-05-14 22:52:25',361,'0000-00-00 00:00:00',0),(63,1,'5mmsportfullm_blu_2_0.jpg','','','image/jpeg','product','images/stories/virtuemart/product/5mmsportfullm_blu_2_0.jpg','',0,0,0,'','',0,1,'2014-05-14 22:54:51',361,'2014-05-14 22:54:51',361,'0000-00-00 00:00:00',0),(64,1,'32sportfullm_blu_2.jpg','','','image/jpeg','product','images/stories/virtuemart/product/32sportfullm_blu_2.jpg','',0,0,0,'','',0,1,'2014-05-14 22:56:56',361,'2015-01-07 22:29:44',362,'0000-00-00 00:00:00',0),(65,1,'5mmsporthvm_blu_2.jpg','','','image/jpeg','product','images/stories/virtuemart/product/5mmsporthvm_blu_2.jpg','',0,0,0,'','',0,1,'2014-05-14 22:59:54',361,'2014-05-14 22:59:54',361,'0000-00-00 00:00:00',0),(66,1,'2mmsportshortym_blu_2.jpg','','','image/jpeg','product','images/stories/virtuemart/product/2mmsportshortym_blu_2.jpg','',0,0,0,'','',0,1,'2014-05-14 23:02:24',361,'2015-01-07 22:29:15',362,'0000-00-00 00:00:00',0),(45,1,'Uprząż X DEEP Stealth 2.0','','','image/jpeg','product','images/stories/virtuemart/product/images.jpg','',0,0,0,'','',0,1,'2014-05-13 15:10:28',361,'2014-05-13 16:14:52',361,'0000-00-00 00:00:00',0),(80,1,'bcj-8000-x-wing.jpg','','','image/jpeg','product','images/stories/virtuemart/product/bcj-8000-x-wing.jpg','',0,0,0,'','',0,1,'2014-05-15 06:10:23',361,'2014-11-21 01:22:57',362,'0000-00-00 00:00:00',0),(81,1,'bcj-1800-voyager.jpg','','','image/jpeg','product','images/stories/virtuemart/product/bcj-1800-voyager.jpg','',0,0,0,'','',0,1,'2014-05-15 06:12:39',361,'2014-11-21 01:21:31',362,'0000-00-00 00:00:00',0),(82,1,'bcj-6900-x-pert-bb.jpg','','','image/jpeg','product','images/stories/virtuemart/product/bcj-6900-x-pert-bb.jpg','',0,0,0,'','',0,1,'2014-05-15 06:17:15',361,'2014-11-21 01:12:57',362,'0000-00-00 00:00:00',0),(83,1,'bcj-6910-selene-wing.jpg','','','image/jpeg','product','images/stories/virtuemart/product/bcj-6910-selene-wing.jpg','',0,0,0,'','',0,1,'2014-05-15 06:19:30',361,'2014-11-21 01:14:42',362,'0000-00-00 00:00:00',0),(84,1,'bcj-7000-conquest-a.p.a.5.jpg','','','image/jpeg','product','images/stories/virtuemart/product/bcj-7000-conquest-a.p.a.5.jpg','',0,0,0,'','',0,1,'2014-05-15 06:26:46',361,'2014-12-01 14:17:36',362,'0000-00-00 00:00:00',0),(85,1,'bcj-9300-selene-a.p.a.8.jpg','','','image/jpeg','product','images/stories/virtuemart/product/bcj-9300-selene-a.p.a.8.jpg','',0,0,0,'','',0,1,'2014-05-15 06:27:18',361,'2014-11-21 01:19:21',362,'0000-00-00 00:00:00',0),(86,1,'automat-r2-ice-special--zestaw.jpg','','','image/jpeg','product','images/stories/virtuemart/product/automat-r2-ice-special--zestaw.jpg','',0,0,0,'','',0,1,'2014-05-15 20:40:08',361,'2015-02-13 21:22:49',362,'0000-00-00 00:00:00',0),(87,1,'automat-r-5-ice-zestaw.jpg','','','image/jpeg','product','images/stories/virtuemart/product/automat-r-5-ice-zestaw.jpg','',0,0,0,'','',0,1,'2014-05-15 20:43:34',361,'2015-02-13 21:39:22',362,'0000-00-00 00:00:00',0),(88,1,'automat-r2-ice.jpg','','','image/jpeg','product','images/stories/virtuemart/product/automat-r2-ice.jpg','',0,0,0,'','',0,1,'2014-05-15 20:56:48',361,'2015-02-13 21:36:19',362,'0000-00-00 00:00:00',0),(89,1,'automat-r5-ice.jpg','','','image/jpeg','product','images/stories/virtuemart/product/automat-r5-ice.jpg','',0,0,0,'','',0,1,'2014-05-15 20:59:38',361,'2015-02-13 21:34:23',362,'0000-00-00 00:00:00',0),(90,1,'automat-r2-ice-special.jpg','','','image/jpeg','product','images/stories/virtuemart/product/automat-r2-ice-special.jpg','',0,0,0,'','',0,1,'2014-05-15 21:05:18',361,'2014-05-15 21:05:18',361,'0000-00-00 00:00:00',0),(91,1,'automat-r-2-ice-special.jpg','','','image/jpeg','product','images/stories/virtuemart/product/automat-r-2-ice-special.jpg','',0,0,0,'','',0,1,'2014-05-15 21:09:39',361,'2015-02-13 21:32:10',362,'0000-00-00 00:00:00',0),(92,1,'automat-r2-ice-zestaw.jpg','','','image/jpeg','product','images/stories/virtuemart/product/automat-r2-ice-zestaw.jpg','',0,0,0,'','',0,1,'2014-05-15 21:13:50',361,'2015-02-13 21:29:03',362,'0000-00-00 00:00:00',0),(93,1,'oslona-i-go-stopnia.jpg','','','image/jpeg','product','images/stories/virtuemart/product/oslona-i-go-stopnia.jpg','',0,0,0,'','',0,1,'2014-05-15 21:17:29',361,'2015-02-13 23:19:17',362,'0000-00-00 00:00:00',0),(94,1,'ustnik-silikonowy.jpg','','','image/jpeg','product','images/stories/virtuemart/product/ustnik-silikonowy.jpg','',0,0,0,'','',0,1,'2014-05-15 21:20:45',361,'2015-02-13 23:11:53',362,'0000-00-00 00:00:00',0),(95,1,'r-2-ice.jpg','','','image/jpeg','product','images/stories/virtuemart/product/r-2-ice.jpg','',0,0,0,'','',0,1,'2014-05-15 21:24:04',361,'2015-02-13 22:47:22',362,'0000-00-00 00:00:00',0),(96,1,'r-2-ice-special.jpg','','','image/jpeg','product','images/stories/virtuemart/product/r-2-ice-special.jpg','',0,0,0,'','',0,1,'2014-05-15 21:26:14',361,'2015-02-13 22:45:33',362,'0000-00-00 00:00:00',0),(97,1,'r-5-ice.jpg','','','image/jpeg','product','images/stories/virtuemart/product/r-5-ice.jpg','',0,0,0,'','',0,1,'2014-05-15 21:28:03',361,'2015-02-13 22:43:41',362,'0000-00-00 00:00:00',0),(98,1,'ii-gi-stopien-r-2-ice.jpg','','','image/jpeg','product','images/stories/virtuemart/product/ii-gi-stopien-r-2-ice.jpg','',0,0,0,'','',0,1,'2014-05-15 21:31:10',361,'2015-02-13 23:00:02',362,'0000-00-00 00:00:00',0),(99,1,'ii-gi-stopien-r-2-ice-special.jpg','','','image/jpeg','product','images/stories/virtuemart/product/ii-gi-stopien-r-2-ice-special.jpg','',0,0,0,'','',0,1,'2014-05-15 21:33:11',361,'2015-02-13 22:59:32',362,'0000-00-00 00:00:00',0),(100,1,'ii-gi-stopien-r-5-ice.jpg','','','image/jpeg','product','images/stories/virtuemart/product/ii-gi-stopien-r-5-ice.jpg','',0,0,0,'','',0,1,'2014-05-15 21:35:26',361,'2015-02-13 22:55:21',362,'0000-00-00 00:00:00',0),(101,1,'ii-gi-stopien-r-3-octo.jpg','','','image/jpeg','product','images/stories/virtuemart/product/ii-gi-stopien-r-3-octo.jpg','',0,0,0,'','',0,1,'2014-05-15 21:37:51',361,'2015-02-13 22:57:02',362,'0000-00-00 00:00:00',0),(102,1,'ii-gi-stopien-r-3-tec-octo.jpg','','','image/jpeg','product','images/stories/virtuemart/product/ii-gi-stopien-r-3-tec-octo.jpg','',0,0,0,'','',0,1,'2014-05-15 21:40:11',361,'2015-02-13 22:56:43',362,'0000-00-00 00:00:00',0),(103,1,'automat-r-5-ice-zestaw.jpg','','','image/jpeg','category','images/stories/virtuemart/category/automat-r-5-ice-zestaw.jpg','',0,0,0,'','',0,1,'2014-05-15 21:45:51',361,'2014-05-15 21:45:51',361,'0000-00-00 00:00:00',0),(104,1,'r-5-ice.jpg','','','image/jpeg','category','images/stories/virtuemart/category/r-5-ice.jpg','',0,0,0,'','',0,1,'2014-05-15 21:46:51',361,'2014-05-15 21:46:51',361,'0000-00-00 00:00:00',0),(105,1,'ii-gi-stopien-r-5-ice.jpg','','','image/jpeg','category','images/stories/virtuemart/category/ii-gi-stopien-r-5-ice.jpg','',0,0,0,'','',0,1,'2014-05-15 21:47:35',361,'2014-05-15 21:47:35',361,'0000-00-00 00:00:00',0),(106,1,'m-17-concero.jpg','','','image/jpeg','product','images/stories/virtuemart/product/m-17-concero.jpg','',0,0,0,'','',0,1,'2014-05-15 21:55:01',361,'2015-02-20 09:54:18',362,'0000-00-00 00:00:00',0),(107,1,'images.jpg','','','image/jpeg','category','images/stories/virtuemart/category/images.jpg','',0,0,0,'','',0,1,'2014-05-15 21:57:32',361,'2014-10-13 18:44:21',362,'0000-00-00 00:00:00',0),(108,1,'images-(1).jpg','','','image/jpeg','category','images/stories/virtuemart/category/images-(1).jpg','',0,0,0,'','',0,1,'2014-05-15 22:01:04',361,'2014-10-09 21:05:43',362,'0000-00-00 00:00:00',0),(109,1,'images-(2).jpg','','','image/jpeg','category','images/stories/virtuemart/category/images-(2).jpg','',0,0,0,'','',0,1,'2014-05-15 22:02:48',361,'2014-10-09 21:04:56',362,'0000-00-00 00:00:00',0),(110,1,'foto.jpg','','','image/jpeg','product','images/stories/virtuemart/product/foto.jpg','',0,0,0,'','',0,1,'2014-05-15 22:06:31',361,'2014-12-01 00:14:26',362,'0000-00-00 00:00:00',0),(111,1,'foto-(1).jpg','','','image/jpeg','product','images/stories/virtuemart/product/foto-(1).jpg','',0,0,0,'','',0,1,'2014-05-15 22:08:33',361,'2014-05-16 11:37:18',361,'0000-00-00 00:00:00',0),(112,1,'foto-(2).jpg','','','image/jpeg','product','images/stories/virtuemart/product/foto-(2).jpg','',0,0,0,'','',0,1,'2014-05-15 22:11:00',361,'2014-11-21 23:10:12',362,'0000-00-00 00:00:00',0),(113,1,'smar-silikonowy-st30ml.jpg','','','image/jpeg','product','images/stories/virtuemart/product/smar-silikonowy-st30ml.jpg','',0,0,0,'','',0,1,'2014-05-16 10:39:12',361,'2014-10-20 19:18:08',362,'0000-00-00 00:00:00',0),(114,1,'pobrane-(2)1.jpg','','','image/jpeg','product','images/stories/virtuemart/product/pobrane-(2)1.jpg','',0,0,0,'','',0,1,'2014-05-16 10:50:11',361,'2014-05-16 10:56:08',361,'0000-00-00 00:00:00',0),(115,1,'pobrane-(2)8.jpg','','','image/jpeg','product','images/stories/virtuemart/product/pobrane-(2)8.jpg','',0,0,0,'','',0,1,'2014-05-16 11:00:05',361,'2014-05-16 11:00:05',361,'0000-00-00 00:00:00',0),(116,1,'m1001-freedom-hd.jpg','','','image/jpeg','product','images/stories/virtuemart/product/m1001-freedom-hd.jpg','',0,0,0,'','',0,1,'2014-05-16 17:34:29',361,'2015-03-01 19:38:45',362,'0000-00-00 00:00:00',0),(117,1,'m-211-freedom-one.jpg','','','image/jpeg','product','images/stories/virtuemart/product/m-211-freedom-one.jpg','',0,0,0,'','',0,1,'2014-05-16 17:37:02',361,'2014-05-16 17:37:02',361,'0000-00-00 00:00:00',0),(118,1,'m-41-quad.jpg','','','image/jpeg','product','images/stories/virtuemart/product/m-41-quad.jpg','',0,0,0,'','',0,1,'2014-05-16 17:39:28',361,'2014-05-16 17:39:28',361,'0000-00-00 00:00:00',0),(119,1,'m-31-visio-tri-ex.jpg','','','image/jpeg','product','images/stories/virtuemart/product/m-31-visio-tri-ex.jpg','',0,0,0,'','',0,1,'2014-05-16 17:42:40',361,'2014-11-28 21:10:37',362,'0000-00-00 00:00:00',0),(120,1,'m-212-ceos-one.jpg','','','image/jpeg','product','images/stories/virtuemart/product/m-212-ceos-one.jpg','',0,0,0,'','',0,1,'2014-05-16 17:46:07',361,'2014-05-16 17:46:07',361,'0000-00-00 00:00:00',0),(121,1,'m-212-ceos-pro.jpg','','','image/jpeg','product','images/stories/virtuemart/product/m-212-ceos-pro.jpg','',0,0,0,'','',0,1,'2014-05-16 17:47:50',361,'2014-05-16 17:47:50',361,'0000-00-00 00:00:00',0),(122,1,'m-24-powerview.jpg','','','image/jpeg','product','images/stories/virtuemart/product/m-24-powerview.jpg','',0,0,0,'','',0,1,'2014-05-16 17:50:45',361,'2014-05-16 17:50:45',361,'0000-00-00 00:00:00',0),(123,1,'m-20-platina.jpg','','','image/jpeg','product','images/stories/virtuemart/product/m-20-platina.jpg','',0,0,0,'','',0,1,'2014-05-16 17:53:12',361,'2014-05-16 17:53:12',361,'0000-00-00 00:00:00',0),(124,1,'m-16-serene.jpg','','','image/jpeg','product','images/stories/virtuemart/product/m-16-serene.jpg','',0,0,0,'','',0,1,'2014-05-16 17:55:14',361,'2014-05-16 17:55:50',361,'0000-00-00 00:00:00',0),(125,1,'m-28-geminus.jpg','','','image/jpeg','product','images/stories/virtuemart/product/m-28-geminus.jpg','',0,0,0,'','',0,1,'2014-05-16 17:57:57',361,'2014-05-16 17:57:57',361,'0000-00-00 00:00:00',0),(126,1,'m-110-visio-pro.jpg','','','image/jpeg','product','images/stories/virtuemart/product/m-110-visio-pro.jpg','',0,0,0,'','',0,1,'2014-05-16 18:01:49',361,'2014-05-16 18:02:15',361,'0000-00-00 00:00:00',0),(127,1,'images-(1)8.jpg','','','image/jpeg','category','images/stories/virtuemart/category/images-(1)8.jpg','',0,0,0,'','',0,1,'2014-05-16 18:06:59',361,'2014-05-16 18:06:59',361,'0000-00-00 00:00:00',0),(128,1,'img-(1).jpg','','','image/jpeg','product','images/stories/virtuemart/product/img-(1).jpg','',0,0,0,'','',0,1,'2014-05-16 19:53:48',361,'2014-05-16 19:53:48',361,'0000-00-00 00:00:00',0),(129,1,'img-(1).jpg_product','','','image/jpeg','product','images/stories/virtuemart/product/euro-10.jpg','',0,0,0,'','',0,1,'2014-05-16 19:55:46',361,'2015-02-13 20:44:33',362,'0000-00-00 00:00:00',0),(130,1,'eu-12.jpg','','','image/jpeg','product','images/stories/virtuemart/product/eu-12.jpg','',0,0,0,'','',0,1,'2014-05-16 20:02:51',361,'2015-02-13 20:47:04',362,'0000-00-00 00:00:00',0),(131,1,'euro-15.jpg','','','image/jpeg','product','images/stories/virtuemart/product/euro-15.jpg','',0,0,0,'','',0,1,'2014-05-16 20:06:41',361,'2015-02-13 20:48:35',362,'0000-00-00 00:00:00',0),(132,1,'fab-15.jpg','','','image/jpeg','product','images/stories/virtuemart/product/fab-15.jpg','',0,0,0,'','',0,1,'2014-05-16 20:11:09',361,'2015-02-13 20:52:20',362,'0000-00-00 00:00:00',0),(133,1,'fab-158.jpg','','','image/jpeg','product','images/stories/virtuemart/product/fab-158.jpg','',0,0,0,'','',0,1,'2014-05-16 20:12:43',361,'2015-02-13 20:54:31',362,'0000-00-00 00:00:00',0),(134,1,'lux-alu-7-l.jpg','','','image/jpeg','product','images/stories/virtuemart/product/lux-alu-7-l.jpg','',0,0,0,'','',0,1,'2014-05-16 21:59:02',361,'2015-02-13 20:38:07',362,'0000-00-00 00:00:00',0),(135,1,'polaris-alu-7-l.jpg','','','image/jpeg','product','images/stories/virtuemart/product/polaris-alu-7-l.jpg','',0,0,0,'','',0,1,'2014-05-16 22:07:48',361,'2015-02-13 20:41:32',362,'0000-00-00 00:00:00',0),(136,1,'img-(2).jpg','','','image/jpeg','product','images/stories/virtuemart/product/img-(2).jpg','',0,0,0,'','',0,1,'2014-05-16 22:10:39',361,'2014-10-20 19:03:57',362,'0000-00-00 00:00:00',0),(137,1,'img-(3).jpg','','','image/jpeg','product','images/stories/virtuemart/product/img-(3).jpg','',0,0,0,'','',0,1,'2014-05-16 22:12:51',361,'2015-02-13 23:29:40',362,'0000-00-00 00:00:00',0),(138,1,'img-(4).jpg','','','image/jpeg','product','images/stories/virtuemart/product/img-(4).jpg','',0,0,0,'','',0,1,'2014-05-16 22:15:14',361,'2015-02-13 23:29:16',362,'0000-00-00 00:00:00',0),(139,1,'img-(5).jpg','','','image/jpeg','product','images/stories/virtuemart/product/img-(5).jpg','',0,0,0,'','',0,1,'2014-05-16 22:18:37',361,'2015-02-13 23:24:29',362,'0000-00-00 00:00:00',0),(140,1,'img-(6).jpg','','','image/jpeg','product','images/stories/virtuemart/product/img-(6).jpg','',0,0,0,'','',0,1,'2014-05-16 22:23:09',361,'2015-02-14 00:20:56',362,'0000-00-00 00:00:00',0),(141,1,'img-(7).jpg','','','image/jpeg','product','images/stories/virtuemart/product/img-(7).jpg','',0,0,0,'','',0,1,'2014-05-16 22:27:08',361,'2015-02-15 19:14:46',362,'0000-00-00 00:00:00',0),(142,1,'img-(8).jpg','','','image/jpeg','product','images/stories/virtuemart/product/img-(8).jpg','',0,0,0,'','',0,1,'2014-05-16 22:31:30',361,'2015-02-15 21:49:47',362,'0000-00-00 00:00:00',0),(143,1,'img-(9).jpg','','','image/jpeg','product','images/stories/virtuemart/product/img-(9).jpg','',0,0,0,'','',0,1,'2014-05-16 22:34:31',361,'2015-02-15 21:47:31',362,'0000-00-00 00:00:00',0),(144,1,'img-(10).jpg','','','image/jpeg','product','images/stories/virtuemart/product/img-(10).jpg','',0,0,0,'','',0,1,'2014-05-16 22:36:36',361,'2015-02-15 21:45:33',362,'0000-00-00 00:00:00',0),(145,1,'img-(11).jpg','','','image/jpeg','product','images/stories/virtuemart/product/img-(11).jpg','',0,0,0,'','',0,1,'2014-05-16 22:38:00',361,'2015-02-15 21:43:37',362,'0000-00-00 00:00:00',0),(146,1,'img-(12).jpg','','','image/jpeg','product','images/stories/virtuemart/product/img-(12).jpg','',0,0,0,'','',0,1,'2014-05-16 22:40:51',361,'2015-02-15 21:40:13',362,'0000-00-00 00:00:00',0),(147,1,'img-(13).jpg','','','image/jpeg','product','images/stories/virtuemart/product/img-(13).jpg','',0,0,0,'','',0,1,'2014-05-16 22:43:24',361,'2015-02-15 21:37:52',362,'0000-00-00 00:00:00',0),(148,1,'img-(14).jpg','','','image/jpeg','product','images/stories/virtuemart/product/img-(14).jpg','',0,0,0,'','',0,1,'2014-05-16 22:47:16',361,'2015-02-15 21:32:54',362,'0000-00-00 00:00:00',0),(149,1,'img-(15).jpg','','','image/jpeg','product','images/stories/virtuemart/product/img-(15).jpg','',0,0,0,'','',0,1,'2014-05-16 22:49:34',361,'2015-02-15 21:30:02',362,'0000-00-00 00:00:00',0),(150,1,'img-(22).jpg','','','image/jpeg','product','images/stories/virtuemart/product/img-(22).jpg','',0,0,0,'','',0,1,'2014-05-16 22:55:54',361,'2015-02-15 21:27:50',362,'0000-00-00 00:00:00',0),(151,1,'img-(23).jpg','','','image/jpeg','product','images/stories/virtuemart/product/img-(23).jpg','',0,0,0,'','',0,1,'2014-05-16 23:01:01',361,'2015-02-15 21:27:09',362,'0000-00-00 00:00:00',0),(152,1,'img-(16).jpg','','','image/jpeg','product','images/stories/virtuemart/product/img-(16).jpg','',0,0,0,'','',0,1,'2014-05-16 23:03:39',361,'2015-02-15 21:22:39',362,'0000-00-00 00:00:00',0),(153,1,'img-(17).jpg','','','image/jpeg','product','images/stories/virtuemart/product/img-(17).jpg','',0,0,0,'','',0,1,'2014-05-16 23:05:51',361,'2015-02-15 21:22:00',362,'0000-00-00 00:00:00',0),(154,1,'img-(18).jpg','','','image/jpeg','product','images/stories/virtuemart/product/img-(18).jpg','',0,0,0,'','',0,1,'2014-05-16 23:07:50',361,'2015-02-15 21:20:52',362,'0000-00-00 00:00:00',0),(155,1,'img-(19).jpg','','','image/jpeg','product','images/stories/virtuemart/product/img-(19).jpg','',0,0,0,'','',0,1,'2014-05-16 23:09:13',361,'2015-02-15 21:19:27',362,'0000-00-00 00:00:00',0),(156,1,'img-(20).jpg','','','image/jpeg','product','images/stories/virtuemart/product/img-(20).jpg','',0,0,0,'','',0,1,'2014-05-16 23:11:02',361,'2015-02-15 21:16:21',362,'0000-00-00 00:00:00',0),(157,1,'img-(21).jpg','','','image/jpeg','product','images/stories/virtuemart/product/img-(21).jpg','',0,0,0,'','',0,1,'2014-05-16 23:13:44',361,'2015-02-15 21:14:47',362,'0000-00-00 00:00:00',0),(158,1,'img-(24).jpg','','','image/jpeg','product','images/stories/virtuemart/product/img-(24).jpg','',0,0,0,'','',0,1,'2014-05-16 23:29:51',361,'2015-02-13 23:06:28',362,'0000-00-00 00:00:00',0),(159,1,'foto5.jpg','','','image/jpeg','product','images/stories/virtuemart/product/foto5.jpg','',0,0,0,'','',0,1,'2014-05-20 22:35:37',361,'2014-05-20 22:35:37',361,'0000-00-00 00:00:00',0),(160,1,'img-(26).jpg','','','image/jpeg','category','images/stories/virtuemart/category/img-(26).jpg','',0,0,0,'','',0,1,'2014-05-20 22:39:26',361,'2014-10-10 01:35:14',362,'0000-00-00 00:00:00',0),(161,1,'img-(27).jpg','','','image/jpeg','category','images/stories/virtuemart/category/img-(27).jpg','',0,0,0,'','',0,1,'2014-05-20 22:41:02',361,'2014-10-09 21:23:41',362,'0000-00-00 00:00:00',0),(162,1,'foto-(1).jpg','','','image/jpeg','category','images/stories/virtuemart/category/foto-(1).jpg','',0,0,0,'','',0,1,'2014-05-20 22:43:26',361,'2014-10-10 01:35:57',362,'0000-00-00 00:00:00',0),(163,1,'img-(28).jpg','','','image/jpeg','product','images/stories/virtuemart/product/img-(28).jpg','',0,0,0,'','',0,1,'2014-05-20 22:55:03',361,'2015-02-14 00:23:38',362,'0000-00-00 00:00:00',0),(164,1,'ocie.jpg','','','image/jpeg','product','images/stories/virtuemart/product/ocie.jpg','',0,0,0,'','',0,1,'2014-05-23 22:46:05',361,'2014-05-23 22:46:05',361,'0000-00-00 00:00:00',0),(165,1,'subgear-definition-5mm-mesk.jpg.thumb_170x300.jpg','','','image/jpeg','product','images/stories/virtuemart/product/subgear-definition-5mm-mesk.jpg.thumb_170x300.jpg','',0,0,0,'','',0,1,'2014-05-23 23:08:04',361,'2014-05-23 23:08:10',361,'0000-00-00 00:00:00',0),(166,1,'subgear-definition-5mm-dams.jpg.thumb_156x300.jpg','','','image/jpeg','product','images/stories/virtuemart/product/subgear-definition-5mm-dams.jpg.thumb_156x300.jpg','',0,0,0,'','',0,1,'2014-05-23 23:11:12',361,'2014-05-23 23:11:12',361,'0000-00-00 00:00:00',0),(167,1,'pobrane.jpg','','','image/jpeg','product','images/stories/virtuemart/product/pobrane.jpg','',0,0,0,'','',0,1,'2014-05-23 23:14:50',361,'2014-05-23 23:14:50',361,'0000-00-00 00:00:00',0),(168,1,'1.jpg','','','image/jpeg','product','images/stories/virtuemart/product/1.jpg','',0,0,0,'','',0,1,'2014-05-23 23:21:54',361,'2014-05-23 23:52:44',361,'0000-00-00 00:00:00',0),(169,1,'1-(1).jpg','','','image/jpeg','product','images/stories/virtuemart/product/1-(1).jpg','',0,0,0,'','',0,1,'2014-05-23 23:24:34',361,'2014-05-23 23:52:13',361,'0000-00-00 00:00:00',0),(170,1,'pobrane-(2)88.jpg','','','image/jpeg','product','images/stories/virtuemart/product/pobrane-(2)88.jpg','',0,0,0,'','',0,1,'2014-05-23 23:32:32',361,'2014-05-23 23:51:33',361,'0000-00-00 00:00:00',0),(171,1,'images22.jpg','','','image/jpeg','product','images/stories/virtuemart/product/images22.jpg','',0,0,0,'','',0,1,'2014-05-23 23:36:43',361,'2014-05-23 23:47:45',361,'0000-00-00 00:00:00',0),(172,1,'elastekdryhood_2.ashx_.png','','','image/png','category','images/stories/virtuemart/category/elastekdryhood_2.ashx_.png','',0,0,0,'','',0,1,'2014-05-23 23:50:00',361,'2014-10-09 20:58:00',362,'0000-00-00 00:00:00',0),(173,1,'bare_inne002_opt.jpg','','','image/jpeg','category','images/stories/virtuemart/category/bare_inne002_opt.jpg','',0,0,0,'','',0,1,'2014-05-23 23:50:41',361,'2014-10-09 20:57:44',362,'0000-00-00 00:00:00',0),(174,1,'img-(31).jpg','','','image/jpeg','product','images/stories/virtuemart/product/img-(31).jpg','',0,0,0,'','',0,1,'2014-05-24 00:07:17',361,'2014-05-24 00:08:22',361,'0000-00-00 00:00:00',0),(175,1,'img-(32).jpg','','','image/jpeg','product','images/stories/virtuemart/product/img-(32).jpg','',0,0,0,'','',0,1,'2014-05-24 00:12:57',361,'2014-10-09 09:28:31',362,'0000-00-00 00:00:00',0),(176,1,'img-(29).jpg','','','image/jpeg','product','images/stories/virtuemart/product/img-(29).jpg','',0,0,0,'','',0,1,'2014-05-24 00:17:28',361,'2014-08-01 09:31:15',360,'0000-00-00 00:00:00',0),(177,1,'img-(30).jpg','','','image/jpeg','product','images/stories/virtuemart/product/img-(30).jpg','',0,0,0,'','',0,1,'2014-05-24 00:21:01',361,'2014-08-01 09:30:42',360,'0000-00-00 00:00:00',0),(178,1,'jacket_classic.jpg','jacket_classic.jpg','jacket_classic.jpg','image/jpeg','product','images/stories/virtuemart/product/jacket_classic.jpg','images/stories/virtuemart/product/resized/jacket_classic_90x90.jpg',0,0,0,'','',0,1,'2014-08-04 17:45:25',360,'2014-08-04 17:45:25',360,'0000-00-00 00:00:00',0),(179,1,'poncho.jpg','poncho.jpg','poncho.jpg','image/jpeg','product','images/stories/virtuemart/product/poncho.jpg','images/stories/virtuemart/product/resized/poncho_90x90.jpg',0,0,0,'','',0,1,'2014-08-04 17:45:25',360,'2014-08-04 17:45:25',360,'0000-00-00 00:00:00',0),(180,1,'bcj0101liberatorii7.jpg','bcj0101liberatorii7.jpg','bcj0101liberatorii7.jpg','image/jpeg','product','images/stories/virtuemart/product/bcj0101liberatorii7.jpg','images/stories/virtuemart/product/resized/bcj0101liberatorii7_90x90.jpg',0,0,0,'','',0,1,'2014-08-04 17:45:25',360,'2014-08-04 17:45:25',360,'0000-00-00 00:00:00',0),(181,1,'cap.jpg','cap.jpg','cap.jpg','image/jpeg','product','images/stories/virtuemart/product/cap.jpg','images/stories/virtuemart/product/resized/cap_90x90.jpg',0,0,0,'','',0,1,'2014-08-04 17:45:25',360,'2014-08-04 17:45:25',360,'0000-00-00 00:00:00',0),(182,1,'cart_logo.jpg','cart_logo.jpg','cart_logo.jpg','image/jpeg','product','images/stories/virtuemart/product/cart_logo.jpg','images/stories/virtuemart/product/resized/cart_logo_90x90.jpg',0,0,0,'','',0,1,'2014-08-04 17:45:25',360,'2014-08-04 17:45:25',360,'0000-00-00 00:00:00',0),(183,1,'dress.jpg','dress.jpg','dress.jpg','image/jpeg','product','images/stories/virtuemart/product/dress.jpg','images/stories/virtuemart/product/resized/dress_90x90.jpg',0,0,0,'','',0,1,'2014-08-04 17:45:25',360,'2014-08-04 17:45:25',360,'0000-00-00 00:00:00',0),(184,1,'marinecap.jpg','marinecap.jpg','marinecap.jpg','image/jpeg','product','images/stories/virtuemart/product/marinecap.jpg','images/stories/virtuemart/product/resized/marinecap_90x90.jpg',0,0,0,'','',0,1,'2014-08-04 17:45:25',360,'2014-08-04 17:45:25',360,'0000-00-00 00:00:00',0),(185,1,'wide_dress_2.jpg','wide_dress_2.jpg','wide_dress_2.jpg','image/jpeg','product','images/stories/virtuemart/product/wide_dress_2.jpg','images/stories/virtuemart/product/resized/wide_dress_2_90x90.jpg',0,0,0,'','',0,1,'2014-08-04 17:45:25',360,'2014-08-04 17:45:25',360,'0000-00-00 00:00:00',0),(186,1,'baseballcap.jpg','baseballcap.jpg','baseballcap.jpg','image/jpeg','product','images/stories/virtuemart/product/baseballcap.jpg','images/stories/virtuemart/product/resized/baseballcap_90x90.jpg',0,0,0,'','',0,1,'2014-08-04 17:45:25',360,'2014-08-04 17:45:25',360,'0000-00-00 00:00:00',0),(187,1,'santa_cap.jpg','santa_cap.jpg','santa_cap.jpg','image/jpeg','product','images/stories/virtuemart/product/santa_cap.jpg','images/stories/virtuemart/product/resized/santa_cap_90x90.jpg',0,0,0,'','',0,1,'2014-08-04 17:45:25',360,'2014-08-04 17:45:25',360,'0000-00-00 00:00:00',0),(188,1,'jumper.jpg','jumper.jpg','jumper.jpg','image/jpeg','product','images/stories/virtuemart/product/jumper.jpg','images/stories/virtuemart/product/resized/jumper_90x90.jpg',0,0,0,'','',0,1,'2014-08-04 17:45:25',360,'2014-08-04 17:45:25',360,'0000-00-00 00:00:00',0),(189,1,'cowboy_hat.jpg','cowboy_hat.jpg','cowboy_hat.jpg','image/jpeg','product','images/stories/virtuemart/product/cowboy_hat.jpg','images/stories/virtuemart/product/resized/cowboy_hat_90x90.jpg',0,0,0,'','',0,1,'2014-08-04 17:45:25',360,'2014-08-04 17:45:25',360,'0000-00-00 00:00:00',0),(190,1,'classic_hat.jpg','classic_hat.jpg','classic_hat.jpg','image/jpeg','product','images/stories/virtuemart/product/classic_hat.jpg','images/stories/virtuemart/product/resized/classic_hat_90x90.jpg',0,0,0,'','',0,1,'2014-08-04 17:45:25',360,'2014-08-04 17:45:25',360,'0000-00-00 00:00:00',0),(191,1,'derbyhat.jpg','derbyhat.jpg','derbyhat.jpg','image/jpeg','product','images/stories/virtuemart/product/derbyhat.jpg','images/stories/virtuemart/product/resized/derbyhat_90x90.jpg',0,0,0,'','',0,1,'2014-08-04 17:45:25',360,'2014-08-04 17:45:25',360,'0000-00-00 00:00:00',0),(192,1,'black_dress_2.jpg','black_dress_2.jpg','black_dress_2.jpg','image/jpeg','category','images/stories/virtuemart/category/black_dress_2.jpg','images/stories/virtuemart/category/resized/black_dress_2_90x90.jpg',0,0,0,'','',0,1,'2014-08-04 17:45:25',360,'2014-08-04 17:45:25',360,'0000-00-00 00:00:00',0),(193,1,'hat_category8.jpg','hat_category8.jpg','hat_category8.jpg','image/jpeg','category','images/stories/virtuemart/category/hat_category8.jpg','images/stories/virtuemart/category/resized/hat_category8_90x90.jpg',0,0,0,'','',0,1,'2014-08-04 17:45:25',360,'2014-08-04 17:45:25',360,'0000-00-00 00:00:00',0),(194,1,'cap6.jpg','cap6.jpg','cap6.jpg','image/jpeg','category','images/stories/virtuemart/category/cap6.jpg','images/stories/virtuemart/category/resized/cap6_90x90.jpg',0,0,0,'','',0,1,'2014-08-04 17:45:25',360,'2014-08-04 17:45:25',360,'0000-00-00 00:00:00',0),(195,1,'student_hat_16.jpg','student_hat_16.jpg','student_hat_16.jpg','image/jpeg','category','images/stories/virtuemart/category/student_hat_16.jpg','images/stories/virtuemart/category/resized/student_hat_16_90x90.jpg',0,0,0,'','',0,1,'2014-08-04 17:45:25',360,'2014-08-04 17:45:25',360,'0000-00-00 00:00:00',0),(196,1,'jacket_classic7.jpg','jacket_classic7.jpg','jacket_classic7.jpg','image/jpeg','category','images/stories/virtuemart/category/jacket_classic7.jpg','images/stories/virtuemart/category/resized/jacket_classic7_90x90.jpg',0,0,0,'','',0,1,'2014-08-04 17:45:25',360,'2014-08-04 17:45:25',360,'0000-00-00 00:00:00',0),(197,1,'manufacturersample.jpg','manufacturersample.jpg','manufacturersample.jpg','image/jpeg','manufacturer','images/stories/virtuemart/manufacturer/manufacturersample.jpg','images/stories/virtuemart/manufacturer/resized/manufacturersample_90x90.jpg',0,0,0,'','',0,1,'2014-08-04 17:45:25',360,'2014-08-04 17:45:25',360,'0000-00-00 00:00:00',0),(198,1,'manufacturer.jpg','manufacturer.jpg','manufacturer.jpg','image/jpeg','manufacturer','images/stories/virtuemart/manufacturer/manufacturer.jpg','images/stories/virtuemart/manufacturer/resized/manufacturer_90x90.jpg',0,0,0,'','',0,1,'2014-08-04 17:45:25',360,'2014-08-04 17:45:25',360,'0000-00-00 00:00:00',0),(199,1,'vendor.gif','vendor.gif','vendor.gif','image/gif','vendor','images/stories/virtuemart/vendor/vendor.gif','images/stories/virtuemart/vendor/resized/vendor_90x90.gif',0,0,0,'','',0,1,'2014-08-04 17:45:25',360,'2014-08-04 17:45:25',360,'0000-00-00 00:00:00',0),(200,1,'indeks5_90x90.jpg','','','image/jpeg','category','images/stories/virtuemart/category/indeks5_90x90.jpg','',0,0,0,'','',0,1,'2014-08-04 17:46:19',360,'2014-10-09 21:18:30',362,'0000-00-00 00:00:00',0),(201,1,'eu-12.jpg','','','image/jpeg','category','images/stories/virtuemart/category/eu-12.jpg','',0,0,0,'','',0,1,'2014-08-04 17:46:58',360,'2014-10-09 20:53:46',362,'0000-00-00 00:00:00',0),(202,1,'publikacja2.jpg','','','image/jpeg','product','images/stories/virtuemart/product/publikacja2.jpg','',0,0,0,'','',0,1,'2014-10-06 20:09:38',362,'2014-10-06 20:09:38',362,'0000-00-00 00:00:00',0),(203,1,'publikacja3.jpg','','','image/jpeg','product','images/stories/virtuemart/product/publikacja3.jpg','',0,0,0,'','',0,1,'2014-10-06 20:16:04',362,'2014-10-06 20:16:28',362,'0000-00-00 00:00:00',0),(204,1,'publikacja4.jpg','','','image/jpeg','product','images/stories/virtuemart/product/publikacja4.jpg','',0,0,0,'','',0,1,'2014-10-06 20:19:02',362,'2014-10-06 20:19:02',362,'0000-00-00 00:00:00',0),(205,1,'publikacja5.jpg','','','image/jpeg','product','images/stories/virtuemart/product/publikacja5.jpg','',0,0,0,'','',0,1,'2014-10-06 20:20:32',362,'2014-10-06 20:20:32',362,'0000-00-00 00:00:00',0),(206,1,'publikacja6.jpg','','','image/jpeg','product','images/stories/virtuemart/product/publikacja6.jpg','',0,0,0,'','',0,1,'2014-10-06 20:21:29',362,'2014-10-06 20:21:29',362,'0000-00-00 00:00:00',0),(207,1,'trilam_td_m_red-2.jpg','','','image/jpeg','category','images/stories/virtuemart/category/trilam_td_m_red-2.jpg','',0,0,0,'','',0,1,'2014-10-06 20:33:33',362,'2014-10-09 20:55:40',362,'0000-00-00 00:00:00',0),(208,1,'trilam_td_m_red-2.jpg_category','','','','category','images/stories/virtuemart/category/','',0,0,0,'','',0,1,'2014-10-06 20:34:10',362,'2014-10-06 21:10:58',362,'0000-00-00 00:00:00',0),(209,1,'trilam_td_m_red-2.jpg','','','image/jpeg','product','images/stories/virtuemart/product/trilam_td_m_red-2.jpg','',0,0,0,'','',0,1,'2014-10-06 20:42:21',362,'2015-02-15 18:28:15',362,'0000-00-00 00:00:00',0),(210,1,'apeks.jpg','','','image/jpeg','manufacturer','images/stories/virtuemart/manufacturer/apeks.jpg','',0,0,0,'','',0,1,'2014-10-08 21:26:00',362,'2014-10-08 21:26:00',362,'0000-00-00 00:00:00',0),(211,1,'trilam_td_m_red-24.jpg','','','image/jpeg','category','images/stories/virtuemart/category/trilam_td_m_red-24.jpg','',0,0,0,'','',0,1,'2014-10-08 22:16:17',362,'2014-10-09 22:10:21',362,'0000-00-00 00:00:00',0),(212,1,'pobrane.jpg','','','image/jpeg','category','images/stories/virtuemart/category/pobrane.jpg','',0,0,0,'','',0,1,'2014-10-08 22:18:41',362,'2014-10-09 20:55:58',362,'0000-00-00 00:00:00',0),(213,1,'scubatech.jpg','','','image/jpeg','category','images/stories/virtuemart/category/scubatech.jpg','',0,0,0,'','',0,1,'2014-10-09 09:45:28',362,'2014-10-09 22:16:55',362,'0000-00-00 00:00:00',0),(214,1,'apeks.jpg','','','image/jpeg','category','images/stories/virtuemart/category/apeks.jpg','',0,0,0,'','',0,1,'2014-10-09 09:46:32',362,'2014-10-09 09:46:32',362,'0000-00-00 00:00:00',0),(215,1,'1st_ds4.jpg','','','image/jpeg','product','images/stories/virtuemart/product/1st_ds4.jpg','',0,0,0,'','',0,1,'2014-10-09 10:16:28',362,'2014-10-13 23:36:09',362,'0000-00-00 00:00:00',0),(216,1,'dst.jpg','','','image/jpeg','product','images/stories/virtuemart/product/dst.jpg','',0,0,0,'','',0,1,'2014-10-09 10:20:16',362,'2014-10-13 23:31:23',362,'0000-00-00 00:00:00',0),(217,1,'dst-5port.jpg','','','image/jpeg','product','images/stories/virtuemart/product/dst-5port.jpg','',0,0,0,'','',0,1,'2014-10-09 10:25:22',362,'2014-10-13 23:31:55',362,'0000-00-00 00:00:00',0),(218,1,'xtx-100.jpg','','','image/jpeg','product','images/stories/virtuemart/product/xtx-100.jpg','',0,0,0,'','',0,1,'2014-10-09 10:30:40',362,'2014-10-13 23:35:17',362,'0000-00-00 00:00:00',0),(219,1,'fsr.jpg','','','image/jpeg','product','images/stories/virtuemart/product/fsr.jpg','',0,0,0,'','',0,1,'2014-10-09 10:37:13',362,'2014-10-13 23:35:55',362,'0000-00-00 00:00:00',0),(220,1,'tek-3-lewy-prawy.jpg','','','image/jpeg','product','images/stories/virtuemart/product/tek-3-lewy-prawy.jpg','',0,0,0,'','',0,1,'2014-10-09 10:41:39',362,'2014-10-13 23:35:30',362,'0000-00-00 00:00:00',0),(221,1,'XTX 40','','','image/jpeg','product','images/stories/virtuemart/product/new_xtx40_front_left.jpg','',0,0,0,'','',0,1,'2014-10-09 13:12:48',362,'2014-10-09 13:12:48',362,'0000-00-00 00:00:00',0),(222,1,'apeks_xtx200_xtx50.jpg','','','image/jpeg','category','images/stories/virtuemart/category/apeks_xtx200_xtx50.jpg','',0,0,0,'','',0,1,'2014-10-09 13:20:26',362,'2014-10-09 19:35:33',362,'0000-00-00 00:00:00',0),(223,1,'xtx200.jpg','','','image/jpeg','category','images/stories/virtuemart/category/xtx200.jpg','',0,0,0,'','',0,1,'2014-10-09 13:21:40',362,'2014-10-09 14:00:17',362,'0000-00-00 00:00:00',0),(224,1,'fsr.jpg','','','image/jpeg','category','images/stories/virtuemart/category/fsr.jpg','',0,0,0,'','',0,1,'2014-10-09 13:22:52',362,'2014-10-09 13:22:52',362,'0000-00-00 00:00:00',0),(225,1,'fsr4.jpg','','','image/jpeg','category','images/stories/virtuemart/category/fsr4.jpg','',0,0,0,'','',0,1,'2014-10-09 13:35:56',362,'2014-10-09 13:43:30',362,'0000-00-00 00:00:00',0),(226,1,'atx-40-octo.jpg','','','image/jpeg','product','images/stories/virtuemart/product/atx-40-octo.jpg','',0,0,0,'','',0,1,'2014-10-09 13:55:24',362,'2015-02-23 21:42:10',362,'0000-00-00 00:00:00',0),(227,1,'new_xtx40_octopus_front.jpg','','','image/jpeg','product','images/stories/virtuemart/product/new_xtx40_octopus_front.jpg','',0,0,0,'','',0,1,'2014-10-09 13:58:39',362,'2015-02-23 21:41:40',362,'0000-00-00 00:00:00',0),(228,1,'xtx50-octo.jpg','','','image/jpeg','product','images/stories/virtuemart/product/xtx50-octo.jpg','',0,0,0,'','',0,1,'2014-10-09 14:02:56',362,'2015-02-23 21:40:51',362,'0000-00-00 00:00:00',0),(229,1,'new_xtx40_front_left9.jpg','','','image/jpeg','product','images/stories/virtuemart/product/new_xtx40_front_left9.jpg','',0,0,0,'','',0,1,'2014-10-09 14:06:17',362,'2014-10-13 23:36:32',362,'0000-00-00 00:00:00',0),(230,1,'xtx50.jpg','','','image/jpeg','product','images/stories/virtuemart/product/xtx50.jpg','',0,0,0,'','',0,1,'2014-10-09 14:09:02',362,'2014-10-13 23:30:38',362,'0000-00-00 00:00:00',0),(231,1,'xtx200.jpg','','','image/jpeg','product','images/stories/virtuemart/product/xtx200.jpg','',0,0,0,'','',0,1,'2014-10-09 19:29:54',362,'2014-10-13 23:30:09',362,'0000-00-00 00:00:00',0),(232,1,'atx-ds4-300.jpg','','','image/jpeg','product','images/stories/virtuemart/product/atx-ds4-300.jpg','',0,0,0,'','',0,1,'2014-10-09 19:33:29',362,'2015-02-23 22:10:48',362,'0000-00-00 00:00:00',0),(233,1,'apeks_xtx50_ds4.jpg','','','image/jpeg','product','images/stories/virtuemart/product/apeks_xtx50_ds4.jpg','',0,0,0,'','',0,1,'2014-10-09 19:41:47',362,'2015-02-23 22:10:15',362,'0000-00-00 00:00:00',0),(234,1,'dst-xtx50.jpg','','','image/jpeg','product','images/stories/virtuemart/product/dst-xtx50.jpg','',0,0,0,'','',0,1,'2014-10-09 19:43:53',362,'2015-02-23 22:09:14',362,'0000-00-00 00:00:00',0),(235,1,'xtx-1001.jpg','','','image/jpeg','product','images/stories/virtuemart/product/xtx-1001.jpg','',0,0,0,'','',0,1,'2014-10-09 19:47:31',362,'2015-02-23 22:08:13',362,'0000-00-00 00:00:00',0),(236,1,'xtx2007.jpg','','','image/jpeg','product','images/stories/virtuemart/product/xtx2007.jpg','',0,0,0,'','',0,1,'2014-10-09 19:50:21',362,'2015-02-23 22:07:28',362,'0000-00-00 00:00:00',0),(237,1,'xtx40ds4nitrox.jpg','','','image/jpeg','product','images/stories/virtuemart/product/xtx40ds4nitrox.jpg','',0,0,0,'','',0,1,'2014-10-09 19:57:40',362,'2015-02-23 21:47:59',362,'0000-00-00 00:00:00',0),(238,1,'xtx40dstnitrox.jpg','','','image/jpeg','product','images/stories/virtuemart/product/xtx40dstnitrox.jpg','',0,0,0,'','',0,1,'2014-10-09 20:04:56',362,'2014-10-13 23:32:50',362,'0000-00-00 00:00:00',0),(239,1,'xtx50-dst-nitrox-din.jpg','','','image/jpeg','product','images/stories/virtuemart/product/xtx50-dst-nitrox-din.jpg','',0,0,0,'','',0,1,'2014-10-09 20:08:59',362,'2015-02-23 21:47:09',362,'0000-00-00 00:00:00',0),(240,1,'apeks-atx40-ds4-octo-atx4(new).jpg','','','image/jpeg','product','images/stories/virtuemart/product/apeks-atx40-ds4-octo-atx4(new).jpg','',0,0,0,'','',0,1,'2014-10-09 20:13:46',362,'2015-02-23 21:46:31',362,'0000-00-00 00:00:00',0),(241,1,'xtx5odstoctoxtx40.jpg','','','image/jpeg','product','images/stories/virtuemart/product/xtx5odstoctoxtx40.jpg','',0,0,0,'','',0,1,'2014-10-09 20:18:31',362,'2015-02-23 21:45:51',362,'0000-00-00 00:00:00',0),(242,1,'xtx100-octoxtx40.jpg','','','image/jpeg','product','images/stories/virtuemart/product/xtx100-octoxtx40.jpg','',0,0,0,'','',0,1,'2014-10-09 20:24:33',362,'2015-02-23 21:44:55',362,'0000-00-00 00:00:00',0),(243,1,'xtx200-xtx40.jpg','','','image/jpeg','product','images/stories/virtuemart/product/xtx200-xtx40.jpg','',0,0,0,'','',0,1,'2014-10-09 20:30:29',362,'2015-04-04 19:47:17',362,'0000-00-00 00:00:00',0),(244,1,'apeks_xtx200_xtx50.jpg','','','image/jpeg','product','images/stories/virtuemart/product/apeks_xtx200_xtx50.jpg','',0,0,0,'','',0,1,'2014-10-09 20:32:22',362,'2015-04-04 19:46:44',362,'0000-00-00 00:00:00',0),(245,1,'2xtek3-xtx50.jpg','','','image/jpeg','product','images/stories/virtuemart/product/2xtek3-xtx50.jpg','',0,0,0,'','',0,1,'2014-10-09 20:36:37',362,'2014-10-13 23:33:15',362,'0000-00-00 00:00:00',0),(246,1,'sidemount2.jpg','','','image/jpeg','product','images/stories/virtuemart/product/sidemount2.jpg','',0,0,0,'','',0,1,'2014-10-09 20:41:09',362,'2015-02-23 21:43:00',362,'0000-00-00 00:00:00',0),(247,1,'sk-7-pasek.jpg','','','image/jpeg','product','images/stories/virtuemart/product/sk-7-pasek.jpg','',0,0,0,'','',0,1,'2014-10-09 21:26:33',362,'2014-10-09 22:04:41',362,'0000-00-00 00:00:00',0),(248,1,'sk-7-elastometr.jpg','','','image/jpeg','product','images/stories/virtuemart/product/sk-7-elastometr.jpg','',0,0,0,'','',0,1,'2014-10-09 21:34:06',362,'2014-10-09 21:34:06',362,'0000-00-00 00:00:00',0),(249,1,'sk-7-elastometr2.jpg','','','image/jpeg','product','images/stories/virtuemart/product/sk-7-elastometr2.jpg','',0,0,0,'','',0,1,'2014-10-09 21:35:27',362,'2014-11-27 22:46:13',362,'0000-00-00 00:00:00',0),(250,1,'d4i-czarny.jpg','','','image/jpeg','product','images/stories/virtuemart/product/d4i-czarny.jpg','',0,0,0,'','',0,1,'2014-10-09 21:43:38',362,'2014-10-09 22:06:24',362,'0000-00-00 00:00:00',0),(251,1,'d4i-novo.jpg','','','image/jpeg','product','images/stories/virtuemart/product/d4i-novo.jpg','',0,0,0,'','',0,1,'2014-10-09 21:46:41',362,'2015-02-23 22:22:31',362,'0000-00-00 00:00:00',0),(252,1,'helo-2.jpg','','','image/jpeg','product','images/stories/virtuemart/product/helo-2.jpg','',0,0,0,'','',0,1,'2014-10-09 21:48:49',362,'2014-10-09 22:05:47',362,'0000-00-00 00:00:00',0),(253,1,'vyper-air.jpg','','','image/jpeg','product','images/stories/virtuemart/product/vyper-air.jpg','',0,0,0,'','',0,1,'2014-10-09 21:51:17',362,'2014-10-09 22:05:33',362,'0000-00-00 00:00:00',0),(254,1,'vuper.jpg','','','image/jpeg','product','images/stories/virtuemart/product/vuper.jpg','',0,0,0,'','',0,1,'2014-10-09 21:52:59',362,'2015-02-23 22:21:26',362,'0000-00-00 00:00:00',0),(255,1,'zoop.jpg','','','image/jpeg','product','images/stories/virtuemart/product/zoop.jpg','',0,0,0,'','',0,1,'2014-10-09 22:00:08',362,'2014-10-09 22:04:55',362,'0000-00-00 00:00:00',0),(256,1,'scubatech2.jpg','','','image/jpeg','category','images/stories/virtuemart/category/scubatech2.jpg','',0,0,0,'','',0,1,'2014-10-10 01:28:43',362,'2014-10-10 01:31:10',362,'0000-00-00 00:00:00',0),(257,1,'bare3mm.jpg','','','image/jpeg','product','images/stories/virtuemart/product/bare3mm.jpg','',0,0,0,'','',0,1,'2014-10-13 19:23:00',362,'2014-10-13 19:23:00',362,'0000-00-00 00:00:00',0),(258,1,'bare5mm.jpg','','','image/jpeg','product','images/stories/virtuemart/product/bare5mm.jpg','',0,0,0,'','',0,1,'2014-10-13 19:25:27',362,'2014-10-13 19:25:27',362,'0000-00-00 00:00:00',0),(259,1,'bare-7mm_boot_blk_0.jpg','','','image/jpeg','product','images/stories/virtuemart/product/bare-7mm_boot_blk_0.jpg','',0,0,0,'','',0,1,'2014-10-13 19:35:24',362,'2014-10-13 19:35:24',362,'0000-00-00 00:00:00',0),(260,1,'frameless.jpg','','','image/jpeg','product','images/stories/virtuemart/product/frameless.jpg','',0,0,0,'','',0,1,'2014-10-13 19:40:02',362,'2015-01-07 22:10:44',362,'0000-00-00 00:00:00',0),(261,1,'duob_red_2.jpg','','','image/jpeg','product','images/stories/virtuemart/product/duob_red_2.jpg','',0,0,0,'','',0,1,'2014-10-13 19:44:32',362,'2015-01-07 22:10:16',362,'0000-00-00 00:00:00',0),(262,1,'duoc_red_2_.jpg','','','image/jpeg','product','images/stories/virtuemart/product/duoc_red_2_.jpg','',0,0,0,'','',0,1,'2014-10-13 19:47:10',362,'2015-01-07 22:09:43',362,'0000-00-00 00:00:00',0),(263,1,'duocompact.jpg.jpg','','','image/jpeg','product','images/stories/virtuemart/product/duocompact.jpg.jpg','',0,0,0,'','',0,1,'2014-10-13 19:51:10',362,'2014-10-13 19:51:10',362,'0000-00-00 00:00:00',0),(264,1,'geo-2.0.jpg','','','image/jpeg','product','images/stories/virtuemart/product/geo-2.0.jpg','',0,0,0,'','',0,1,'2014-10-13 20:01:33',362,'2014-10-13 20:02:35',362,'0000-00-00 00:00:00',0),(265,1,'veo3.0.jpg','','','image/jpeg','product','images/stories/virtuemart/product/veo3.0.jpg','',0,0,0,'','',0,1,'2014-10-13 20:09:18',362,'2014-10-13 20:09:18',362,'0000-00-00 00:00:00',0),(266,1,'veo2.jpg','','','image/jpeg','product','images/stories/virtuemart/product/veo2.jpg','',0,0,0,'','',0,1,'2014-10-13 20:11:48',362,'2014-10-13 20:11:48',362,'0000-00-00 00:00:00',0),(267,1,'veo1.0.jpg','','','image/jpeg','product','images/stories/virtuemart/product/veo1.0.jpg','',0,0,0,'','',0,1,'2014-10-13 20:14:10',362,'2014-10-13 20:14:10',362,'0000-00-00 00:00:00',0),(268,1,'manometr-apeks.jpg','','','image/jpeg','product','images/stories/virtuemart/product/manometr-apeks.jpg','',0,0,0,'','',0,1,'2014-10-13 20:42:50',362,'2014-10-13 20:42:50',362,'0000-00-00 00:00:00',0),(269,1,'manometr-apeks.jpg_product','','','image/jpeg','product','images/stories/virtuemart/product/mano.jpg','',0,0,0,'','',0,1,'2014-10-13 20:44:13',362,'2015-02-23 22:19:03',362,'0000-00-00 00:00:00',0),(270,1,'mano-sub.jpg','','','image/jpeg','product','images/stories/virtuemart/product/mano-sub.jpg','',0,0,0,'','',0,1,'2014-10-13 21:03:05',362,'2014-11-15 23:35:25',362,'0000-00-00 00:00:00',0),(271,1,'img6.jpg','','','image/jpeg','product','images/stories/virtuemart/product/img6.jpg','',0,0,0,'','',0,1,'2014-10-18 22:42:19',362,'2015-02-14 00:21:31',362,'0000-00-00 00:00:00',0),(272,1,'images-(1).jpg','','','image/jpeg','manufacturer','images/stories/virtuemart/manufacturer/images-(1).jpg','',0,0,0,'','',0,1,'2014-10-22 09:05:38',362,'2014-10-22 09:05:38',362,'0000-00-00 00:00:00',0),(273,1,'scubatech-logo.jpg','','','image/jpeg','manufacturer','images/stories/virtuemart/manufacturer/scubatech-logo.jpg','',0,0,0,'','',0,1,'2014-10-22 09:12:06',362,'2014-10-22 09:12:06',362,'0000-00-00 00:00:00',0),(274,1,'tecline.jpg','','','image/jpeg','manufacturer','images/stories/virtuemart/manufacturer/tecline.jpg','',0,0,0,'','',0,1,'2014-10-22 09:13:01',362,'2014-10-22 09:13:01',362,'0000-00-00 00:00:00',0),(275,1,'bare.jpg','','','image/jpeg','manufacturer','images/stories/virtuemart/manufacturer/bare.jpg','',0,0,0,'','',0,1,'2014-10-22 09:15:42',362,'2014-10-22 09:15:42',362,'0000-00-00 00:00:00',0),(276,1,'images.jpg','','','image/jpeg','manufacturer','images/stories/virtuemart/manufacturer/images.jpg','',0,0,0,'','',0,1,'2014-10-22 09:18:36',362,'2014-10-22 09:18:36',362,'0000-00-00 00:00:00',0),(277,1,'tusa.jpg','','','image/jpeg','manufacturer','images/stories/virtuemart/manufacturer/tusa.jpg','',0,0,0,'','',0,1,'2014-10-22 09:20:17',362,'2014-10-22 09:20:17',362,'0000-00-00 00:00:00',0),(278,1,'subgear.jpg','','','image/jpeg','manufacturer','images/stories/virtuemart/manufacturer/subgear.jpg','',0,0,0,'','',0,1,'2014-10-22 09:22:02',362,'2014-10-22 09:22:02',362,'0000-00-00 00:00:00',0),(279,1,'oceanic.jpg','','','image/jpeg','manufacturer','images/stories/virtuemart/manufacturer/oceanic.jpg','',0,0,0,'','',0,1,'2014-10-22 09:23:34',362,'2014-10-22 09:23:34',362,'0000-00-00 00:00:00',0),(280,1,'poseidon.png','','','image/png','manufacturer','images/stories/virtuemart/manufacturer/poseidon.png','',0,0,0,'','',0,1,'2014-10-22 09:25:20',362,'2014-10-22 09:25:20',362,'0000-00-00 00:00:00',0),(281,1,'mcnett.jpg','','','image/jpeg','manufacturer','images/stories/virtuemart/manufacturer/mcnett.jpg','',0,0,0,'','',0,1,'2014-10-22 09:27:33',362,'2014-10-22 09:27:33',362,'0000-00-00 00:00:00',0),(282,1,'luxfer-11,1.jpg','','','image/jpeg','manufacturer','images/stories/virtuemart/manufacturer/luxfer-11,1.jpg','',0,0,0,'','',0,1,'2014-10-22 09:31:13',362,'2014-10-22 09:31:13',362,'0000-00-00 00:00:00',0),(283,1,'fab-15.jpg','','','image/jpeg','manufacturer','images/stories/virtuemart/manufacturer/fab-15.jpg','',0,0,0,'','',0,1,'2014-10-22 09:32:40',362,'2014-10-22 09:32:40',362,'0000-00-00 00:00:00',0),(284,1,'eu-12.jpg','','','image/jpeg','manufacturer','images/stories/virtuemart/manufacturer/eu-12.jpg','',0,0,0,'','',0,1,'2014-10-22 09:33:28',362,'2014-10-22 09:33:28',362,'0000-00-00 00:00:00',0),(285,1,'indeks.jpg','','','image/jpeg','manufacturer','images/stories/virtuemart/manufacturer/indeks.jpg','',0,0,0,'','',0,1,'2014-10-22 09:34:03',362,'2014-10-22 09:34:03',362,'0000-00-00 00:00:00',0),(286,1,'polaris.jpg','','','image/jpeg','manufacturer','images/stories/virtuemart/manufacturer/polaris.jpg','',0,0,0,'','',0,1,'2014-10-22 09:37:51',362,'2014-10-22 09:37:51',362,'0000-00-00 00:00:00',0),(287,1,'vitkovice.jpg','','','image/jpeg','manufacturer','images/stories/virtuemart/manufacturer/vitkovice.jpg','',0,0,0,'','',0,1,'2014-10-22 09:40:13',362,'2014-10-22 09:40:13',362,'0000-00-00 00:00:00',0),(288,1,'images-(1).jpg_manufacturer','','','image/jpeg','manufacturer','images/stories/virtuemart/manufacturer/x-deep.jpg','',0,0,0,'','',0,1,'2014-10-22 09:41:18',362,'2014-10-22 09:41:18',362,'0000-00-00 00:00:00',0),(289,1,'trilam_td_m_red-24.jpg_category','','','image/png','category','images/stories/virtuemart/category/trilam_td_m_red-3.ashx_.png','',0,0,0,'','',0,1,'2014-10-27 20:56:23',362,'2014-10-27 20:56:23',362,'0000-00-00 00:00:00',0),(290,1,'trilam_td_m_red-24.jpg_category','','','image/png','category','images/stories/virtuemart/category/elastekdryhood_2.ashx__0.png','',0,0,0,'','',0,1,'2014-10-27 20:56:48',362,'2014-10-27 20:56:48',362,'0000-00-00 00:00:00',0),(291,1,'trilam_td_m_red-24.jpg_category','','','image/jpeg','category','images/stories/virtuemart/category/drysuitbag_1.jpg','',0,0,0,'','',0,1,'2014-10-27 20:57:12',362,'2014-10-27 20:57:12',362,'0000-00-00 00:00:00',0),(292,1,'trilam_td_w_pnk_1.jpg','','','image/jpeg','product','images/stories/virtuemart/product/trilam_td_w_pnk_1.jpg','',0,0,0,'','',0,1,'2014-10-27 21:04:14',362,'2015-01-07 22:43:44',362,'0000-00-00 00:00:00',0),(293,1,'hdc.jpg','','','image/jpeg','product','images/stories/virtuemart/product/hdc.jpg','',0,0,0,'','',0,1,'2014-10-27 21:12:01',362,'2015-02-15 18:29:32',362,'0000-00-00 00:00:00',0),(294,1,'011131_hdc_tech_dry_sport_edition_blk_0_bag_logos.jpg','','','image/jpeg','product','images/stories/virtuemart/product/011131_hdc_tech_dry_sport_edition_blk_0_bag_logos.jpg','',0,0,0,'','',0,1,'2014-10-27 21:16:05',362,'2014-10-27 21:16:05',362,'0000-00-00 00:00:00',0),(295,1,'011131_hdc_tech_dry_sport_edition_blk_0_bag_logos.jpg_product','','','image/jpeg','product','images/stories/virtuemart/product/hdc-tech-dry.jpg','',0,0,0,'','',0,1,'2014-10-27 21:18:08',362,'2015-02-15 18:35:38',362,'0000-00-00 00:00:00',0),(296,1,'extender.jpg','','','image/jpeg','product','images/stories/virtuemart/product/extender.jpg','',0,0,0,'','',0,1,'2014-10-27 21:27:03',362,'2014-10-27 21:27:03',362,'0000-00-00 00:00:00',0),(297,1,'eco-dry.jpg','','','image/jpeg','product','images/stories/virtuemart/product/eco-dry.jpg','',0,0,0,'','',0,1,'2014-10-27 21:30:44',362,'2014-10-27 21:30:44',362,'0000-00-00 00:00:00',0),(298,1,'boja.jpg','','','image/jpeg','product','images/stories/virtuemart/product/boja.jpg','',0,0,0,'','',0,1,'2014-10-27 21:38:59',362,'2014-10-27 21:38:59',362,'0000-00-00 00:00:00',0),(299,1,'img4.jpg','','','image/jpeg','product','images/stories/virtuemart/product/img4.jpg','',0,0,0,'','',0,1,'2014-11-05 22:34:01',362,'2015-02-13 21:27:23',362,'0000-00-00 00:00:00',0),(300,1,'img5.jpg','','','image/jpeg','product','images/stories/virtuemart/product/img5.jpg','',0,0,0,'','',0,1,'2014-11-05 22:39:23',362,'2015-02-13 22:36:03',362,'0000-00-00 00:00:00',0),(301,1,'sidemount21.jpg','','','image/jpeg','product','images/stories/virtuemart/product/sidemount21.jpg','',0,0,0,'','',0,1,'2014-11-05 22:55:01',362,'2014-11-05 23:08:27',362,'0000-00-00 00:00:00',0),(302,1,'sidemount2.jpg','','','image/jpeg','category','images/stories/virtuemart/category/sidemount2.jpg','',0,0,0,'','',0,1,'2014-11-05 23:10:13',362,'2014-11-05 23:10:13',362,'0000-00-00 00:00:00',0),(303,1,'luxfer-11,1.jpg','','','image/jpeg','category','images/stories/virtuemart/category/luxfer-11,1.jpg','',0,0,0,'','',0,1,'2014-11-05 23:13:00',362,'2014-11-05 23:21:59',362,'0000-00-00 00:00:00',0),(304,1,'luxfer-11,18.jpg','','','image/jpeg','product','images/stories/virtuemart/product/luxfer-11,18.jpg','',0,0,0,'','',0,1,'2014-11-05 23:16:59',362,'2015-02-13 20:33:47',362,'0000-00-00 00:00:00',0),(305,1,'indeks6.jpg','','','image/jpeg','product','images/stories/virtuemart/product/indeks6.jpg','',0,0,0,'','',0,1,'2014-11-05 23:21:02',362,'2014-11-05 23:21:02',362,'0000-00-00 00:00:00',0),(306,1,'lux-alu-7-l1.jpg','','','image/jpeg','product','images/stories/virtuemart/product/lux-alu-7-l1.jpg','',0,0,0,'','',0,1,'2014-11-05 23:24:55',362,'2015-02-13 20:37:43',362,'0000-00-00 00:00:00',0),(307,1,'polaris-alu-7-l5.jpg','','','image/jpeg','product','images/stories/virtuemart/product/polaris-alu-7-l5.jpg','',0,0,0,'','',0,1,'2014-11-05 23:26:20',362,'2015-02-13 20:41:06',362,'0000-00-00 00:00:00',0),(308,1,'lewy.jpg','','','image/jpeg','product','images/stories/virtuemart/product/lewy.jpg','',0,0,0,'','',0,1,'2014-11-05 23:30:21',362,'2015-02-14 00:14:21',362,'0000-00-00 00:00:00',0),(309,1,'prawy.jpg','','','image/jpeg','product','images/stories/virtuemart/product/prawy.jpg','',0,0,0,'','',0,1,'2014-11-05 23:32:05',362,'2015-02-14 00:13:53',362,'0000-00-00 00:00:00',0),(310,1,'liberat.jpg','','','image/jpeg','product','images/stories/virtuemart/product/liberat.jpg','',0,0,0,'','',0,1,'2014-11-15 23:28:00',362,'2015-03-01 19:36:49',362,'0000-00-00 00:00:00',0),(311,1,'tabliczka4.jpg','','','image/jpeg','category','images/stories/virtuemart/category/tabliczka4.jpg','',0,0,0,'','',0,1,'2014-11-16 23:09:19',362,'2014-11-16 23:09:19',362,'0000-00-00 00:00:00',0),(312,1,'karabinek8.jpg','','','image/jpeg','category','images/stories/virtuemart/category/karabinek8.jpg','',0,0,0,'','',0,1,'2014-11-16 23:11:40',362,'2014-11-25 22:43:46',362,'0000-00-00 00:00:00',0),(313,1,'chemia2.jpg','','','image/jpeg','category','images/stories/virtuemart/category/chemia2.jpg','',0,0,0,'','',0,1,'2014-11-16 23:12:09',362,'2014-11-16 23:12:09',362,'0000-00-00 00:00:00',0),(314,1,'tabliczka4.jpg_category','','','image/jpeg','category','images/stories/virtuemart/category/tabliczka8.jpg','',0,0,0,'','',0,1,'2014-11-16 23:15:01',362,'2014-11-16 23:15:01',362,'0000-00-00 00:00:00',0),(315,1,'dragon.jpg','','','image/jpeg','product','images/stories/virtuemart/product/dragon.jpg','',0,0,0,'','',0,1,'2014-11-23 21:48:01',362,'2014-11-23 21:48:18',362,'0000-00-00 00:00:00',0),(316,1,'eagle.jpg','','','image/jpeg','product','images/stories/virtuemart/product/eagle.jpg','',0,0,0,'','',0,1,'2014-11-23 21:52:35',362,'2014-11-23 21:52:35',362,'0000-00-00 00:00:00',0),(317,1,'falcon-tytan.jpg','','','image/jpeg','product','images/stories/virtuemart/product/falcon-tytan.jpg','',0,0,0,'','',0,1,'2014-11-23 21:58:15',362,'2014-11-23 21:58:15',362,'0000-00-00 00:00:00',0),(318,1,'finn-i.jpg','','','image/jpeg','product','images/stories/virtuemart/product/finn-i.jpg','',0,0,0,'','',0,1,'2014-11-23 22:01:58',362,'2014-11-23 22:01:58',362,'0000-00-00 00:00:00',0),(319,1,'finn-ii.jpg','','','image/jpeg','product','images/stories/virtuemart/product/finn-ii.jpg','',0,0,0,'','',0,1,'2014-11-23 22:04:41',362,'2014-11-23 22:04:41',362,'0000-00-00 00:00:00',0),(320,1,'mastercut-i.jpg','','','image/jpeg','product','images/stories/virtuemart/product/mastercut-i.jpg','',0,0,0,'','',0,1,'2014-11-23 22:10:07',362,'2014-11-23 22:12:31',362,'0000-00-00 00:00:00',0),(321,1,'mastercut-ii.jpg','','','image/jpeg','product','images/stories/virtuemart/product/mastercut-ii.jpg','',0,0,0,'','',0,1,'2014-11-23 22:17:36',362,'2014-11-23 22:17:36',362,'0000-00-00 00:00:00',0),(322,1,'minirazor-alfa.jpg','','','image/jpeg','product','images/stories/virtuemart/product/minirazor-alfa.jpg','',0,0,0,'','',0,1,'2014-11-23 22:24:29',362,'2014-11-23 22:34:06',362,'0000-00-00 00:00:00',0),(323,1,'minirazor-alfa-nylon.jpg','','','image/jpeg','product','images/stories/virtuemart/product/minirazor-alfa-nylon.jpg','',0,0,0,'','',0,1,'2014-11-23 22:28:08',362,'2014-11-23 22:28:08',362,'0000-00-00 00:00:00',0),(324,1,'minirazor-beta.jpg','','','image/jpeg','product','images/stories/virtuemart/product/minirazor-beta.jpg','',0,0,0,'','',0,1,'2014-11-23 22:31:42',362,'2014-11-23 22:31:42',362,'0000-00-00 00:00:00',0),(325,1,'minirazor-beta-plastik.jpg','','','image/jpeg','product','images/stories/virtuemart/product/minirazor-beta-plastik.jpg','',0,0,0,'','',0,1,'2014-11-23 22:33:41',362,'2014-11-23 22:33:41',362,'0000-00-00 00:00:00',0),(326,1,'raptor.jpg','','','image/jpeg','product','images/stories/virtuemart/product/raptor.jpg','',0,0,0,'','',0,1,'2014-11-23 22:42:01',362,'2014-11-23 22:42:01',362,'0000-00-00 00:00:00',0),(327,1,'t-rex-tytan.jpg','','','image/jpeg','product','images/stories/virtuemart/product/t-rex-tytan.jpg','',0,0,0,'','',0,1,'2014-11-23 22:43:13',362,'2014-11-23 22:43:13',362,'0000-00-00 00:00:00',0),(328,1,'t-rex-stal.jpg','','','image/jpeg','product','images/stories/virtuemart/product/t-rex-stal.jpg','',0,0,0,'','',0,1,'2014-11-23 22:46:26',362,'2014-11-23 22:46:26',362,'0000-00-00 00:00:00',0),(329,1,'nożyce.jpg','','','image/jpeg','product','images/stories/virtuemart/product/nożyce.jpg','',0,0,0,'','',0,1,'2014-11-23 22:50:09',362,'2015-02-13 22:34:46',362,'0000-00-00 00:00:00',0),(330,1,'nożyce-mini.jpg','','','image/jpeg','product','images/stories/virtuemart/product/nożyce-mini.jpg','',0,0,0,'','',0,1,'2014-11-23 22:52:40',362,'2014-11-23 22:52:40',362,'0000-00-00 00:00:00',0),(331,1,'mini-knife.jpg','','','image/jpeg','product','images/stories/virtuemart/product/mini-knife.jpg','',0,0,0,'','',0,1,'2014-11-23 23:08:45',362,'2014-11-23 23:08:45',362,'0000-00-00 00:00:00',0),(332,1,'mini-knife.jpg_product','','','image/jpeg','product','images/stories/virtuemart/product/mini-knife-kolory.jpg','',0,0,0,'','',0,1,'2014-11-23 23:09:46',362,'2014-11-23 23:09:46',362,'0000-00-00 00:00:00',0),(333,1,'mini-knife-fk-11.jpg','','','image/jpeg','product','images/stories/virtuemart/product/mini-knife-fk-11.jpg','',0,0,0,'','',0,1,'2014-11-23 23:14:20',362,'2014-11-23 23:14:20',362,'0000-00-00 00:00:00',0),(334,1,'mini-knife-fk-11.jpg_product','','','image/jpeg','product','images/stories/virtuemart/product/fk-11-kolory.jpg','',0,0,0,'','',0,1,'2014-11-23 23:16:51',362,'2014-11-23 23:16:51',362,'0000-00-00 00:00:00',0),(335,1,'mini-knife-fk-11.jpg_product','','','image/jpeg','product','images/stories/virtuemart/product/fk11.jpg','',0,0,0,'','',0,1,'2014-11-23 23:17:12',362,'2014-11-23 23:17:12',362,'0000-00-00 00:00:00',0),(336,1,'mini-knife.jpg_product','','','image/jpeg','product','images/stories/virtuemart/product/fk10kolory.jpg','',0,0,0,'','',0,1,'2014-11-23 23:19:59',362,'2014-11-23 23:19:59',362,'0000-00-00 00:00:00',0),(337,1,'fk210.jpg','','','image/jpeg','product','images/stories/virtuemart/product/fk210.jpg','',0,0,0,'','',0,1,'2014-11-23 23:25:24',362,'2014-11-23 23:35:57',362,'0000-00-00 00:00:00',0),(338,1,'fk210.jpg_product','','','image/jpeg','product','images/stories/virtuemart/product/fk220kolory.jpg','',0,0,0,'','',0,1,'2014-11-23 23:25:50',362,'2014-11-23 23:25:50',362,'0000-00-00 00:00:00',0),(339,1,'fk210.jpg_product','','','image/jpeg','product','images/stories/virtuemart/product/fk220bk.jpg','',0,0,0,'','',0,1,'2014-11-23 23:26:07',362,'2014-11-23 23:26:07',362,'0000-00-00 00:00:00',0),(340,1,'fk220kolory1.jpg','','','image/jpeg','product','images/stories/virtuemart/product/fk220kolory1.jpg','',0,0,0,'','',0,1,'2014-11-23 23:28:24',362,'2014-11-23 23:28:24',362,'0000-00-00 00:00:00',0),(341,1,'fk220.jpg','','','image/jpeg','product','images/stories/virtuemart/product/fk220.jpg','',0,0,0,'','',0,1,'2014-11-23 23:32:18',362,'2014-11-23 23:36:18',362,'0000-00-00 00:00:00',0),(342,1,'fk220.jpg_product','','','image/jpeg','product','images/stories/virtuemart/product/fk220kolory6.jpg','',0,0,0,'','',0,1,'2014-11-23 23:32:36',362,'2014-11-23 23:32:36',362,'0000-00-00 00:00:00',0),(343,1,'fk940-tyt.jpg','','','image/jpeg','product','images/stories/virtuemart/product/fk940-tyt.jpg','',0,0,0,'','',0,1,'2014-11-23 23:42:20',362,'2014-11-23 23:42:20',362,'0000-00-00 00:00:00',0),(344,1,'fk940-tyt.jpg_product','','','image/jpeg','product','images/stories/virtuemart/product/fk940kolory.jpg','',0,0,0,'','',0,1,'2014-11-23 23:42:44',362,'2014-11-23 23:42:44',362,'0000-00-00 00:00:00',0),(345,1,'fk940-tyt.jpg_product','','','image/jpeg','product','images/stories/virtuemart/product/fk940mdr.jpg','',0,0,0,'','',0,1,'2014-11-23 23:43:01',362,'2014-11-23 23:43:01',362,'0000-00-00 00:00:00',0),(346,1,'fk920main.jpg','','','image/jpeg','product','images/stories/virtuemart/product/fk920main.jpg','',0,0,0,'','',0,1,'2014-11-23 23:47:01',362,'2014-11-23 23:47:01',362,'0000-00-00 00:00:00',0),(347,1,'fk920main.jpg_product','','','image/jpeg','product','images/stories/virtuemart/product/fk910kolory_1.jpg','',0,0,0,'','',0,1,'2014-11-23 23:47:22',362,'2014-11-23 23:47:22',362,'0000-00-00 00:00:00',0),(348,1,'fk920main.jpg_product','','','image/jpeg','product','images/stories/virtuemart/product/fk910bkjpg_1.jpg','',0,0,0,'','',0,1,'2014-11-23 23:48:16',362,'2014-11-23 23:48:16',362,'0000-00-00 00:00:00',0),(349,1,'fk910main.jpg','','','image/jpeg','product','images/stories/virtuemart/product/fk910main.jpg','',0,0,0,'','',0,1,'2014-11-23 23:53:46',362,'2015-03-01 19:35:33',362,'0000-00-00 00:00:00',0),(350,1,'fk910main.jpg_product','','','image/jpeg','product','images/stories/virtuemart/product/fk910kolory_19.jpg','',0,0,0,'','',0,1,'2014-11-23 23:54:16',362,'2014-11-23 23:54:16',362,'0000-00-00 00:00:00',0),(351,1,'fk910main.jpg_product','','','image/jpeg','product','images/stories/virtuemart/product/fk910bkjpg.jpg','',0,0,0,'','',0,1,'2014-11-23 23:55:09',362,'2014-11-23 23:55:09',362,'0000-00-00 00:00:00',0),(352,1,'fk920main.jpg_product','','','image/jpeg','product','images/stories/virtuemart/product/fk910bkjpg8.jpg','',0,0,0,'','',0,1,'2014-11-23 23:56:01',362,'2014-11-23 23:56:01',362,'0000-00-00 00:00:00',0),(353,1,'kołowr-explor-cave-260.jpg','','','image/jpeg','product','images/stories/virtuemart/product/kołowr-explor-cave-260.jpg','',0,0,0,'','',0,1,'2014-11-24 19:46:18',362,'2015-02-14 00:26:07',362,'0000-00-00 00:00:00',0),(354,1,'kołowr-explor-cave-260.jpg_product','','','image/jpeg','product','images/stories/virtuemart/product/kołow-exsplor-cave.jpg','',0,0,0,'','',0,1,'2014-11-24 19:46:40',362,'2014-11-24 19:46:40',362,'0000-00-00 00:00:00',0);
INSERT INTO `jos_virtuemart_medias` VALUES (355,1,'066921_sealtek_dry_hood_blk_0.jpg','','','image/jpeg','product','images/stories/virtuemart/product/066921_sealtek_dry_hood_blk_0.jpg','',0,0,0,'','',0,1,'2014-11-25 21:19:38',362,'2015-01-07 22:20:38',362,'0000-00-00 00:00:00',0),(356,1,'p_fins_mako1.jpg','','','image/jpeg','product','images/stories/virtuemart/product/p_fins_mako1.jpg','',0,0,0,'','',0,1,'2014-11-25 21:30:57',362,'2014-11-25 21:34:10',362,'0000-00-00 00:00:00',0),(357,1,'underwater-slate.jpg','','','image/jpeg','product','images/stories/virtuemart/product/underwater-slate.jpg','',0,0,0,'','',0,1,'2014-11-25 21:48:28',362,'2014-11-25 21:48:28',362,'0000-00-00 00:00:00',0),(358,1,'showa660.jpg','','','image/jpeg','product','images/stories/virtuemart/product/showa660.jpg','',0,0,0,'','',0,1,'2014-11-25 22:01:40',362,'2014-11-25 22:01:40',362,'0000-00-00 00:00:00',0),(359,1,'showa-495.jpg','','','image/jpeg','product','images/stories/virtuemart/product/showa-495.jpg','',0,0,0,'','',0,1,'2014-11-25 22:07:00',362,'2014-11-25 22:07:00',362,'0000-00-00 00:00:00',0),(360,1,'karab120-001.jpg','','','image/jpeg','product','images/stories/virtuemart/product/karab120-001.jpg','',0,0,0,'','',0,1,'2014-11-25 22:31:31',362,'2014-11-25 22:49:06',362,'0000-00-00 00:00:00',0),(361,1,'karab-podwój.jpg','','','image/jpeg','product','images/stories/virtuemart/product/karab-podwój.jpg','',0,0,0,'','',0,1,'2014-11-25 22:41:35',362,'2014-11-25 22:41:35',362,'0000-00-00 00:00:00',0),(362,1,'karab-podwój8.jpg','','','image/jpeg','product','images/stories/virtuemart/product/karab-podwój8.jpg','',0,0,0,'','',0,1,'2014-11-25 22:46:54',362,'2014-11-25 22:46:54',362,'0000-00-00 00:00:00',0),(363,1,'us15.jpg','','','image/jpeg','product','images/stories/virtuemart/product/us15.jpg','',0,0,0,'','',0,1,'2014-11-26 21:22:20',362,'2014-11-26 21:22:20',362,'0000-00-00 00:00:00',0),(364,1,'us15.jpg_product','','','image/jpeg','product','images/stories/virtuemart/product/us15-1.jpg','',0,0,0,'','',0,1,'2014-11-26 21:22:47',362,'2014-11-26 21:22:47',362,'0000-00-00 00:00:00',0),(365,1,'us-16.jpg','','','image/jpeg','product','images/stories/virtuemart/product/us-16.jpg','',0,0,0,'','',0,1,'2014-11-26 21:27:57',362,'2015-02-15 21:09:07',362,'0000-00-00 00:00:00',0),(366,1,'us-13.jpg','','','image/jpeg','product','images/stories/virtuemart/product/us-13.jpg','',0,0,0,'','',0,1,'2014-11-26 21:31:54',362,'2015-02-15 19:20:01',362,'0000-00-00 00:00:00',0),(367,1,'us-13.jpg_product','','','image/jpeg','product','images/stories/virtuemart/product/us-13-1.jpg','',0,0,0,'','',0,1,'2014-11-26 21:32:15',362,'2014-11-26 21:32:15',362,'0000-00-00 00:00:00',0),(368,1,'us30.jpg','','','image/jpeg','product','images/stories/virtuemart/product/us30.jpg','',0,0,0,'','',0,1,'2014-11-26 21:37:01',362,'2015-02-15 19:18:03',362,'0000-00-00 00:00:00',0),(369,1,'x7-gumki.jpg','','','image/jpeg','product','images/stories/virtuemart/product/x7-gumki.jpg','',0,0,0,'','',0,1,'2014-11-27 22:40:14',362,'2015-02-15 19:12:17',362,'0000-00-00 00:00:00',0),(370,1,'kompas-x7pasek.jpg','','','image/jpeg','product','images/stories/virtuemart/product/kompas-x7pasek.jpg','',0,0,0,'','',0,1,'2014-11-27 22:41:35',362,'2015-02-15 19:11:54',362,'0000-00-00 00:00:00',0),(371,1,'devil.jpg','','','image/jpeg','product','images/stories/virtuemart/product/devil.jpg','',0,0,0,'','',0,1,'2014-11-28 21:15:53',362,'2014-11-28 21:15:53',362,'0000-00-00 00:00:00',0),(372,1,'pro-zip-boot.jpg','','','image/jpeg','product','images/stories/virtuemart/product/pro-zip-boot.jpg','',0,0,0,'','',0,1,'2014-11-28 21:27:56',362,'2014-11-28 21:27:56',362,'0000-00-00 00:00:00',0),(373,1,'comfort-zip.jpg','','','image/jpeg','product','images/stories/virtuemart/product/comfort-zip.jpg','',0,0,0,'','',0,1,'2014-11-28 21:31:56',362,'2014-11-28 21:32:26',362,'0000-00-00 00:00:00',0),(374,1,'stretch-d-flex.jpg','','','image/jpeg','product','images/stories/virtuemart/product/stretch-d-flex.jpg','',0,0,0,'','',0,1,'2014-11-28 21:40:52',362,'2014-11-28 21:40:52',362,'0000-00-00 00:00:00',0),(375,1,'g-flex-x-treme.jpg','','','image/jpeg','product','images/stories/virtuemart/product/g-flex-x-treme.jpg','',0,0,0,'','',0,1,'2014-11-28 21:44:58',362,'2014-11-28 21:44:58',362,'0000-00-00 00:00:00',0),(376,1,'super-sretch.jpg','','','image/jpeg','product','images/stories/virtuemart/product/super-sretch.jpg','',0,0,0,'','',0,1,'2014-11-28 21:48:52',362,'2014-11-28 21:48:52',362,'0000-00-00 00:00:00',0),(377,1,'maska-ghost.jpg','','','image/jpeg','product','images/stories/virtuemart/product/maska-ghost.jpg','',0,0,0,'','',0,1,'2014-11-28 21:53:06',362,'2014-11-28 21:53:06',362,'0000-00-00 00:00:00',0),(378,1,'sk-21.jpg','','','image/jpeg','product','images/stories/virtuemart/product/sk-21.jpg','',0,0,0,'','',0,1,'2014-11-28 22:01:54',362,'2014-11-28 22:01:54',362,'0000-00-00 00:00:00',0),(379,1,'sk-75.jpg','','','image/jpeg','product','images/stories/virtuemart/product/sk-75.jpg','',0,0,0,'','',0,1,'2014-11-28 22:04:28',362,'2014-11-28 22:04:28',362,'0000-00-00 00:00:00',0),(380,1,'prolight-sp-30.jpg','','','image/jpeg','product','images/stories/virtuemart/product/prolight-sp-30.jpg','',0,0,0,'','',0,1,'2014-11-28 22:09:11',362,'2014-11-28 22:09:11',362,'0000-00-00 00:00:00',0),(381,1,'multi-tool.jpg','','','image/jpeg','product','images/stories/virtuemart/product/multi-tool.jpg','',0,0,0,'','',0,1,'2014-11-28 22:25:18',362,'2014-11-28 22:25:18',362,'0000-00-00 00:00:00',0),(382,1,'bcj-7000-conquest-a.p.a.57.jpg','','','image/jpeg','product','images/stories/virtuemart/product/bcj-7000-conquest-a.p.a.57.jpg','',0,0,0,'','',0,1,'2014-12-01 14:22:52',362,'2014-12-01 14:22:52',362,'0000-00-00 00:00:00',0),(383,1,'conquest.jpg','','','image/jpeg','product','images/stories/virtuemart/product/conquest.jpg','',0,0,0,'','',0,1,'2014-12-01 14:28:34',362,'2014-12-01 14:28:34',362,'0000-00-00 00:00:00',0),(384,1,'foto7.jpg','','','image/jpeg','product','images/stories/virtuemart/product/foto7.jpg','',0,0,0,'','',0,1,'2014-12-01 14:46:34',362,'2014-12-01 14:57:54',362,'0000-00-00 00:00:00',0),(385,1,'foto7.jpg_product','','','image/jpeg','product','images/stories/virtuemart/product/apa.jpg','',0,0,0,'','',0,1,'2014-12-01 14:47:35',362,'2014-12-01 14:47:35',362,'0000-00-00 00:00:00',0),(386,1,'foto7.jpg_product','','','image/jpeg','product','images/stories/virtuemart/product/apa1.jpg','',0,0,0,'','',0,1,'2014-12-01 14:47:52',362,'2014-12-01 14:47:52',362,'0000-00-00 00:00:00',0),(387,1,'conquest6.jpg','','','image/jpeg','product','images/stories/virtuemart/product/conquest6.jpg','',0,0,0,'','',0,1,'2014-12-01 14:51:10',362,'2014-12-01 14:56:23',362,'0000-00-00 00:00:00',0),(388,1,'conquest6.jpg_product','','','image/jpeg','product','images/stories/virtuemart/product/bcj7000c_apa3.jpg','',0,0,0,'','',0,1,'2014-12-01 14:52:17',362,'2014-12-01 14:52:17',362,'0000-00-00 00:00:00',0),(389,1,'conquest6.jpg_product','','','image/jpeg','product','images/stories/virtuemart/product/bcj7000c_retractor.jpg','',0,0,0,'','',0,1,'2014-12-01 14:52:34',362,'2014-12-01 14:52:34',362,'0000-00-00 00:00:00',0),(390,1,'conquest6.jpg_product','','','image/jpeg','product','images/stories/virtuemart/product/bcj7000c_tank.jpg','',0,0,0,'','',0,1,'2014-12-01 14:52:57',362,'2014-12-01 14:52:57',362,'0000-00-00 00:00:00',0),(391,1,'lp.jpg','','','image/jpeg','category','images/stories/virtuemart/category/lp.jpg','',0,0,0,'','',0,1,'2014-12-01 20:30:15',362,'2014-12-01 22:33:41',362,'0000-00-00 00:00:00',0),(392,1,'hp.jpg','','','image/jpeg','category','images/stories/virtuemart/category/hp.jpg','',0,0,0,'','',0,1,'2014-12-01 20:30:41',362,'2014-12-01 20:30:41',362,'0000-00-00 00:00:00',0),(393,1,'wąż-inflator.jpg','','','image/jpeg','category','images/stories/virtuemart/category/wąż-inflator.jpg','',0,0,0,'','',0,1,'2014-12-01 20:31:06',362,'2014-12-01 21:15:18',362,'0000-00-00 00:00:00',0),(394,1,'proflex.jpg','','','image/jpeg','product','images/stories/virtuemart/product/proflex.jpg','',0,0,0,'','',0,1,'2014-12-01 21:14:05',362,'2014-12-02 21:50:38',362,'0000-00-00 00:00:00',0),(395,1,'proflex9.jpg','','','image/jpeg','product','images/stories/virtuemart/product/proflex9.jpg','',0,0,0,'','',0,1,'2014-12-01 21:16:54',362,'2014-12-02 21:51:52',362,'0000-00-00 00:00:00',0),(396,1,'proflex5.jpg','','','image/jpeg','product','images/stories/virtuemart/product/proflex5.jpg','',0,0,0,'','',0,1,'2014-12-01 21:18:10',362,'2014-12-02 21:52:13',362,'0000-00-00 00:00:00',0),(397,1,'proflex8.jpg','','','image/jpeg','product','images/stories/virtuemart/product/proflex8.jpg','',0,0,0,'','',0,1,'2014-12-01 21:20:00',362,'2014-12-02 21:52:30',362,'0000-00-00 00:00:00',0),(398,1,'proflex4.jpg','','','image/jpeg','product','images/stories/virtuemart/product/proflex4.jpg','',0,0,0,'','',0,1,'2014-12-01 21:21:58',362,'2014-12-02 21:52:51',362,'0000-00-00 00:00:00',0),(399,1,'proflex1.jpg','','','image/jpeg','product','images/stories/virtuemart/product/proflex1.jpg','',0,0,0,'','',0,1,'2014-12-01 21:22:59',362,'2014-12-02 21:53:11',362,'0000-00-00 00:00:00',0),(400,1,'proflex6.jpg','','','image/jpeg','product','images/stories/virtuemart/product/proflex6.jpg','',0,0,0,'','',0,1,'2014-12-01 21:24:02',362,'2014-12-02 21:53:30',362,'0000-00-00 00:00:00',0),(401,1,'proflex67.jpg','','','image/jpeg','product','images/stories/virtuemart/product/proflex67.jpg','',0,0,0,'','',0,1,'2014-12-01 21:24:57',362,'2014-12-02 21:53:47',362,'0000-00-00 00:00:00',0),(402,1,'proflex3.jpg','','','image/jpeg','product','images/stories/virtuemart/product/proflex3.jpg','',0,0,0,'','',0,1,'2014-12-01 21:26:36',362,'2014-12-02 21:54:43',362,'0000-00-00 00:00:00',0),(403,1,'proflex69.jpg','','','image/jpeg','product','images/stories/virtuemart/product/proflex69.jpg','',0,0,0,'','',0,1,'2014-12-01 21:28:24',362,'2014-12-02 21:55:13',362,'0000-00-00 00:00:00',0),(404,1,'lp.jpg','','','image/jpeg','product','images/stories/virtuemart/product/lp.jpg','',0,0,0,'','',0,1,'2014-12-01 22:21:30',362,'2014-12-02 21:55:45',362,'0000-00-00 00:00:00',0),(405,1,'lp3.jpg','','','image/jpeg','product','images/stories/virtuemart/product/lp3.jpg','',0,0,0,'','',0,1,'2014-12-01 22:22:52',362,'2014-12-02 21:56:03',362,'0000-00-00 00:00:00',0),(406,1,'lp7.jpg','','','image/jpeg','product','images/stories/virtuemart/product/lp7.jpg','',0,0,0,'','',0,1,'2014-12-01 22:24:20',362,'2014-12-02 21:56:58',362,'0000-00-00 00:00:00',0),(407,1,'lp4.jpg','','','image/jpeg','product','images/stories/virtuemart/product/lp4.jpg','',0,0,0,'','',0,1,'2014-12-01 22:25:11',362,'2014-12-02 21:57:56',362,'0000-00-00 00:00:00',0),(408,1,'lp47.jpg','','','image/jpeg','product','images/stories/virtuemart/product/lp47.jpg','',0,0,0,'','',0,1,'2014-12-01 22:26:23',362,'2014-12-02 21:57:17',362,'0000-00-00 00:00:00',0),(409,1,'lp1.jpg','','','image/jpeg','product','images/stories/virtuemart/product/lp1.jpg','',0,0,0,'','',0,1,'2014-12-01 22:27:11',362,'2014-12-02 21:57:38',362,'0000-00-00 00:00:00',0),(410,1,'lp8.jpg','','','image/jpeg','product','images/stories/virtuemart/product/lp8.jpg','',0,0,0,'','',0,1,'2014-12-01 22:28:07',362,'2014-12-02 21:58:18',362,'0000-00-00 00:00:00',0),(411,1,'lp-niebieski.jpg','','','image/jpeg','product','images/stories/virtuemart/product/lp-niebieski.jpg','',0,0,0,'','',0,1,'2014-12-01 22:30:45',362,'2014-12-02 21:58:40',362,'0000-00-00 00:00:00',0),(412,1,'lp-żółty.jpg','','','image/jpeg','product','images/stories/virtuemart/product/lp-żółty.jpg','',0,0,0,'','',0,1,'2014-12-01 22:32:30',362,'2014-12-02 22:00:32',362,'0000-00-00 00:00:00',0),(413,1,'lp86.jpg','','','image/jpeg','product','images/stories/virtuemart/product/lp86.jpg','',0,0,0,'','',0,1,'2014-12-01 22:36:44',362,'2014-12-02 22:01:00',362,'0000-00-00 00:00:00',0),(414,1,'lp-niebieski3.jpg','','','image/jpeg','product','images/stories/virtuemart/product/lp-niebieski3.jpg','',0,0,0,'','',0,1,'2014-12-01 22:38:20',362,'2014-12-02 22:01:16',362,'0000-00-00 00:00:00',0),(415,1,'lp-zielony.jpg','','','image/jpeg','product','images/stories/virtuemart/product/lp-zielony.jpg','',0,0,0,'','',0,1,'2014-12-01 22:39:32',362,'2014-12-02 22:01:40',362,'0000-00-00 00:00:00',0),(416,1,'lp-żółty6.jpg','','','image/jpeg','product','images/stories/virtuemart/product/lp-żółty6.jpg','',0,0,0,'','',0,1,'2014-12-01 22:41:01',362,'2014-12-02 22:01:57',362,'0000-00-00 00:00:00',0),(417,1,'lp-żółty7.jpg','','','image/jpeg','product','images/stories/virtuemart/product/lp-żółty7.jpg','',0,0,0,'','',0,1,'2014-12-01 22:42:12',362,'2014-12-02 22:02:16',362,'0000-00-00 00:00:00',0),(418,1,'lp14.jpg','','','image/jpeg','product','images/stories/virtuemart/product/lp14.jpg','',0,0,0,'','',0,1,'2014-12-01 22:43:18',362,'2014-12-02 22:02:33',362,'0000-00-00 00:00:00',0),(419,1,'lp-żółty1.jpg','','','image/jpeg','product','images/stories/virtuemart/product/lp-żółty1.jpg','',0,0,0,'','',0,1,'2014-12-01 22:44:37',362,'2014-12-02 22:02:49',362,'0000-00-00 00:00:00',0),(420,1,'lp11.jpg','','','image/jpeg','product','images/stories/virtuemart/product/lp11.jpg','',0,0,0,'','',0,1,'2014-12-01 22:46:06',362,'2014-12-02 22:03:05',362,'0000-00-00 00:00:00',0),(421,1,'lp-niebieski5.jpg','','','image/jpeg','product','images/stories/virtuemart/product/lp-niebieski5.jpg','',0,0,0,'','',0,1,'2014-12-01 22:47:13',362,'2014-12-02 22:03:20',362,'0000-00-00 00:00:00',0),(422,1,'lp71.jpg','','','image/jpeg','product','images/stories/virtuemart/product/lp71.jpg','',0,0,0,'','',0,1,'2014-12-01 22:48:30',362,'2014-12-02 22:03:34',362,'0000-00-00 00:00:00',0),(423,1,'lp-żółty3.jpg','','','image/jpeg','product','images/stories/virtuemart/product/lp-żółty3.jpg','',0,0,0,'','',0,1,'2014-12-01 22:49:48',362,'2014-12-02 22:03:52',362,'0000-00-00 00:00:00',0),(424,1,'lp6.jpg','','','image/jpeg','product','images/stories/virtuemart/product/lp6.jpg','',0,0,0,'','',0,1,'2014-12-01 22:50:55',362,'2014-12-02 22:04:08',362,'0000-00-00 00:00:00',0),(425,1,'lp-żółty69.jpg','','','image/jpeg','product','images/stories/virtuemart/product/lp-żółty69.jpg','',0,0,0,'','',0,1,'2014-12-01 22:51:45',362,'2014-12-02 22:04:35',362,'0000-00-00 00:00:00',0),(426,1,'lp-żółty.jpg','','','image/jpeg','category','images/stories/virtuemart/category/lp-żółty.jpg','',0,0,0,'','',0,1,'2014-12-01 23:02:56',362,'2014-12-01 23:02:56',362,'0000-00-00 00:00:00',0),(427,1,'miflex-carbon-xtr.jpg','','','image/jpeg','category','images/stories/virtuemart/category/miflex-carbon-xtr.jpg','',0,0,0,'','',0,1,'2014-12-01 23:03:15',362,'2014-12-01 23:03:15',362,'0000-00-00 00:00:00',0),(428,1,'img-(1)2.jpg','','','image/jpeg','product','images/stories/virtuemart/product/img-(1)2.jpg','',0,0,0,'','',0,1,'2014-12-02 22:09:52',362,'2015-02-15 23:16:11',362,'0000-00-00 00:00:00',0),(429,1,'img-(1)6.jpg','','','image/jpeg','product','images/stories/virtuemart/product/img-(1)6.jpg','',0,0,0,'','',0,1,'2014-12-02 22:11:19',362,'2015-02-15 23:15:51',362,'0000-00-00 00:00:00',0),(430,1,'img-(1)4.jpg','','','image/jpeg','product','images/stories/virtuemart/product/img-(1)4.jpg','',0,0,0,'','',0,1,'2014-12-02 22:13:13',362,'2015-02-15 23:15:31',362,'0000-00-00 00:00:00',0),(431,1,'img-(1)44.jpg','','','image/jpeg','product','images/stories/virtuemart/product/img-(1)44.jpg','',0,0,0,'','',0,1,'2014-12-02 22:15:18',362,'2015-02-15 23:14:57',362,'0000-00-00 00:00:00',0),(432,1,'img-(1)7.jpg','','','image/jpeg','product','images/stories/virtuemart/product/img-(1)7.jpg','',0,0,0,'','',0,1,'2014-12-02 22:17:04',362,'2015-02-15 23:14:37',362,'0000-00-00 00:00:00',0),(433,1,'img-(1)73.jpg','','','image/jpeg','product','images/stories/virtuemart/product/img-(1)73.jpg','',0,0,0,'','',0,1,'2014-12-02 22:18:29',362,'2015-02-15 23:14:00',362,'0000-00-00 00:00:00',0),(434,1,'img-(1)23.jpg','','','image/jpeg','product','images/stories/virtuemart/product/img-(1)23.jpg','',0,0,0,'','',0,1,'2014-12-03 21:26:12',362,'2015-02-15 23:13:41',362,'0000-00-00 00:00:00',0),(435,1,'img-(1)9.jpg','','','image/jpeg','product','images/stories/virtuemart/product/img-(1)9.jpg','',0,0,0,'','',0,1,'2014-12-03 21:27:55',362,'2015-02-15 23:13:04',362,'0000-00-00 00:00:00',0),(436,1,'img-(1)3.jpg','','','image/jpeg','product','images/stories/virtuemart/product/img-(1)3.jpg','',0,0,0,'','',0,1,'2014-12-03 21:30:18',362,'2015-02-15 23:12:46',362,'0000-00-00 00:00:00',0),(437,1,'img-(1)97.jpg','','','image/jpeg','product','images/stories/virtuemart/product/img-(1)97.jpg','',0,0,0,'','',0,1,'2014-12-03 21:31:17',362,'2015-02-15 23:12:14',362,'0000-00-00 00:00:00',0),(438,1,'img-(1)33.jpg','','','image/jpeg','product','images/stories/virtuemart/product/img-(1)33.jpg','',0,0,0,'','',0,1,'2014-12-03 21:32:23',362,'2015-02-15 23:11:57',362,'0000-00-00 00:00:00',0),(439,1,'miflex-carbon-xtr.jpg','','','image/jpeg','product','images/stories/virtuemart/product/miflex-carbon-xtr.jpg','',0,0,0,'','',0,1,'2014-12-03 21:41:17',362,'2015-02-15 23:27:18',362,'0000-00-00 00:00:00',0),(440,1,'miflex-carbon-xtr1.jpg','','','image/jpeg','product','images/stories/virtuemart/product/miflex-carbon-xtr1.jpg','',0,0,0,'','',0,1,'2014-12-03 21:42:53',362,'2015-02-15 23:28:31',362,'0000-00-00 00:00:00',0),(441,1,'miflex-carbon-xtr2.jpg','','','image/jpeg','product','images/stories/virtuemart/product/miflex-carbon-xtr2.jpg','',0,0,0,'','',0,1,'2014-12-03 21:44:10',362,'2015-02-15 23:26:20',362,'0000-00-00 00:00:00',0),(442,1,'miflex-carbon-xtr28.jpg','','','image/jpeg','product','images/stories/virtuemart/product/miflex-carbon-xtr28.jpg','',0,0,0,'','',0,1,'2014-12-03 21:45:47',362,'2015-02-15 23:25:59',362,'0000-00-00 00:00:00',0),(443,1,'miflex-carbon-xtr9.jpg','','','image/jpeg','product','images/stories/virtuemart/product/miflex-carbon-xtr9.jpg','',0,0,0,'','',0,1,'2014-12-03 21:47:10',362,'2014-12-03 21:47:10',362,'0000-00-00 00:00:00',0),(444,1,'miflex-carbon-xtr19.jpg','','','image/jpeg','product','images/stories/virtuemart/product/miflex-carbon-xtr19.jpg','',0,0,0,'','',0,1,'2014-12-03 21:48:35',362,'2015-02-15 23:24:43',362,'0000-00-00 00:00:00',0),(445,1,'miflex-carbon-xtr8.jpg','','','image/jpeg','product','images/stories/virtuemart/product/miflex-carbon-xtr8.jpg','',0,0,0,'','',0,1,'2014-12-03 21:49:52',362,'2015-02-15 23:24:26',362,'0000-00-00 00:00:00',0),(446,1,'miflex-carbon-xtr25.jpg','','','image/jpeg','product','images/stories/virtuemart/product/miflex-carbon-xtr25.jpg','',0,0,0,'','',0,1,'2014-12-03 21:51:04',362,'2015-02-15 23:23:56',362,'0000-00-00 00:00:00',0),(447,1,'miflex-carbon-xtr5.jpg','','','image/jpeg','product','images/stories/virtuemart/product/miflex-carbon-xtr5.jpg','',0,0,0,'','',0,1,'2014-12-03 21:52:11',362,'2015-02-15 23:23:38',362,'0000-00-00 00:00:00',0),(448,1,'miflex-carbon-xtr3.jpg','','','image/jpeg','product','images/stories/virtuemart/product/miflex-carbon-xtr3.jpg','',0,0,0,'','',0,1,'2014-12-03 21:53:24',362,'2015-02-15 23:23:07',362,'0000-00-00 00:00:00',0),(449,1,'miflex-carbon-xtr26.jpg','','','image/jpeg','product','images/stories/virtuemart/product/miflex-carbon-xtr26.jpg','',0,0,0,'','',0,1,'2014-12-03 21:57:27',362,'2015-02-15 23:22:47',362,'0000-00-00 00:00:00',0),(450,1,'img59.jpg','','','image/jpeg','product','images/stories/virtuemart/product/img59.jpg','',0,0,0,'','',0,1,'2014-12-03 22:03:40',362,'2015-02-15 23:21:42',362,'0000-00-00 00:00:00',0),(451,1,'img55.jpg','','','image/jpeg','product','images/stories/virtuemart/product/img55.jpg','',0,0,0,'','',0,1,'2014-12-03 22:04:51',362,'2015-02-15 23:21:23',362,'0000-00-00 00:00:00',0),(452,1,'img65.jpg','','','image/jpeg','product','images/stories/virtuemart/product/img65.jpg','',0,0,0,'','',0,1,'2014-12-03 22:06:00',362,'2015-02-15 23:20:48',362,'0000-00-00 00:00:00',0),(453,1,'img1.jpg','','','image/jpeg','product','images/stories/virtuemart/product/img1.jpg','',0,0,0,'','',0,1,'2014-12-03 22:07:22',362,'2015-02-15 23:20:23',362,'0000-00-00 00:00:00',0),(454,1,'img657.jpg','','','image/jpeg','product','images/stories/virtuemart/product/img657.jpg','',0,0,0,'','',0,1,'2014-12-03 22:08:33',362,'2015-02-15 23:19:51',362,'0000-00-00 00:00:00',0),(455,1,'img551.jpg','','','image/jpeg','product','images/stories/virtuemart/product/img551.jpg','',0,0,0,'','',0,1,'2014-12-03 22:09:53',362,'2015-02-15 23:19:26',362,'0000-00-00 00:00:00',0),(456,1,'img7.jpg','','','image/jpeg','product','images/stories/virtuemart/product/img7.jpg','',0,0,0,'','',0,1,'2014-12-03 22:11:00',362,'2015-02-15 23:18:59',362,'0000-00-00 00:00:00',0),(457,1,'img51.jpg','','','image/jpeg','product','images/stories/virtuemart/product/img51.jpg','',0,0,0,'','',0,1,'2014-12-03 22:12:07',362,'2015-02-15 23:18:27',362,'0000-00-00 00:00:00',0),(458,1,'img14.jpg','','','image/jpeg','product','images/stories/virtuemart/product/img14.jpg','',0,0,0,'','',0,1,'2014-12-03 22:13:48',362,'2015-02-15 23:18:11',362,'0000-00-00 00:00:00',0),(459,1,'img8.jpg','','','image/jpeg','product','images/stories/virtuemart/product/img8.jpg','',0,0,0,'','',0,1,'2014-12-03 22:15:12',362,'2015-02-15 23:17:41',362,'0000-00-00 00:00:00',0),(460,1,'img9.jpg','','','image/jpeg','product','images/stories/virtuemart/product/img9.jpg','',0,0,0,'','',0,1,'2014-12-03 22:16:11',362,'2015-02-15 23:17:17',362,'0000-00-00 00:00:00',0),(461,1,'r5ice-special.jpg','','','image/jpeg','category','images/stories/virtuemart/category/r5ice-special.jpg','',0,0,0,'','',0,1,'2014-12-04 23:25:08',362,'2014-12-04 23:25:08',362,'0000-00-00 00:00:00',0),(462,1,'r5ice.jpg','','','image/jpeg','category','images/stories/virtuemart/category/r5ice.jpg','',0,0,0,'','',0,1,'2014-12-04 23:25:31',362,'2014-12-04 23:25:31',362,'0000-00-00 00:00:00',0),(463,1,'v2ice-mono.jpg','','','image/jpeg','category','images/stories/virtuemart/category/v2ice-mono.jpg','',0,0,0,'','',0,1,'2014-12-04 23:25:50',362,'2014-12-04 23:25:50',362,'0000-00-00 00:00:00',0),(464,1,'r5-tec.jpg','','','image/jpeg','product','images/stories/virtuemart/product/r5-tec.jpg','',0,0,0,'','',0,1,'2014-12-04 23:34:29',362,'2015-02-13 21:24:46',362,'0000-00-00 00:00:00',0),(465,1,'r5-tec.jpg_product','','','image/jpeg','product','images/stories/virtuemart/product/r5-tec1.jpg','',0,0,0,'','',0,1,'2014-12-04 23:35:46',362,'2014-12-04 23:35:46',362,'0000-00-00 00:00:00',0),(466,1,'r5-tec.jpg_product','','','image/jpeg','product','images/stories/virtuemart/product/r5-tec2.jpg','',0,0,0,'','',0,1,'2014-12-04 23:36:00',362,'2014-12-04 23:36:00',362,'0000-00-00 00:00:00',0),(467,1,'r5-tec-zestaw.jpg','','','image/jpeg','product','images/stories/virtuemart/product/r5-tec-zestaw.jpg','',0,0,0,'','',0,1,'2014-12-04 23:39:57',362,'2014-12-04 23:39:57',362,'0000-00-00 00:00:00',0),(468,1,'v2-ice-mono.jpg','','','image/jpeg','product','images/stories/virtuemart/product/v2-ice-mono.jpg','',0,0,0,'','',0,1,'2014-12-04 23:43:01',362,'2015-02-13 21:14:05',362,'0000-00-00 00:00:00',0),(469,1,'v2-ice-mono-zestaw.jpg','','','image/jpeg','product','images/stories/virtuemart/product/v2-ice-mono-zestaw.jpg','',0,0,0,'','',0,1,'2014-12-04 23:50:08',362,'2014-12-04 23:50:08',362,'0000-00-00 00:00:00',0),(470,1,'r5-tec-i-st.jpg','','','image/jpeg','product','images/stories/virtuemart/product/r5-tec-i-st.jpg','',0,0,0,'','',0,1,'2014-12-04 23:53:01',362,'2015-02-13 22:41:18',362,'0000-00-00 00:00:00',0),(471,1,'v2ice-mono.jpg','','','image/jpeg','product','images/stories/virtuemart/product/v2ice-mono.jpg','',0,0,0,'','',0,1,'2014-12-04 23:54:55',362,'2014-12-04 23:54:55',362,'0000-00-00 00:00:00',0),(472,1,'r5-tec12.jpg','','','image/jpeg','product','images/stories/virtuemart/product/r5-tec12.jpg','',0,0,0,'','',0,1,'2014-12-05 00:26:52',362,'2015-02-13 22:53:45',362,'0000-00-00 00:00:00',0),(473,1,'iist-v2-ice.jpg','','','image/jpeg','product','images/stories/virtuemart/product/iist-v2-ice.jpg','',0,0,0,'','',0,1,'2014-12-05 00:29:12',362,'2015-02-15 19:03:05',362,'0000-00-00 00:00:00',0),(474,1,'r5-tec-o2.jpg','','','image/jpeg','product','images/stories/virtuemart/product/r5-tec-o2.jpg','',0,0,0,'','',0,1,'2014-12-05 00:31:58',362,'2015-02-13 22:52:22',362,'0000-00-00 00:00:00',0),(475,1,'r2-ice-o2.jpg','','','image/jpeg','product','images/stories/virtuemart/product/r2-ice-o2.jpg','',0,0,0,'','',0,1,'2014-12-05 00:34:11',362,'2015-02-13 22:39:08',362,'0000-00-00 00:00:00',0),(476,1,'r2-ice-o2-zestaw.jpg','','','image/jpeg','product','images/stories/virtuemart/product/r2-ice-o2-zestaw.jpg','',0,0,0,'','',0,1,'2014-12-05 00:38:39',362,'2015-02-13 21:11:52',362,'0000-00-00 00:00:00',0),(477,1,'r2-ice-o2-zestaw.jpg_product','','','image/jpeg','product','images/stories/virtuemart/product/r2-ice-o2-zestaw1.jpg','',0,0,0,'','',0,1,'2014-12-05 00:38:56',362,'2014-12-05 00:38:56',362,'0000-00-00 00:00:00',0),(478,1,'r2-tec-o2.jpg','','','image/jpeg','product','images/stories/virtuemart/product/r2-tec-o2.jpg','',0,0,0,'','',0,1,'2014-12-05 00:41:05',362,'2015-02-13 21:09:28',362,'0000-00-00 00:00:00',0),(479,1,'jetstream-żół.jpg','','','image/jpeg','product','images/stories/virtuemart/product/jetstream-żół.jpg','',0,0,0,'','',0,1,'2014-12-11 07:34:12',362,'2015-02-13 21:00:48',362,'0000-00-00 00:00:00',0),(480,1,'jetstream-żół.jpg_product','','','image/jpeg','product','images/stories/virtuemart/product/jsżół.jpg','',0,0,0,'','',0,1,'2014-12-11 07:34:33',362,'2014-12-11 07:34:33',362,'0000-00-00 00:00:00',0),(481,1,'jetstream-czer.jpg','','','image/jpeg','product','images/stories/virtuemart/product/jetstream-czer.jpg','',0,0,0,'','',0,1,'2014-12-11 07:37:22',362,'2015-02-13 21:00:26',362,'0000-00-00 00:00:00',0),(482,1,'jetstream.jpg','','','image/jpeg','product','images/stories/virtuemart/product/jetstream.jpg','',0,0,0,'','',0,1,'2014-12-11 07:39:00',362,'2015-02-13 21:01:22',362,'0000-00-00 00:00:00',0),(483,1,'jetstream.jpg_product','','','image/jpeg','product','images/stories/virtuemart/product/js.jpg','',0,0,0,'','',0,1,'2014-12-11 07:39:20',362,'2014-12-11 07:39:20',362,'0000-00-00 00:00:00',0),(484,1,'img-(1)71.jpg','','','image/jpeg','product','images/stories/virtuemart/product/img-(1)71.jpg','',0,0,0,'','',0,1,'2014-12-12 19:33:48',362,'2014-12-12 19:33:48',362,'0000-00-00 00:00:00',0),(485,1,'img-(1)1.jpg','','','image/jpeg','product','images/stories/virtuemart/product/img-(1)1.jpg','',0,0,0,'','',0,1,'2014-12-12 19:39:02',362,'2014-12-12 19:39:02',362,'0000-00-00 00:00:00',0),(486,1,'img-(1)93.jpg','','','image/jpeg','product','images/stories/virtuemart/product/img-(1)93.jpg','',0,0,0,'','',0,1,'2014-12-12 19:42:31',362,'2014-12-12 19:42:31',362,'0000-00-00 00:00:00',0),(487,1,'img-(1)24.jpg','','','image/jpeg','product','images/stories/virtuemart/product/img-(1)24.jpg','',0,0,0,'','',0,1,'2014-12-12 19:47:25',362,'2014-12-12 19:52:38',362,'0000-00-00 00:00:00',0),(488,1,'img-(1)21.jpg','','','image/jpeg','product','images/stories/virtuemart/product/img-(1)21.jpg','',0,0,0,'','',0,1,'2014-12-12 19:49:40',362,'2014-12-12 19:49:40',362,'0000-00-00 00:00:00',0),(489,1,'img-(1)8.jpg','','','image/jpeg','product','images/stories/virtuemart/product/img-(1)8.jpg','',0,0,0,'','',0,1,'2014-12-12 19:52:17',362,'2014-12-12 19:52:17',362,'0000-00-00 00:00:00',0),(490,1,'img-(1)45.jpg','','','image/jpeg','product','images/stories/virtuemart/product/img-(1)45.jpg','',0,0,0,'','',0,1,'2014-12-12 19:57:04',362,'2014-12-12 19:57:04',362,'0000-00-00 00:00:00',0),(491,1,'img-(1)235.jpg','','','image/jpeg','product','images/stories/virtuemart/product/img-(1)235.jpg','',0,0,0,'','',0,1,'2014-12-12 19:58:16',362,'2014-12-12 19:58:16',362,'0000-00-00 00:00:00',0),(492,1,'img-(1)36.jpg','','','image/jpeg','product','images/stories/virtuemart/product/img-(1)36.jpg','',0,0,0,'','',0,1,'2014-12-12 19:59:31',362,'2014-12-12 19:59:31',362,'0000-00-00 00:00:00',0),(493,1,'img-(1)47.jpg','','','image/jpeg','product','images/stories/virtuemart/product/img-(1)47.jpg','',0,0,0,'','',0,1,'2014-12-12 20:00:47',362,'2014-12-12 20:00:47',362,'0000-00-00 00:00:00',0),(494,1,'img.jpg','','','image/jpeg','category','images/stories/virtuemart/category/img.jpg','',0,0,0,'','',0,1,'2014-12-12 20:05:59',362,'2014-12-12 20:05:59',362,'0000-00-00 00:00:00',0),(495,1,'img4.jpg','','','image/jpeg','category','images/stories/virtuemart/category/img4.jpg','',0,0,0,'','',0,1,'2014-12-12 20:07:48',362,'2014-12-12 20:07:48',362,'0000-00-00 00:00:00',0),(496,1,'img-(1).jpg','','','image/jpeg','category','images/stories/virtuemart/category/img-(1).jpg','',0,0,0,'','',0,1,'2014-12-12 20:08:23',362,'2014-12-12 20:08:23',362,'0000-00-00 00:00:00',0),(497,1,'proflex.jpg','','','image/jpeg','category','images/stories/virtuemart/category/proflex.jpg','',0,0,0,'','',0,1,'2014-12-12 20:08:57',362,'2014-12-12 20:08:57',362,'0000-00-00 00:00:00',0),(498,1,'miflex-carbon-xtr1.jpg','','','image/jpeg','category','images/stories/virtuemart/category/miflex-carbon-xtr1.jpg','',0,0,0,'','',0,1,'2014-12-12 20:10:43',362,'2014-12-12 20:10:43',362,'0000-00-00 00:00:00',0),(499,1,'img9.jpg','','','image/jpeg','category','images/stories/virtuemart/category/img9.jpg','',0,0,0,'','',0,1,'2014-12-12 20:11:22',362,'2014-12-12 20:13:54',362,'0000-00-00 00:00:00',0),(500,1,'wąż-inflator9.jpg','','','image/jpeg','category','images/stories/virtuemart/category/wąż-inflator9.jpg','',0,0,0,'','',0,1,'2014-12-12 20:11:51',362,'2014-12-12 20:11:51',362,'0000-00-00 00:00:00',0),(501,1,'snorkel_sd_red_1.jpg','','','image/jpeg','product','images/stories/virtuemart/product/snorkel_sd_red_1.jpg','',0,0,0,'','',0,1,'2014-12-15 19:29:52',362,'2015-01-07 22:13:47',362,'0000-00-00 00:00:00',0),(502,1,'img-(1)249.jpg','','','image/jpeg','product','images/stories/virtuemart/product/img-(1)249.jpg','',0,0,0,'','',0,1,'2014-12-15 19:37:01',362,'2015-02-15 22:56:29',362,'0000-00-00 00:00:00',0),(503,1,'img-(1)4.jpg','','','image/jpeg','category','images/stories/virtuemart/category/img-(1)4.jpg','',0,0,0,'','',0,1,'2014-12-15 19:39:00',362,'2014-12-15 19:39:00',362,'0000-00-00 00:00:00',0),(504,1,'img48.jpg','','','image/jpeg','category','images/stories/virtuemart/category/img48.jpg','',0,0,0,'','',0,1,'2014-12-15 19:41:14',362,'2014-12-15 19:41:14',362,'0000-00-00 00:00:00',0),(505,1,'img58.jpg','','','image/jpeg','product','images/stories/virtuemart/product/img58.jpg','',0,0,0,'','',0,1,'2014-12-16 12:09:35',362,'2015-02-15 22:58:05',362,'0000-00-00 00:00:00',0),(506,1,'img48.jpg','','','image/jpeg','product','images/stories/virtuemart/product/img48.jpg','',0,0,0,'','',0,1,'2014-12-16 12:10:13',362,'2015-02-15 22:58:56',362,'0000-00-00 00:00:00',0),(507,1,'img54.jpg','','','image/jpeg','product','images/stories/virtuemart/product/img54.jpg','',0,0,0,'','',0,1,'2014-12-16 12:10:46',362,'2015-02-15 23:00:22',362,'0000-00-00 00:00:00',0),(508,1,'img42.jpg','','','image/jpeg','product','images/stories/virtuemart/product/img42.jpg','',0,0,0,'','',0,1,'2014-12-16 12:11:18',362,'2015-02-15 23:01:45',362,'0000-00-00 00:00:00',0),(509,1,'img76.jpg','','','image/jpeg','product','images/stories/virtuemart/product/img76.jpg','',0,0,0,'','',0,1,'2014-12-16 12:11:58',362,'2015-02-15 23:04:37',362,'0000-00-00 00:00:00',0),(510,1,'img18.jpg','','','image/jpeg','product','images/stories/virtuemart/product/img18.jpg','',0,0,0,'','',0,1,'2014-12-16 12:12:31',362,'2015-02-15 23:06:26',362,'0000-00-00 00:00:00',0),(511,1,'img3.jpg','','','image/jpeg','product','images/stories/virtuemart/product/img3.jpg','',0,0,0,'','',0,1,'2014-12-16 12:13:08',362,'2015-02-15 23:08:07',362,'0000-00-00 00:00:00',0),(512,1,'img69.jpg','','','image/jpeg','product','images/stories/virtuemart/product/img69.jpg','',0,0,0,'','',0,1,'2014-12-16 12:13:37',362,'2015-02-15 23:08:23',362,'0000-00-00 00:00:00',0),(513,1,'img88.jpg','','','image/jpeg','product','images/stories/virtuemart/product/img88.jpg','',0,0,0,'','',0,1,'2014-12-16 12:20:43',362,'2015-02-15 23:07:34',362,'0000-00-00 00:00:00',0),(514,1,'img56.jpg','','','image/jpeg','product','images/stories/virtuemart/product/img56.jpg','',0,0,0,'','',0,1,'2014-12-16 12:21:45',362,'2015-02-15 23:09:06',362,'0000-00-00 00:00:00',0),(515,1,'img35.jpg','','','image/jpeg','product','images/stories/virtuemart/product/img35.jpg','',0,0,0,'','',0,1,'2014-12-16 12:26:00',362,'2015-02-15 23:09:29',362,'0000-00-00 00:00:00',0),(516,1,'img16.jpg','','','image/jpeg','product','images/stories/virtuemart/product/img16.jpg','',0,0,0,'','',0,1,'2014-12-16 12:26:39',362,'2015-02-15 23:10:00',362,'0000-00-00 00:00:00',0),(517,1,'lp-żółty74.jpg','','','image/jpeg','product','images/stories/virtuemart/product/lp-żółty74.jpg','',0,0,0,'','',0,1,'2014-12-16 12:34:05',362,'2015-02-15 22:57:19',362,'0000-00-00 00:00:00',0),(518,1,'lp-żółty17.jpg','','','image/jpeg','product','images/stories/virtuemart/product/lp-żółty17.jpg','',0,0,0,'','',0,1,'2014-12-16 12:34:32',362,'2015-02-15 22:58:37',362,'0000-00-00 00:00:00',0),(519,1,'lp-niebieski1.jpg','','','image/jpeg','product','images/stories/virtuemart/product/lp-niebieski1.jpg','',0,0,0,'','',0,1,'2014-12-16 12:35:10',362,'2015-02-15 22:59:59',362,'0000-00-00 00:00:00',0),(520,1,'lp-żółty2.jpg','','','image/jpeg','product','images/stories/virtuemart/product/lp-żółty2.jpg','',0,0,0,'','',0,1,'2014-12-16 12:36:16',362,'2015-02-15 23:01:25',362,'0000-00-00 00:00:00',0),(521,1,'lp-żółty9.jpg','','','image/jpeg','product','images/stories/virtuemart/product/lp-żółty9.jpg','',0,0,0,'','',0,1,'2014-12-16 12:37:08',362,'2015-02-15 23:02:40',362,'0000-00-00 00:00:00',0),(522,1,'lp-żółty12.jpg','','','image/jpeg','product','images/stories/virtuemart/product/lp-żółty12.jpg','',0,0,0,'','',0,1,'2014-12-16 12:37:43',362,'2015-02-15 23:02:58',362,'0000-00-00 00:00:00',0),(523,1,'lp-zielony4.jpg','','','image/jpeg','product','images/stories/virtuemart/product/lp-zielony4.jpg','',0,0,0,'','',0,1,'2014-12-16 12:38:26',362,'2015-02-15 23:03:49',362,'0000-00-00 00:00:00',0),(524,1,'lp-niebieski9.jpg','','','image/jpeg','product','images/stories/virtuemart/product/lp-niebieski9.jpg','',0,0,0,'','',0,1,'2014-12-16 12:38:58',362,'2015-02-15 23:04:13',362,'0000-00-00 00:00:00',0),(525,1,'lp-żółty8.jpg','','','image/jpeg','product','images/stories/virtuemart/product/lp-żółty8.jpg','',0,0,0,'','',0,1,'2014-12-16 12:39:36',362,'2015-02-15 23:05:17',362,'0000-00-00 00:00:00',0),(526,1,'lp-niebieski6.jpg','','','image/jpeg','product','images/stories/virtuemart/product/lp-niebieski6.jpg','',0,0,0,'','',0,1,'2014-12-16 12:40:30',362,'2015-02-15 23:05:58',362,'0000-00-00 00:00:00',0),(527,1,'proflex7.jpg','','','image/jpeg','product','images/stories/virtuemart/product/proflex7.jpg','',0,0,0,'','',0,1,'2014-12-16 12:43:13',362,'2015-02-15 22:37:23',362,'0000-00-00 00:00:00',0),(528,1,'proflex42.jpg','','','image/jpeg','product','images/stories/virtuemart/product/proflex42.jpg','',0,0,0,'','',0,1,'2014-12-16 12:43:42',362,'2015-02-15 22:37:42',362,'0000-00-00 00:00:00',0),(529,1,'proflex14.jpg','','','image/jpeg','product','images/stories/virtuemart/product/proflex14.jpg','',0,0,0,'','',0,1,'2014-12-16 12:44:13',362,'2015-02-15 22:38:03',362,'0000-00-00 00:00:00',0),(530,1,'proflex12.jpg','','','image/jpeg','product','images/stories/virtuemart/product/proflex12.jpg','',0,0,0,'','',0,1,'2014-12-16 12:44:43',362,'2015-02-15 22:38:27',362,'0000-00-00 00:00:00',0),(531,1,'proflex66.jpg','','','image/jpeg','product','images/stories/virtuemart/product/proflex66.jpg','',0,0,0,'','',0,1,'2014-12-16 12:45:16',362,'2015-02-15 22:38:44',362,'0000-00-00 00:00:00',0),(532,1,'proflex32.jpg','','','image/jpeg','product','images/stories/virtuemart/product/proflex32.jpg','',0,0,0,'','',0,1,'2014-12-16 12:45:46',362,'2015-02-16 19:32:37',362,'0000-00-00 00:00:00',0),(533,1,'proflex33.jpg','','','image/jpeg','product','images/stories/virtuemart/product/proflex33.jpg','',0,0,0,'','',0,1,'2014-12-16 12:46:19',362,'2015-02-15 22:44:17',362,'0000-00-00 00:00:00',0),(534,1,'proflex2.jpg','','','image/jpeg','product','images/stories/virtuemart/product/proflex2.jpg','',0,0,0,'','',0,1,'2014-12-16 12:46:46',362,'2015-02-15 22:43:41',362,'0000-00-00 00:00:00',0),(535,1,'proflex676.jpg','','','image/jpeg','product','images/stories/virtuemart/product/proflex676.jpg','',0,0,0,'','',0,1,'2014-12-16 12:47:17',362,'2015-02-15 22:42:57',362,'0000-00-00 00:00:00',0),(536,1,'proflex47.jpg','','','image/jpeg','product','images/stories/virtuemart/product/proflex47.jpg','',0,0,0,'','',0,1,'2014-12-16 12:47:56',362,'2015-02-15 22:42:35',362,'0000-00-00 00:00:00',0),(537,1,'proflex2.jpg','','','image/jpeg','category','images/stories/virtuemart/category/proflex2.jpg','',0,0,0,'','',0,1,'2014-12-16 12:48:54',362,'2014-12-16 12:48:54',362,'0000-00-00 00:00:00',0),(538,1,'img2.jpg','','','image/jpeg','category','images/stories/virtuemart/category/img2.jpg','',0,0,0,'','',0,1,'2014-12-16 12:49:42',362,'2014-12-16 12:49:42',362,'0000-00-00 00:00:00',0),(539,1,'img-(1)8.jpg','','','image/jpeg','category','images/stories/virtuemart/category/img-(1)8.jpg','',0,0,0,'','',0,1,'2014-12-16 12:51:13',362,'2014-12-16 12:51:13',362,'0000-00-00 00:00:00',0),(540,1,'img-(1)92.jpg','','','image/jpeg','product','images/stories/virtuemart/product/img-(1)92.jpg','',0,0,0,'','',0,1,'2014-12-16 13:00:25',362,'2015-02-15 22:56:12',362,'0000-00-00 00:00:00',0),(541,1,'img-(1)39.jpg','','','image/jpeg','product','images/stories/virtuemart/product/img-(1)39.jpg','',0,0,0,'','',0,1,'2014-12-16 13:01:04',362,'2015-02-15 22:55:52',362,'0000-00-00 00:00:00',0),(542,1,'img-(1)41.jpg','','','image/jpeg','product','images/stories/virtuemart/product/img-(1)41.jpg','',0,0,0,'','',0,1,'2014-12-16 13:01:39',362,'2015-02-15 22:54:37',362,'0000-00-00 00:00:00',0),(543,1,'img-(1)65.jpg','','','image/jpeg','product','images/stories/virtuemart/product/img-(1)65.jpg','',0,0,0,'','',0,1,'2014-12-16 13:02:11',362,'2015-02-15 22:53:50',362,'0000-00-00 00:00:00',0),(544,1,'img-(1)11.jpg','','','image/jpeg','product','images/stories/virtuemart/product/img-(1)11.jpg','',0,0,0,'','',0,1,'2014-12-16 13:02:42',362,'2015-02-15 22:53:27',362,'0000-00-00 00:00:00',0),(545,1,'img-(1)72.jpg','','','image/jpeg','product','images/stories/virtuemart/product/img-(1)72.jpg','',0,0,0,'','',0,1,'2014-12-16 13:03:12',362,'2015-02-15 22:52:37',362,'0000-00-00 00:00:00',0),(546,1,'img-(1)84.jpg','','','image/jpeg','product','images/stories/virtuemart/product/img-(1)84.jpg','',0,0,0,'','',0,1,'2014-12-16 13:03:52',362,'2015-02-15 22:52:04',362,'0000-00-00 00:00:00',0),(547,1,'img-(1)64.jpg','','','image/jpeg','product','images/stories/virtuemart/product/img-(1)64.jpg','',0,0,0,'','',0,1,'2014-12-16 13:04:24',362,'2015-02-15 22:51:36',362,'0000-00-00 00:00:00',0),(548,1,'img-(1)339.jpg','','','image/jpeg','product','images/stories/virtuemart/product/img-(1)339.jpg','',0,0,0,'','',0,1,'2014-12-16 13:05:05',362,'2015-02-15 22:51:01',362,'0000-00-00 00:00:00',0),(549,1,'ds4-1st-stage-din-web-003.jpg','','','image/jpeg','product','images/stories/virtuemart/product/ds4-1st-stage-din-web-003.jpg','',0,0,0,'','',0,1,'2014-12-16 20:50:51',362,'2015-02-23 21:40:00',362,'0000-00-00 00:00:00',0),(550,1,'dst6.jpg','','','image/jpeg','product','images/stories/virtuemart/product/dst6.jpg','',0,0,0,'','',0,1,'2014-12-16 20:51:32',362,'2014-12-16 20:51:32',362,'0000-00-00 00:00:00',0),(551,1,'dst-5port2.jpg','','','image/jpeg','product','images/stories/virtuemart/product/dst-5port2.jpg','',0,0,0,'','',0,1,'2014-12-16 20:52:04',362,'2015-04-04 19:39:33',362,'0000-00-00 00:00:00',0),(552,1,'xtx-1003.jpg','','','image/jpeg','product','images/stories/virtuemart/product/xtx-1003.jpg','',0,0,0,'','',0,1,'2014-12-16 20:52:43',362,'2014-12-16 20:52:43',362,'0000-00-00 00:00:00',0),(553,1,'fsr5.jpg','','','image/jpeg','product','images/stories/virtuemart/product/fsr5.jpg','',0,0,0,'','',0,1,'2014-12-16 20:53:23',362,'2014-12-16 20:53:23',362,'0000-00-00 00:00:00',0),(554,1,'tek-3-lewy-prawy9.jpg','','','image/jpeg','product','images/stories/virtuemart/product/tek-3-lewy-prawy9.jpg','',0,0,0,'','',0,1,'2014-12-16 20:54:01',362,'2015-04-04 19:36:20',362,'0000-00-00 00:00:00',0),(555,1,'karab120-001.jpg','','','image/jpeg','category','images/stories/virtuemart/category/karab120-001.jpg','',0,0,0,'','',0,1,'2014-12-18 07:55:22',362,'2014-12-18 08:07:40',362,'0000-00-00 00:00:00',0),(556,1,'dst-5port5.jpg','','','image/jpeg','product','images/stories/virtuemart/product/dst-5port5.jpg','',0,0,0,'','',0,1,'2014-12-18 07:58:10',362,'2014-12-18 07:58:10',362,'0000-00-00 00:00:00',0),(557,1,'proflex336.jpg','','','image/jpeg','product','images/stories/virtuemart/product/proflex336.jpg','',0,0,0,'','',0,1,'2014-12-18 08:00:56',362,'2015-02-16 19:35:23',362,'0000-00-00 00:00:00',0),(558,1,'proflex87.jpg','','','image/jpeg','product','images/stories/virtuemart/product/proflex87.jpg','',0,0,0,'','',0,1,'2014-12-18 08:01:50',362,'2015-02-16 19:35:00',362,'0000-00-00 00:00:00',0),(559,1,'wąż-inflator.jpg','','','image/jpeg','product','images/stories/virtuemart/product/wąż-inflator.jpg','',0,0,0,'','',0,1,'2014-12-18 08:03:22',362,'2015-02-16 19:34:26',362,'0000-00-00 00:00:00',0),(560,1,'wąż-inflator9.jpg','','','image/jpeg','product','images/stories/virtuemart/product/wąż-inflator9.jpg','',0,0,0,'','',0,1,'2014-12-18 08:04:43',362,'2015-02-16 19:33:59',362,'0000-00-00 00:00:00',0),(561,1,'karab120-0017.jpg','','','image/jpeg','product','images/stories/virtuemart/product/karab120-0017.jpg','',0,0,0,'','',0,1,'2014-12-18 08:06:29',362,'2014-12-18 08:06:29',362,'0000-00-00 00:00:00',0),(562,1,'img-(1)938.jpg','','','image/jpeg','product','images/stories/virtuemart/product/img-(1)938.jpg','',0,0,0,'','',0,1,'2014-12-18 08:15:01',362,'2014-12-18 08:18:50',362,'0000-00-00 00:00:00',0),(563,1,'img92.jpg','','','image/jpeg','product','images/stories/virtuemart/product/img92.jpg','',0,0,0,'','',0,1,'2014-12-18 08:16:16',362,'2014-12-18 08:22:47',362,'0000-00-00 00:00:00',0),(564,1,'img-(1)27.jpg','','','image/jpeg','product','images/stories/virtuemart/product/img-(1)27.jpg','',0,0,0,'','',0,1,'2014-12-18 08:25:11',362,'2014-12-18 08:25:11',362,'0000-00-00 00:00:00',0),(565,1,'img57.jpg','','','image/jpeg','product','images/stories/virtuemart/product/img57.jpg','',0,0,0,'','',0,1,'2014-12-18 08:26:44',362,'2014-12-18 08:26:44',362,'0000-00-00 00:00:00',0),(566,1,'łącznik-90-st.5.jpg','','','image/jpeg','product','images/stories/virtuemart/product/łącznik-90-st.5.jpg','',0,0,0,'','',0,1,'2014-12-18 08:28:56',362,'2014-12-19 20:48:44',362,'0000-00-00 00:00:00',0),(567,1,'prawy.jpg','','','image/jpeg','category','images/stories/virtuemart/category/prawy.jpg','',0,0,0,'','',0,1,'2014-12-19 11:07:49',362,'2014-12-19 11:07:49',362,'0000-00-00 00:00:00',0),(568,1,'prawy7.jpg','','','image/jpeg','product','images/stories/virtuemart/product/prawy7.jpg','',0,0,0,'','',0,1,'2014-12-19 11:11:06',362,'2015-02-14 00:02:59',362,'0000-00-00 00:00:00',0),(569,1,'lewy1.jpg','','','image/jpeg','product','images/stories/virtuemart/product/lewy1.jpg','',0,0,0,'','',0,1,'2014-12-19 11:13:27',362,'2015-02-14 00:02:32',362,'0000-00-00 00:00:00',0),(570,1,'poj.prawy-viton.jpg','','','image/jpeg','product','images/stories/virtuemart/product/poj.prawy-viton.jpg','',0,0,0,'','',0,1,'2014-12-19 11:25:22',362,'2015-02-14 00:11:02',362,'0000-00-00 00:00:00',0),(571,1,'pij.lewy-viton.jpg','','','image/jpeg','product','images/stories/virtuemart/product/pij.lewy-viton.jpg','',0,0,0,'','',0,1,'2014-12-19 11:28:25',362,'2015-02-14 00:09:02',362,'0000-00-00 00:00:00',0),(572,1,'poj.prawy-wysoki.jpg','','','image/jpeg','product','images/stories/virtuemart/product/poj.prawy-wysoki.jpg','',0,0,0,'','',0,1,'2014-12-19 11:30:47',362,'2015-02-14 00:06:43',362,'0000-00-00 00:00:00',0),(573,1,'poj.lewy-wysoki.jpg','','','image/jpeg','product','images/stories/virtuemart/product/poj.lewy-wysoki.jpg','',0,0,0,'','',0,1,'2014-12-19 11:32:18',362,'2015-02-14 00:06:22',362,'0000-00-00 00:00:00',0),(574,1,'zaślepka.jpg','','','image/jpeg','product','images/stories/virtuemart/product/zaślepka.jpg','',0,0,0,'','',0,1,'2014-12-19 11:35:04',362,'2015-02-13 23:59:46',362,'0000-00-00 00:00:00',0),(575,1,'zaślepka2.jpg','','','image/jpeg','product','images/stories/virtuemart/product/zaślepka2.jpg','',0,0,0,'','',0,1,'2014-12-19 11:36:39',362,'2015-02-13 23:59:28',362,'0000-00-00 00:00:00',0),(576,1,'gałka-abs.jpg','','','image/jpeg','product','images/stories/virtuemart/product/gałka-abs.jpg','',0,0,0,'','',0,1,'2014-12-19 19:51:58',362,'2014-12-19 20:29:37',362,'0000-00-00 00:00:00',0),(577,1,'gałka-miękka.jpg','','','image/jpeg','product','images/stories/virtuemart/product/gałka-miękka.jpg','',0,0,0,'','',0,1,'2014-12-19 19:54:25',362,'2014-12-19 19:54:25',362,'0000-00-00 00:00:00',0),(578,1,'gałka-gumowa.jpg','','','image/jpeg','product','images/stories/virtuemart/product/gałka-gumowa.jpg','',0,0,0,'','',0,1,'2014-12-19 19:56:03',362,'2014-12-19 19:56:03',362,'0000-00-00 00:00:00',0),(579,1,'gałka-nitrox-abs.jpg','','','image/jpeg','product','images/stories/virtuemart/product/gałka-nitrox-abs.jpg','',0,0,0,'','',0,1,'2014-12-19 19:57:35',362,'2014-12-19 19:57:35',362,'0000-00-00 00:00:00',0),(580,1,'gałka-nitrox-miękka.jpg','','','image/jpeg','product','images/stories/virtuemart/product/gałka-nitrox-miękka.jpg','',0,0,0,'','',0,1,'2014-12-19 19:59:25',362,'2014-12-19 19:59:25',362,'0000-00-00 00:00:00',0),(581,1,'klucz-do-gałki.jpg','','','image/jpeg','product','images/stories/virtuemart/product/klucz-do-gałki.jpg','',0,0,0,'','',0,1,'2014-12-19 20:01:03',362,'2014-12-19 20:01:03',362,'0000-00-00 00:00:00',0),(582,1,'szczeliwo.jpg','','','image/jpeg','product','images/stories/virtuemart/product/szczeliwo.jpg','',0,0,0,'','',0,1,'2014-12-19 20:09:57',362,'2015-02-14 00:13:09',362,'0000-00-00 00:00:00',0),(583,1,'wrzeciono.jpg','','','image/jpeg','product','images/stories/virtuemart/product/wrzeciono.jpg','',0,0,0,'','',0,1,'2014-12-19 20:11:25',362,'2014-12-19 20:15:13',362,'0000-00-00 00:00:00',0),(584,1,'zest.-serwis.viton.jpg','','','image/jpeg','product','images/stories/virtuemart/product/zest.-serwis.viton.jpg','',0,0,0,'','',0,1,'2014-12-19 20:13:56',362,'2014-12-19 20:13:56',362,'0000-00-00 00:00:00',0),(585,1,'łącznik110-st.6.jpg','','','image/jpeg','product','images/stories/virtuemart/product/łącznik110-st.6.jpg','',0,0,0,'','',0,1,'2014-12-19 20:52:56',362,'2014-12-19 20:52:56',362,'0000-00-00 00:00:00',0),(586,1,'łącz.110-nowy.jpg','','','image/jpeg','product','images/stories/virtuemart/product/łącz.110-nowy.jpg','',0,0,0,'','',0,1,'2014-12-19 20:55:21',362,'2015-02-16 22:27:00',362,'0000-00-00 00:00:00',0),(587,1,'łącznik-90-st.58.jpg','','','image/jpeg','product','images/stories/virtuemart/product/łącznik-90-st.58.jpg','',0,0,0,'','',0,1,'2014-12-19 20:58:06',362,'2015-02-16 22:26:42',362,'0000-00-00 00:00:00',0),(588,1,'xcs2-pd_m_red_0.jpg','','','image/jpeg','product','images/stories/virtuemart/product/xcs2-pd_m_red_0.jpg','',0,0,0,'','',0,1,'2015-01-08 11:01:28',362,'2015-02-15 18:25:08',362,'0000-00-00 00:00:00',0),(589,1,'xcs2-pd_m_red_0.jpg_product','','','image/jpeg','product','images/stories/virtuemart/product/xcs2-pd_m_blk_0.jpg','',0,0,0,'','',0,1,'2015-01-08 11:01:53',362,'2015-01-08 11:01:53',362,'0000-00-00 00:00:00',0),(590,1,'xcs2-pd_m_red_0.jpg_product','','','image/jpeg','product','images/stories/virtuemart/product/xcs2-pd_m_blu_3.jpg','',0,0,0,'','',0,1,'2015-01-08 11:02:18',362,'2015-01-08 11:02:18',362,'0000-00-00 00:00:00',0),(591,1,'img-(2)6.jpg','','','image/jpeg','product','images/stories/virtuemart/product/img-(2)6.jpg','',0,0,0,'','',0,1,'2015-02-13 23:33:33',362,'2015-02-13 23:33:33',362,'0000-00-00 00:00:00',0),(592,1,'gruszka.jpg','','','image/jpeg','product','images/stories/virtuemart/product/gruszka.jpg','',0,0,0,'','',0,1,'2015-02-13 23:35:54',362,'2015-02-13 23:35:54',362,'0000-00-00 00:00:00',0),(593,1,'us15.jpg_product_product','','','image/jpeg','product','images/stories/virtuemart/product/us15-compact.jpg','',0,0,0,'','',0,1,'2015-02-15 21:03:58',362,'2015-02-15 21:06:13',362,'0000-00-00 00:00:00',0),(594,1,'us15.jpg_product_product_product','','','image/jpeg','product','images/stories/virtuemart/product/us15-compact1.jpg','',0,0,0,'','',0,1,'2015-02-15 21:04:18',362,'2015-02-15 21:04:18',362,'0000-00-00 00:00:00',0),(595,1,'proflex99.jpg','','','image/jpeg','product','images/stories/virtuemart/product/proflex99.jpg','',0,0,0,'','',0,1,'2015-02-15 22:41:02',362,'2015-02-15 22:45:01',362,'0000-00-00 00:00:00',0),(596,1,'proflex99.jpg_product','','','image/jpeg','product','images/stories/virtuemart/product/proflex27.jpg','',0,0,0,'','',0,1,'2015-02-15 22:47:36',362,'2015-02-15 22:47:36',362,'0000-00-00 00:00:00',0),(597,1,'miflex-carbon-xtr7.jpg','','','image/jpeg','product','images/stories/virtuemart/product/miflex-carbon-xtr7.jpg','',0,0,0,'','',0,1,'2015-02-15 23:31:00',362,'2015-02-15 23:31:00',362,'0000-00-00 00:00:00',0),(598,1,'miflex-carbon-xtr6.jpg','','','image/jpeg','product','images/stories/virtuemart/product/miflex-carbon-xtr6.jpg','',0,0,0,'','',0,1,'2015-02-15 23:31:04',362,'2015-02-15 23:31:04',362,'0000-00-00 00:00:00',0),(599,1,'jasmin-(1).jpg','','','image/jpeg','product','images/stories/virtuemart/product/jasmin-(1).jpg','',0,0,0,'','',0,1,'2015-02-20 09:36:33',362,'2015-02-20 09:36:33',362,'0000-00-00 00:00:00',0),(600,1,'copy1m1003cbl_main.jpg','','','image/jpeg','product','images/stories/virtuemart/product/copy1m1003cbl_main.jpg','',0,0,0,'','',0,1,'2015-02-20 09:48:27',362,'2015-02-20 09:50:18',362,'0000-00-00 00:00:00',0),(601,1,'copy1m1003cbl_main.jpg_product','','','image/png','product','images/stories/virtuemart/product/maska.png','',0,0,0,'','',0,1,'2015-02-20 09:48:52',362,'2015-02-20 09:48:52',362,'0000-00-00 00:00:00',0),(602,1,'original-14.jpg','','','image/jpeg','product','images/stories/virtuemart/product/original-14.jpg','',0,0,0,'','',0,1,'2015-02-23 22:31:57',362,'2015-02-23 22:31:57',362,'0000-00-00 00:00:00',0),(603,1,'tek-3-lewy-prawy1.jpg','','','image/jpeg','product','images/stories/virtuemart/product/tek-3-lewy-prawy1.jpg','',0,0,0,'','',0,1,'2015-02-23 22:38:39',362,'2015-02-23 22:38:39',362,'0000-00-00 00:00:00',0),(604,1,'tek3-1.jpg','','','image/jpeg','product','images/stories/virtuemart/product/tek3-1.jpg','',0,0,0,'','',0,1,'2015-02-23 22:40:18',362,'2015-04-04 19:36:38',362,'0000-00-00 00:00:00',0),(605,1,'110t.jpg','','','image/jpeg','product','images/stories/virtuemart/product/110t.jpg','',0,0,0,'','',0,1,'2015-02-23 22:56:08',362,'2015-02-23 22:56:08',362,'0000-00-00 00:00:00',0),(606,1,'sk8-compass-bungee-mount-4888-p.jpg','','','image/jpeg','product','images/stories/virtuemart/product/sk8-compass-bungee-mount-4888-p.jpg','',0,0,0,'','',0,1,'2015-02-23 23:34:33',362,'2015-02-23 23:42:00',362,'0000-00-00 00:00:00',0),(607,1,'suunto-kompas-sk8-pasek-001.jpg','','','image/jpeg','product','images/stories/virtuemart/product/suunto-kompas-sk8-pasek-001.jpg','',0,0,0,'','',0,1,'2015-02-23 23:36:11',362,'2015-02-23 23:36:11',362,'0000-00-00 00:00:00',0),(608,1,'Maska TUSA Visio Uno_product','','','image/jpeg','product','images/stories/virtuemart/product/m110_cbl.jpg','',0,0,0,'','',0,1,'2015-03-01 19:43:39',362,'2015-03-01 19:43:39',362,'0000-00-00 00:00:00',0),(609,1,'Maska TUSA Visio Uno_product','','','image/jpeg','product','images/stories/virtuemart/product/m110_qbbk.jpg','',0,0,0,'','',0,1,'2015-03-01 19:44:01',362,'2015-03-01 19:44:01',362,'0000-00-00 00:00:00',0),(610,1,'Maska TUSA Visio Uno_product','','','image/jpeg','product','images/stories/virtuemart/product/m110_qbmbl.jpg','',0,0,0,'','',0,1,'2015-03-01 19:44:20',362,'2015-03-01 19:44:20',362,'0000-00-00 00:00:00',0),(611,1,'Maska TUSA Visio Uno_product','','','image/jpeg','product','images/stories/virtuemart/product/m110_qbms.jpg','',0,0,0,'','',0,1,'2015-03-01 19:44:46',362,'2015-03-01 19:44:46',362,'0000-00-00 00:00:00',0),(612,1,'m1001-freedom-hd.jpg_product','','','image/jpeg','product','images/stories/virtuemart/product/m1001qbbk.jpg','',0,0,0,'','',0,1,'2015-03-01 19:47:30',362,'2015-03-01 19:47:30',362,'0000-00-00 00:00:00',0),(613,1,'tusa-talis.jpg','','','image/jpeg','product','images/stories/virtuemart/product/tusa-talis.jpg','',0,0,0,'','',0,1,'2015-03-01 19:58:14',362,'2015-03-01 19:58:14',362,'0000-00-00 00:00:00',0),(614,1,'z-3.jpg','','','image/jpeg','product','images/stories/virtuemart/product/z-3.jpg','',0,0,0,'','',0,1,'2015-03-01 20:06:42',362,'2015-03-01 20:10:01',362,'0000-00-00 00:00:00',0),(615,1,'z-3.jpg_product','','','image/jpeg','product','images/stories/virtuemart/product/z-3-bl.jpg','',0,0,0,'','',0,1,'2015-03-01 20:07:09',362,'2015-03-01 20:07:09',362,'0000-00-00 00:00:00',0),(616,1,'z-3.jpg_product','','','image/jpeg','product','images/stories/virtuemart/product/z-3-cbl.jpg','',0,0,0,'','',0,1,'2015-03-01 20:07:28',362,'2015-03-01 20:07:28',362,'0000-00-00 00:00:00',0),(617,1,'z-3.jpg_product','','','image/jpeg','product','images/stories/virtuemart/product/z-3-fy.jpg','',0,0,0,'','',0,1,'2015-03-01 20:07:54',362,'2015-03-01 20:07:54',362,'0000-00-00 00:00:00',0),(618,1,'z-3.jpg_product','','','image/jpeg','product','images/stories/virtuemart/product/z-3-mdr.jpg','',0,0,0,'','',0,1,'2015-03-01 20:08:10',362,'2015-03-01 20:08:10',362,'0000-00-00 00:00:00',0);
CREATE TABLE `jos_virtuemart_migration_oldtonew_ids` (
  `id` smallint(1) unsigned NOT NULL AUTO_INCREMENT,
  `cats` longblob,
  `catsxref` blob,
  `manus` longblob,
  `mfcats` blob,
  `shoppergroups` longblob,
  `products` longblob,
  `products_start` int(1) DEFAULT NULL,
  `orderstates` blob,
  `orders` longblob,
  `attributes` longblob,
  `relatedproducts` longblob,
  `orders_start` int(1) DEFAULT NULL,
  PRIMARY KEY (`id`)
) ENGINE=MyISAM AUTO_INCREMENT=2 DEFAULT CHARSET=utf8 COMMENT='xref table for vm1 ids to vm2 ids';
INSERT INTO `jos_virtuemart_migration_oldtonew_ids` VALUES (1,NULL,NULL,NULL,NULL,NULL,NULL,NULL,NULL,NULL,NULL,NULL,NULL);
CREATE TABLE `jos_virtuemart_modules` (
  `module_id` int(11) unsigned NOT NULL AUTO_INCREMENT,
  `module_name` char(255) DEFAULT NULL,
  `module_description` varchar(21000) DEFAULT NULL,
  `module_perms` char(255) DEFAULT NULL,
  `published` tinyint(1) NOT NULL DEFAULT '1',
  `is_admin` enum('0','1') NOT NULL DEFAULT '0',
  `ordering` int(11) NOT NULL DEFAULT '0',
  PRIMARY KEY (`module_id`),
  KEY `idx_module_name` (`module_name`),
  KEY `idx_module_ordering` (`ordering`),
  KEY `i_published` (`published`)
) ENGINE=MyISAM AUTO_INCREMENT=14 DEFAULT CHARSET=utf8 COMMENT='VirtueMart Core Modules, not: Joomla modules';
INSERT INTO `jos_virtuemart_modules` VALUES (1,'product','Here you can administer your online catalog of products.  Categories , Products (view=product), Attributes  ,Product Types      Product Files (view=media), Inventory  , Calculation Rules ,Customer Reviews  ','storeadmin,admin',1,'1',1),(2,'order','View Order and Update Order Status:    Orders , Coupons , Revenue Report ,Shopper , Shopper Groups ','admin,storeadmin',1,'1',2),(3,'manufacturer','Manage the manufacturers of products in your store.','storeadmin,admin',1,'1',3),(4,'store','Store Configuration: Store Information, Payment Methods , Shipment, Shipment Rates','storeadmin,admin',1,'1',4),(5,'configuration','Configuration: shop configuration , currencies (view=currency), Credit Card List, Countries, userfields, order status  ','admin,storeadmin',1,'1',5),(6,'msgs','This module is unprotected an used for displaying system messages to users.  We need to have an area that does not require authorization when things go wrong.','none',0,'0',99),(7,'shop','This is the Washupito store module.  This is the demo store included with the VirtueMart distribution.','none',1,'0',99),(8,'store','Store Configuration: Store Information, Payment Methods , Shipment, Shipment Rates','storeadmin,admin',1,'1',4),(9,'account','This module allows shoppers to update their account information and view previously placed orders.','shopper,storeadmin,admin,demo',1,'0',99),(10,'checkout','','none',0,'0',99),(11,'tools','Tools','admin',1,'1',8),(13,'zone','This is the zone-shipment module. Here you can manage your shipment costs according to Zones.','admin,storeadmin',0,'1',11);
CREATE TABLE `jos_virtuemart_order_calc_rules` (
  `virtuemart_order_calc_rule_id` int(11) unsigned NOT NULL AUTO_INCREMENT,
  `virtuemart_calc_id` int(11) DEFAULT NULL,
  `virtuemart_order_id` int(11) DEFAULT NULL,
  `virtuemart_vendor_id` smallint(11) NOT NULL DEFAULT '1',
  `virtuemart_order_item_id` int(11) DEFAULT NULL,
  `calc_rule_name` char(64) NOT NULL DEFAULT '' COMMENT 'Name of the rule',
  `calc_kind` char(16) NOT NULL DEFAULT '' COMMENT 'Discount/Tax/Margin/Commission',
  `calc_mathop` char(16) NOT NULL DEFAULT '' COMMENT 'Discount/Tax/Margin/Commission',
  `calc_amount` decimal(15,5) NOT NULL DEFAULT '0.00000',
  `calc_result` decimal(15,5) NOT NULL DEFAULT '0.00000',
  `calc_value` decimal(15,5) NOT NULL DEFAULT '0.00000',
  `calc_currency` smallint(1) DEFAULT NULL,
  `calc_params` varchar(18000) DEFAULT NULL,
  `created_on` datetime NOT NULL DEFAULT '0000-00-00 00:00:00',
  `created_by` int(11) NOT NULL DEFAULT '0',
  `modified_on` datetime NOT NULL DEFAULT '0000-00-00 00:00:00',
  `modified_by` int(11) NOT NULL DEFAULT '0',
  `locked_on` datetime NOT NULL DEFAULT '0000-00-00 00:00:00',
  `locked_by` int(11) NOT NULL DEFAULT '0',
  PRIMARY KEY (`virtuemart_order_calc_rule_id`)
) ENGINE=MyISAM AUTO_INCREMENT=63 DEFAULT CHARSET=utf8 COMMENT='Stores all calculation rules which are part of an order';
INSERT INTO `jos_virtuemart_order_calc_rules` VALUES (1,0,1,1,NULL,'','payment','',0.00000,0.00000,0.00000,0,'','2014-05-15 21:52:25',360,'2014-05-15 21:52:25',360,'0000-00-00 00:00:00',0),(2,0,1,1,NULL,'','shipment','',0.00000,0.00000,0.00000,0,'','2014-05-15 21:52:25',360,'2014-05-15 21:52:25',360,'0000-00-00 00:00:00',0),(3,0,2,1,NULL,'','payment','',0.00000,0.00000,0.00000,0,'','2014-05-15 21:58:38',360,'2014-05-15 21:58:38',360,'0000-00-00 00:00:00',0),(4,0,2,1,NULL,'','shipment','',0.00000,0.00000,0.00000,0,'','2014-05-15 21:58:38',360,'2014-05-15 21:58:38',360,'0000-00-00 00:00:00',0),(5,0,1,1,NULL,'','payment','',0.00000,0.00000,0.00000,0,'','2014-08-01 10:23:49',0,'2014-08-01 10:23:49',0,'0000-00-00 00:00:00',0),(6,0,1,1,NULL,'','shipment','',0.00000,0.00000,0.00000,0,'','2014-08-01 10:23:49',0,'2014-08-01 10:23:49',0,'0000-00-00 00:00:00',0),(7,0,2,1,NULL,'','payment','',0.00000,0.00000,0.00000,0,'','2014-08-01 10:56:19',0,'2014-08-01 10:56:19',0,'0000-00-00 00:00:00',0),(8,0,2,1,NULL,'','shipment','',0.00000,0.00000,0.00000,0,'','2014-08-01 10:56:19',0,'2014-08-01 10:56:19',0,'0000-00-00 00:00:00',0),(9,0,3,1,NULL,'','payment','',0.00000,0.00000,0.00000,0,'','2014-08-01 11:36:51',0,'2014-08-01 11:36:51',0,'0000-00-00 00:00:00',0),(10,0,3,1,NULL,'','shipment','',0.00000,0.00000,0.00000,0,'','2014-08-01 11:36:51',0,'2014-08-01 11:36:51',0,'0000-00-00 00:00:00',0),(11,0,4,1,NULL,'','payment','',0.00000,0.00000,0.00000,0,'','2014-08-01 11:54:54',0,'2014-08-01 11:54:54',0,'0000-00-00 00:00:00',0),(12,0,4,1,NULL,'','shipment','',0.00000,0.00000,0.00000,0,'','2014-08-01 11:54:54',0,'2014-08-01 11:54:54',0,'0000-00-00 00:00:00',0),(13,0,5,1,NULL,'','payment','',0.00000,0.00000,0.00000,0,'','2014-08-01 13:37:55',0,'2014-08-01 13:37:55',0,'0000-00-00 00:00:00',0),(14,0,5,1,NULL,'','shipment','',0.00000,0.00000,0.00000,0,'','2014-08-01 13:37:55',0,'2014-08-01 13:37:55',0,'0000-00-00 00:00:00',0),(15,0,6,1,NULL,'','payment','',0.00000,0.00000,0.00000,0,'','2014-08-01 13:59:20',0,'2014-08-01 13:59:20',0,'0000-00-00 00:00:00',0),(16,0,6,1,NULL,'','shipment','',0.00000,0.00000,0.00000,0,'','2014-08-01 13:59:20',0,'2014-08-01 13:59:20',0,'0000-00-00 00:00:00',0),(17,0,7,1,NULL,'','payment','',0.00000,0.00000,0.00000,0,'','2014-08-01 14:06:03',0,'2014-08-01 14:06:03',0,'0000-00-00 00:00:00',0),(18,0,7,1,NULL,'','shipment','',0.00000,0.00000,0.00000,0,'','2014-08-01 14:06:03',0,'2014-08-01 14:06:03',0,'0000-00-00 00:00:00',0),(19,0,8,1,NULL,'','payment','',0.00000,0.00000,0.00000,0,'','2014-08-04 15:16:17',0,'2014-08-04 15:16:17',0,'0000-00-00 00:00:00',0),(20,0,8,1,NULL,'','shipment','',0.00000,0.00000,0.00000,0,'','2014-08-04 15:16:17',0,'2014-08-04 15:16:17',0,'0000-00-00 00:00:00',0),(21,0,9,1,NULL,'','payment','',0.00000,0.00000,0.00000,0,'','2014-08-04 15:29:53',0,'2014-08-04 15:29:53',0,'0000-00-00 00:00:00',0),(22,0,9,1,NULL,'','shipment','',0.00000,0.00000,0.00000,0,'','2014-08-04 15:29:53',0,'2014-08-04 15:29:53',0,'0000-00-00 00:00:00',0),(23,0,10,1,NULL,'','payment','',0.00000,0.00000,0.00000,0,'','2014-08-04 15:33:53',0,'2014-08-04 15:33:53',0,'0000-00-00 00:00:00',0),(24,0,10,1,NULL,'','shipment','',0.00000,0.00000,0.00000,0,'','2014-08-04 15:33:53',0,'2014-08-04 15:33:53',0,'0000-00-00 00:00:00',0),(25,0,11,1,NULL,'','payment','',0.00000,0.00000,0.00000,0,'','2014-08-04 15:42:32',0,'2014-08-04 15:42:32',0,'0000-00-00 00:00:00',0),(26,0,11,1,NULL,'','shipment','',0.00000,0.00000,0.00000,0,'','2014-08-04 15:42:32',0,'2014-08-04 15:42:32',0,'0000-00-00 00:00:00',0),(27,0,12,1,NULL,'','payment','',0.00000,0.00000,0.00000,0,'','2014-08-04 16:05:17',0,'2014-08-04 16:05:17',0,'0000-00-00 00:00:00',0),(28,0,12,1,NULL,'','shipment','',0.00000,0.00000,0.00000,0,'','2014-08-04 16:05:17',0,'2014-08-04 16:05:17',0,'0000-00-00 00:00:00',0),(29,0,13,1,NULL,'','payment','',0.00000,0.00000,0.00000,0,'','2014-08-04 16:09:49',0,'2014-08-04 16:09:49',0,'0000-00-00 00:00:00',0),(30,0,13,1,NULL,'','shipment','',0.00000,0.00000,0.00000,0,'','2014-08-04 16:09:49',0,'2014-08-04 16:09:49',0,'0000-00-00 00:00:00',0),(31,0,14,1,NULL,'','payment','',0.00000,0.00000,0.00000,0,'','2014-08-04 16:17:58',0,'2014-08-04 16:17:58',0,'0000-00-00 00:00:00',0),(32,0,14,1,NULL,'','shipment','',0.00000,0.00000,0.00000,0,'','2014-08-04 16:17:58',0,'2014-08-04 16:17:58',0,'0000-00-00 00:00:00',0),(33,0,15,1,NULL,'','payment','',0.00000,0.00000,0.00000,0,'','2014-08-04 16:20:34',0,'2014-08-04 16:20:34',0,'0000-00-00 00:00:00',0),(34,0,15,1,NULL,'','shipment','',0.00000,0.00000,0.00000,0,'','2014-08-04 16:20:34',0,'2014-08-04 16:20:34',0,'0000-00-00 00:00:00',0),(35,0,16,1,NULL,'','payment','',0.00000,0.00000,0.00000,0,'','2014-08-04 16:28:22',0,'2014-08-04 16:28:22',0,'0000-00-00 00:00:00',0),(36,0,16,1,NULL,'','shipment','',0.00000,0.00000,0.00000,0,'','2014-08-04 16:28:22',0,'2014-08-04 16:28:22',0,'0000-00-00 00:00:00',0),(37,0,17,1,NULL,'','payment','',0.00000,0.00000,0.00000,0,'','2014-08-04 16:30:17',0,'2014-08-04 16:30:17',0,'0000-00-00 00:00:00',0),(38,0,17,1,NULL,'','shipment','',0.00000,0.00000,0.00000,0,'','2014-08-04 16:30:17',0,'2014-08-04 16:30:17',0,'0000-00-00 00:00:00',0),(39,0,18,1,NULL,'','payment','',0.00000,0.00000,0.00000,0,'','2014-08-04 16:35:17',0,'2014-08-04 16:35:17',0,'0000-00-00 00:00:00',0),(40,0,18,1,NULL,'','shipment','',0.00000,0.00000,0.00000,0,'','2014-08-04 16:35:17',0,'2014-08-04 16:35:17',0,'0000-00-00 00:00:00',0),(41,0,19,1,NULL,'','payment','',0.00000,0.00000,0.00000,0,'','2014-08-04 16:40:52',0,'2014-08-04 16:40:52',0,'0000-00-00 00:00:00',0),(42,0,19,1,NULL,'','shipment','',0.00000,0.00000,0.00000,0,'','2014-08-04 16:40:52',0,'2014-08-04 16:40:52',0,'0000-00-00 00:00:00',0),(43,0,20,1,NULL,'','payment','',0.00000,0.00000,0.00000,0,'','2014-08-04 16:47:09',0,'2014-08-04 16:47:09',0,'0000-00-00 00:00:00',0),(44,0,20,1,NULL,'','shipment','',0.00000,0.00000,0.00000,0,'','2014-08-04 16:47:09',0,'2014-08-04 16:47:09',0,'0000-00-00 00:00:00',0),(45,0,21,1,NULL,'','payment','',0.00000,0.00000,0.00000,0,'','2014-08-04 16:52:34',0,'2014-08-04 16:52:34',0,'0000-00-00 00:00:00',0),(46,0,21,1,NULL,'','shipment','',0.00000,0.00000,0.00000,0,'','2014-08-04 16:52:34',0,'2014-08-04 16:52:34',0,'0000-00-00 00:00:00',0),(47,0,22,1,NULL,'','payment','',0.00000,0.00000,0.00000,0,'','2014-08-04 16:55:20',0,'2014-08-04 16:55:20',0,'0000-00-00 00:00:00',0),(48,0,22,1,NULL,'','shipment','',0.00000,0.00000,0.00000,0,'','2014-08-04 16:55:20',0,'2014-08-04 16:55:20',0,'0000-00-00 00:00:00',0),(49,0,23,1,NULL,'','payment','',0.00000,0.00000,0.00000,0,'','2014-08-04 16:58:30',0,'2014-08-04 16:58:30',0,'0000-00-00 00:00:00',0),(50,0,23,1,NULL,'','shipment','',0.00000,0.00000,0.00000,0,'','2014-08-04 16:58:30',0,'2014-08-04 16:58:30',0,'0000-00-00 00:00:00',0),(51,0,24,1,NULL,'','payment','',0.00000,0.00000,0.00000,0,'','2014-08-04 17:18:23',0,'2014-08-04 17:18:23',0,'0000-00-00 00:00:00',0),(52,0,24,1,NULL,'','shipment','',0.00000,0.00000,0.00000,0,'','2014-08-04 17:18:23',0,'2014-08-04 17:18:23',0,'0000-00-00 00:00:00',0),(53,0,25,1,NULL,'','payment','',0.00000,0.00000,0.00000,0,'','2014-08-04 17:20:07',0,'2014-08-04 17:20:07',0,'0000-00-00 00:00:00',0),(54,0,25,1,NULL,'','shipment','',0.00000,0.00000,0.00000,0,'','2014-08-04 17:20:07',0,'2014-08-04 17:20:07',0,'0000-00-00 00:00:00',0),(55,0,26,1,NULL,'','payment','',0.00000,0.00000,0.00000,0,'','2014-08-04 17:33:38',0,'2014-08-04 17:33:38',0,'0000-00-00 00:00:00',0),(56,0,26,1,NULL,'','shipment','',0.00000,0.00000,0.00000,0,'','2014-08-04 17:33:38',0,'2014-08-04 17:33:38',0,'0000-00-00 00:00:00',0),(57,0,27,1,NULL,'','payment','',0.00000,0.00000,0.00000,0,'','2014-08-04 17:36:44',0,'2014-08-04 17:36:44',0,'0000-00-00 00:00:00',0),(58,0,27,1,NULL,'','shipment','',0.00000,0.00000,0.00000,0,'','2014-08-04 17:36:44',0,'2014-08-04 17:36:44',0,'0000-00-00 00:00:00',0),(59,0,1,1,NULL,'','payment','',0.00000,0.00000,0.00000,0,'','2014-08-25 20:20:38',0,'2014-08-25 20:20:38',0,'0000-00-00 00:00:00',0),(60,0,1,1,NULL,'','shipment','',0.00000,0.00000,0.00000,0,'','2014-08-25 20:20:38',0,'2014-08-25 20:20:38',0,'0000-00-00 00:00:00',0),(61,0,1,1,NULL,'','payment','',0.00000,0.00000,0.00000,0,'','2014-11-14 21:45:36',0,'2014-11-14 21:45:36',0,'0000-00-00 00:00:00',0),(62,0,1,1,NULL,'','shipment','',0.00000,0.00000,0.00000,0,'','2014-11-14 21:45:36',0,'2014-11-14 21:45:36',0,'0000-00-00 00:00:00',0);
CREATE TABLE `jos_virtuemart_order_histories` (
  `virtuemart_order_history_id` int(11) unsigned NOT NULL AUTO_INCREMENT,
  `virtuemart_order_id` int(1) unsigned NOT NULL DEFAULT '0',
  `order_status_code` char(1) NOT NULL DEFAULT '0',
  `customer_notified` tinyint(1) NOT NULL DEFAULT '0',
  `comments` varchar(21000) DEFAULT NULL,
  `published` tinyint(1) NOT NULL DEFAULT '1',
  `created_on` datetime NOT NULL DEFAULT '0000-00-00 00:00:00',
  `created_by` int(11) NOT NULL DEFAULT '0',
  `modified_on` datetime NOT NULL DEFAULT '0000-00-00 00:00:00',
  `modified_by` int(11) NOT NULL DEFAULT '0',
  `locked_on` datetime NOT NULL DEFAULT '0000-00-00 00:00:00',
  `locked_by` int(11) NOT NULL DEFAULT '0',
  PRIMARY KEY (`virtuemart_order_history_id`)
) ENGINE=InnoDB AUTO_INCREMENT=132 DEFAULT CHARSET=utf8 COMMENT='Stores all actions and changes that occur to an order';
INSERT INTO `jos_virtuemart_order_histories` VALUES (1,1,'P',0,'',1,'2014-05-15 21:52:25',360,'2014-05-15 21:52:25',360,'0000-00-00 00:00:00',0),(2,1,'-',0,'Order deleted',1,'2014-05-15 23:53:23',0,'0000-00-00 00:00:00',0,'0000-00-00 00:00:00',0),(3,2,'P',0,'',1,'2014-05-15 21:58:38',360,'2014-05-15 21:58:38',360,'0000-00-00 00:00:00',0),(4,2,'-',0,'Order deleted',1,'2014-05-16 00:05:33',0,'0000-00-00 00:00:00',0,'0000-00-00 00:00:00',0),(5,1,'P',0,'',1,'2014-08-01 10:23:49',0,'2014-08-01 10:23:49',0,'0000-00-00 00:00:00',0),(6,1,'P',1,'',1,'2014-08-01 10:23:49',0,'2014-08-01 10:23:49',0,'0000-00-00 00:00:00',0),(7,1,'U',1,'',1,'2014-08-01 10:30:26',360,'2014-08-01 10:30:26',360,'0000-00-00 00:00:00',0),(8,1,'S',1,'',1,'2014-08-01 10:31:02',360,'2014-08-01 10:31:02',360,'0000-00-00 00:00:00',0),(9,1,'C',1,'',1,'2014-08-01 10:38:10',360,'2014-08-01 10:38:10',360,'0000-00-00 00:00:00',0),(10,1,'C',1,'',1,'2014-08-01 10:38:14',360,'2014-08-01 10:38:14',360,'0000-00-00 00:00:00',0),(11,2,'P',0,'',1,'2014-08-01 10:56:19',0,'2014-08-01 10:56:19',0,'0000-00-00 00:00:00',0),(12,2,'P',1,'',1,'2014-08-01 10:56:19',0,'2014-08-01 10:56:19',0,'0000-00-00 00:00:00',0),(13,2,'U',1,'',1,'2014-08-01 11:04:01',360,'2014-08-01 11:04:01',360,'0000-00-00 00:00:00',0),(14,2,'-',0,'Order deleted',1,'2014-08-01 13:04:48',0,'0000-00-00 00:00:00',0,'0000-00-00 00:00:00',0),(15,1,'-',0,'Order deleted',1,'2014-08-01 13:04:51',0,'0000-00-00 00:00:00',0,'0000-00-00 00:00:00',0),(16,3,'P',0,'',1,'2014-08-01 11:36:51',0,'2014-08-01 11:36:51',0,'0000-00-00 00:00:00',0),(17,3,'P',1,'',1,'2014-08-01 11:36:51',0,'2014-08-01 11:36:51',0,'0000-00-00 00:00:00',0),(18,4,'P',0,'',1,'2014-08-01 11:54:54',0,'2014-08-01 11:54:54',0,'0000-00-00 00:00:00',0),(19,4,'P',1,'',1,'2014-08-01 11:54:54',0,'2014-08-01 11:54:54',0,'0000-00-00 00:00:00',0),(20,5,'P',0,'',1,'2014-08-01 13:37:55',0,'2014-08-01 13:37:55',0,'0000-00-00 00:00:00',0),(21,5,'P',1,'',1,'2014-08-01 13:37:55',0,'2014-08-01 13:37:55',0,'0000-00-00 00:00:00',0),(22,6,'P',0,'',1,'2014-08-01 13:59:20',0,'2014-08-01 13:59:20',0,'0000-00-00 00:00:00',0),(23,6,'P',1,'',1,'2014-08-01 13:59:20',0,'2014-08-01 13:59:20',0,'0000-00-00 00:00:00',0),(24,6,'U',1,'',1,'2014-08-01 14:03:07',360,'2014-08-01 14:03:07',360,'0000-00-00 00:00:00',0),(25,7,'P',0,'',1,'2014-08-01 14:06:03',0,'2014-08-01 14:06:03',0,'0000-00-00 00:00:00',0),(26,7,'P',1,'',1,'2014-08-01 14:06:03',0,'2014-08-01 14:06:03',0,'0000-00-00 00:00:00',0),(27,7,'-',0,'Order deleted',1,'2014-08-04 17:06:59',0,'0000-00-00 00:00:00',0,'0000-00-00 00:00:00',0),(28,6,'-',0,'Order deleted',1,'2014-08-04 17:06:59',0,'0000-00-00 00:00:00',0,'0000-00-00 00:00:00',0),(29,5,'-',0,'Order deleted',1,'2014-08-04 17:06:59',0,'0000-00-00 00:00:00',0,'0000-00-00 00:00:00',0),(30,4,'-',0,'Order deleted',1,'2014-08-04 17:06:59',0,'0000-00-00 00:00:00',0,'0000-00-00 00:00:00',0),(31,3,'-',0,'Order deleted',1,'2014-08-04 17:06:59',0,'0000-00-00 00:00:00',0,'0000-00-00 00:00:00',0),(32,8,'P',0,'',1,'2014-08-04 15:16:17',0,'2014-08-04 15:16:17',0,'0000-00-00 00:00:00',0),(33,8,'P',1,'',1,'2014-08-04 15:16:17',0,'2014-08-04 15:16:17',0,'0000-00-00 00:00:00',0),(34,9,'P',0,'',1,'2014-08-04 15:29:53',0,'2014-08-04 15:29:53',0,'0000-00-00 00:00:00',0),(35,9,'P',1,'',1,'2014-08-04 15:29:53',0,'2014-08-04 15:29:53',0,'0000-00-00 00:00:00',0),(36,10,'P',0,'',1,'2014-08-04 15:33:53',0,'2014-08-04 15:33:53',0,'0000-00-00 00:00:00',0),(37,10,'P',1,'',1,'2014-08-04 15:33:53',0,'2014-08-04 15:33:53',0,'0000-00-00 00:00:00',0),(38,10,'C',1,'',1,'2014-08-04 15:35:23',360,'2014-08-04 15:35:23',360,'0000-00-00 00:00:00',0),(39,10,'C',1,'',1,'2014-08-04 15:35:28',360,'2014-08-04 15:35:28',360,'0000-00-00 00:00:00',0),(40,10,'C',1,'',1,'2014-08-04 15:35:35',360,'2014-08-04 15:35:35',360,'0000-00-00 00:00:00',0),(41,9,'C',1,'',1,'2014-08-04 15:36:01',360,'2014-08-04 15:36:01',360,'0000-00-00 00:00:00',0),(42,9,'C',1,'',1,'2014-08-04 15:36:06',360,'2014-08-04 15:36:06',360,'0000-00-00 00:00:00',0),(43,9,'C',1,'',1,'2014-08-04 15:36:12',360,'2014-08-04 15:36:12',360,'0000-00-00 00:00:00',0),(44,9,'C',1,'',1,'2014-08-04 15:36:17',360,'2014-08-04 15:36:17',360,'0000-00-00 00:00:00',0),(45,11,'P',0,'',1,'2014-08-04 15:42:32',0,'2014-08-04 15:42:32',0,'0000-00-00 00:00:00',0),(46,11,'P',1,'',1,'2014-08-04 15:42:32',0,'2014-08-04 15:42:32',0,'0000-00-00 00:00:00',0),(47,12,'P',0,'',1,'2014-08-04 16:05:17',0,'2014-08-04 16:05:17',0,'0000-00-00 00:00:00',0),(48,12,'P',1,'',1,'2014-08-04 16:05:17',0,'2014-08-04 16:05:17',0,'0000-00-00 00:00:00',0),(49,13,'P',0,'',1,'2014-08-04 16:09:49',0,'2014-08-04 16:09:49',0,'0000-00-00 00:00:00',0),(50,13,'P',1,'',1,'2014-08-04 16:09:49',0,'2014-08-04 16:09:49',0,'0000-00-00 00:00:00',0),(51,13,'-',0,'Order deleted',1,'2014-08-04 18:15:15',0,'0000-00-00 00:00:00',0,'0000-00-00 00:00:00',0),(52,12,'-',0,'Order deleted',1,'2014-08-04 18:15:15',0,'0000-00-00 00:00:00',0,'0000-00-00 00:00:00',0),(53,11,'-',0,'Order deleted',1,'2014-08-04 18:15:15',0,'0000-00-00 00:00:00',0,'0000-00-00 00:00:00',0),(54,10,'-',0,'Order deleted',1,'2014-08-04 18:15:15',0,'0000-00-00 00:00:00',0,'0000-00-00 00:00:00',0),(55,9,'-',0,'Order deleted',1,'2014-08-04 18:15:15',0,'0000-00-00 00:00:00',0,'0000-00-00 00:00:00',0),(56,8,'-',0,'Order deleted',1,'2014-08-04 18:15:15',0,'0000-00-00 00:00:00',0,'0000-00-00 00:00:00',0),(57,14,'P',0,'',1,'2014-08-04 16:17:58',0,'2014-08-04 16:17:58',0,'0000-00-00 00:00:00',0),(58,14,'P',1,'',1,'2014-08-04 16:17:58',0,'2014-08-04 16:17:58',0,'0000-00-00 00:00:00',0),(59,15,'P',0,'',1,'2014-08-04 16:20:34',0,'2014-08-04 16:20:34',0,'0000-00-00 00:00:00',0),(60,15,'P',1,'',1,'2014-08-04 16:20:34',0,'2014-08-04 16:20:34',0,'0000-00-00 00:00:00',0),(61,15,'S',0,'',1,'2014-08-04 16:22:08',360,'2014-08-04 16:22:08',360,'0000-00-00 00:00:00',0),(62,15,'-',0,'Order deleted',1,'2014-08-04 18:24:58',0,'0000-00-00 00:00:00',0,'0000-00-00 00:00:00',0),(63,14,'-',0,'Order deleted',1,'2014-08-04 18:24:58',0,'0000-00-00 00:00:00',0,'0000-00-00 00:00:00',0),(64,16,'P',0,'',1,'2014-08-04 16:28:22',0,'2014-08-04 16:28:22',0,'0000-00-00 00:00:00',0),(65,16,'P',1,'',1,'2014-08-04 16:28:22',0,'2014-08-04 16:28:22',0,'0000-00-00 00:00:00',0),(66,16,'-',0,'Order deleted',1,'2014-08-04 18:29:58',0,'0000-00-00 00:00:00',0,'0000-00-00 00:00:00',0),(67,17,'P',0,'',1,'2014-08-04 16:30:17',0,'2014-08-04 16:30:17',0,'0000-00-00 00:00:00',0),(68,17,'P',1,'',1,'2014-08-04 16:30:17',0,'2014-08-04 16:30:17',0,'0000-00-00 00:00:00',0),(69,17,'C',1,'',1,'2014-08-04 16:31:16',360,'2014-08-04 16:31:16',360,'0000-00-00 00:00:00',0),(70,17,'S',0,'',1,'2014-08-04 16:33:21',360,'2014-08-04 16:33:21',360,'0000-00-00 00:00:00',0),(71,17,'-',0,'Order deleted',1,'2014-08-04 18:34:43',0,'0000-00-00 00:00:00',0,'0000-00-00 00:00:00',0),(72,18,'P',0,'',1,'2014-08-04 16:35:17',0,'2014-08-04 16:35:17',0,'0000-00-00 00:00:00',0),(73,18,'P',1,'',1,'2014-08-04 16:35:17',0,'2014-08-04 16:35:17',0,'0000-00-00 00:00:00',0),(74,18,'C',1,'',1,'2014-08-04 16:35:51',360,'2014-08-04 16:35:51',360,'0000-00-00 00:00:00',0),(75,18,'S',1,'',1,'2014-08-04 16:37:12',360,'2014-08-04 16:37:12',360,'0000-00-00 00:00:00',0),(76,19,'P',0,'',1,'2014-08-04 16:40:52',0,'2014-08-04 16:40:52',0,'0000-00-00 00:00:00',0),(77,19,'P',1,'',1,'2014-08-04 16:40:52',0,'2014-08-04 16:40:52',0,'0000-00-00 00:00:00',0),(78,19,'C',1,'',1,'2014-08-04 16:41:30',360,'2014-08-04 16:41:30',360,'0000-00-00 00:00:00',0),(79,19,'C',1,'',1,'2014-08-04 16:41:33',360,'2014-08-04 16:41:33',360,'0000-00-00 00:00:00',0),(80,19,'C',1,'',1,'2014-08-04 16:41:41',360,'2014-08-04 16:41:41',360,'0000-00-00 00:00:00',0),(81,19,'C',1,'',1,'2014-08-04 16:42:12',360,'2014-08-04 16:42:12',360,'0000-00-00 00:00:00',0),(82,19,'X',1,'',1,'2014-08-04 16:43:27',360,'2014-08-04 16:43:27',360,'0000-00-00 00:00:00',0),(83,19,'C',1,'',1,'2014-08-04 16:43:48',360,'2014-08-04 16:43:48',360,'0000-00-00 00:00:00',0),(84,19,'S',1,'',1,'2014-08-04 16:45:21',360,'2014-08-04 16:45:21',360,'0000-00-00 00:00:00',0),(85,19,'S',1,'',1,'2014-08-04 16:45:25',360,'2014-08-04 16:45:25',360,'0000-00-00 00:00:00',0),(86,19,'S',1,'',1,'2014-08-04 16:46:21',360,'2014-08-04 16:46:21',360,'0000-00-00 00:00:00',0),(87,19,'S',1,'jhgjghjhg',1,'2014-08-04 16:46:29',360,'2014-08-04 16:46:29',360,'0000-00-00 00:00:00',0),(88,19,'S',1,'jhgjghjhg',1,'2014-08-04 16:46:32',360,'2014-08-04 16:46:32',360,'0000-00-00 00:00:00',0),(89,20,'P',0,'',1,'2014-08-04 16:47:09',0,'2014-08-04 16:47:09',0,'0000-00-00 00:00:00',0),(90,20,'P',1,'',1,'2014-08-04 16:47:09',0,'2014-08-04 16:47:09',0,'0000-00-00 00:00:00',0),(91,19,'S',1,'jhgjghjhg',1,'2014-08-04 16:47:42',360,'2014-08-04 16:47:42',360,'0000-00-00 00:00:00',0),(92,20,'C',1,'',1,'2014-08-04 16:48:06',360,'2014-08-04 16:48:06',360,'0000-00-00 00:00:00',0),(93,19,'-',0,'Order deleted',1,'2014-08-04 18:48:38',0,'0000-00-00 00:00:00',0,'0000-00-00 00:00:00',0),(94,18,'-',0,'Order deleted',1,'2014-08-04 18:48:38',0,'0000-00-00 00:00:00',0,'0000-00-00 00:00:00',0),(95,20,'S',1,'',1,'2014-08-04 16:50:04',360,'2014-08-04 16:50:04',360,'0000-00-00 00:00:00',0),(96,20,'S',1,'',1,'2014-08-04 16:50:07',360,'2014-08-04 16:50:07',360,'0000-00-00 00:00:00',0),(97,20,'S',0,'rtyrt',1,'2014-08-04 16:50:57',360,'2014-08-04 16:50:57',360,'0000-00-00 00:00:00',0),(98,21,'P',0,'',1,'2014-08-04 16:52:34',0,'2014-08-04 16:52:34',0,'0000-00-00 00:00:00',0),(99,21,'P',1,'',1,'2014-08-04 16:52:34',0,'2014-08-04 16:52:34',0,'0000-00-00 00:00:00',0),(100,21,'S',1,'',1,'2014-08-04 16:53:36',360,'2014-08-04 16:53:36',360,'0000-00-00 00:00:00',0),(101,21,'-',0,'Order deleted',1,'2014-08-04 18:54:28',0,'0000-00-00 00:00:00',0,'0000-00-00 00:00:00',0),(102,20,'-',0,'Order deleted',1,'2014-08-04 18:54:28',0,'0000-00-00 00:00:00',0,'0000-00-00 00:00:00',0),(103,22,'P',0,'',1,'2014-08-04 16:55:20',0,'2014-08-04 16:55:20',0,'0000-00-00 00:00:00',0),(104,22,'P',1,'',1,'2014-08-04 16:55:20',0,'2014-08-04 16:55:20',0,'0000-00-00 00:00:00',0),(105,22,'-',0,'Order deleted',1,'2014-08-04 18:56:40',0,'0000-00-00 00:00:00',0,'0000-00-00 00:00:00',0),(106,23,'P',0,'',1,'2014-08-04 16:58:30',0,'2014-08-04 16:58:30',0,'0000-00-00 00:00:00',0),(107,23,'P',1,'',1,'2014-08-04 16:58:30',0,'2014-08-04 16:58:30',0,'0000-00-00 00:00:00',0),(108,24,'P',0,'',1,'2014-08-04 17:18:23',0,'2014-08-04 17:18:23',0,'0000-00-00 00:00:00',0),(109,24,'P',1,'',1,'2014-08-04 17:18:23',0,'2014-08-04 17:18:23',0,'0000-00-00 00:00:00',0),(110,24,'-',0,'Order deleted',1,'2014-08-04 19:18:56',0,'0000-00-00 00:00:00',0,'0000-00-00 00:00:00',0),(111,23,'-',0,'Order deleted',1,'2014-08-04 19:18:56',0,'0000-00-00 00:00:00',0,'0000-00-00 00:00:00',0),(112,25,'P',0,'',1,'2014-08-04 17:20:07',0,'2014-08-04 17:20:07',0,'0000-00-00 00:00:00',0),(113,25,'P',1,'',1,'2014-08-04 17:20:07',0,'2014-08-04 17:20:07',0,'0000-00-00 00:00:00',0),(114,25,'S',1,'',1,'2014-08-04 17:24:28',362,'2014-08-04 17:24:28',362,'0000-00-00 00:00:00',0),(115,25,'-',0,'Order deleted',1,'2014-08-04 19:27:00',0,'0000-00-00 00:00:00',0,'0000-00-00 00:00:00',0),(116,26,'P',0,'',1,'2014-08-04 17:33:38',0,'2014-08-04 17:33:38',0,'0000-00-00 00:00:00',0),(117,26,'P',1,'',1,'2014-08-04 17:33:38',0,'2014-08-04 17:33:38',0,'0000-00-00 00:00:00',0),(118,27,'P',0,'',1,'2014-08-04 17:36:44',0,'2014-08-04 17:36:44',0,'0000-00-00 00:00:00',0),(119,27,'P',1,'',1,'2014-08-04 17:36:44',0,'2014-08-04 17:36:44',0,'0000-00-00 00:00:00',0),(120,27,'C',1,'',1,'2014-08-04 17:37:34',362,'2014-08-04 17:37:34',362,'0000-00-00 00:00:00',0),(121,27,'S',1,'',1,'2014-08-04 17:37:55',362,'2014-08-04 17:37:55',362,'0000-00-00 00:00:00',0),(122,27,'-',0,'Order deleted',1,'2014-08-04 19:39:57',0,'0000-00-00 00:00:00',0,'0000-00-00 00:00:00',0),(123,26,'-',0,'Order deleted',1,'2014-08-04 19:40:04',0,'0000-00-00 00:00:00',0,'0000-00-00 00:00:00',0),(124,1,'P',0,'',1,'2014-08-25 20:20:38',0,'2014-08-25 20:20:38',0,'0000-00-00 00:00:00',0),(125,1,'P',1,'',1,'2014-08-25 20:20:38',0,'2014-08-25 20:20:38',0,'0000-00-00 00:00:00',0),(126,1,'C',1,'',1,'2014-08-25 20:22:40',360,'2014-08-25 20:22:40',360,'0000-00-00 00:00:00',0),(127,1,'X',1,'',1,'2014-08-25 20:23:08',360,'2014-08-25 20:23:08',360,'0000-00-00 00:00:00',0),(128,1,'-',0,'Order deleted',1,'2014-08-25 22:23:38',0,'0000-00-00 00:00:00',0,'0000-00-00 00:00:00',0),(129,1,'P',0,'',1,'2014-11-14 21:45:36',0,'2014-11-14 21:45:36',0,'0000-00-00 00:00:00',0),(130,1,'P',1,'',1,'2014-11-14 21:45:36',0,'2014-11-14 21:45:36',0,'0000-00-00 00:00:00',0),(131,1,'-',0,'Order deleted',1,'2014-12-10 23:05:49',0,'0000-00-00 00:00:00',0,'0000-00-00 00:00:00',0);
CREATE TABLE `jos_virtuemart_order_items` (
  `virtuemart_order_item_id` int(11) unsigned NOT NULL AUTO_INCREMENT,
  `virtuemart_order_id` int(11) DEFAULT NULL,
  `virtuemart_vendor_id` smallint(11) NOT NULL DEFAULT '1',
  `virtuemart_product_id` int(11) DEFAULT NULL,
  `order_item_sku` char(64) NOT NULL DEFAULT '',
  `order_item_name` char(255) NOT NULL DEFAULT '',
  `product_quantity` int(11) DEFAULT NULL,
  `product_item_price` decimal(15,5) DEFAULT NULL,
  `product_priceWithoutTax` decimal(15,5) DEFAULT NULL,
  `product_tax` decimal(15,5) DEFAULT NULL,
  `product_basePriceWithTax` decimal(15,5) DEFAULT NULL,
  `product_discountedPriceWithoutTax` decimal(15,5) DEFAULT NULL,
  `product_final_price` decimal(15,5) NOT NULL DEFAULT '0.00000',
  `product_subtotal_discount` decimal(15,5) NOT NULL DEFAULT '0.00000',
  `product_subtotal_with_tax` decimal(15,5) NOT NULL DEFAULT '0.00000',
  `order_item_currency` int(11) DEFAULT NULL,
  `order_status` char(1) DEFAULT NULL,
  `product_attribute` text,
  `delivery_date` varchar(200) DEFAULT NULL,
  `created_on` datetime NOT NULL DEFAULT '0000-00-00 00:00:00',
  `created_by` int(11) NOT NULL DEFAULT '0',
  `modified_on` datetime NOT NULL DEFAULT '0000-00-00 00:00:00',
  `modified_by` int(11) NOT NULL DEFAULT '0',
  `locked_on` datetime NOT NULL DEFAULT '0000-00-00 00:00:00',
  `locked_by` int(11) NOT NULL DEFAULT '0',
  PRIMARY KEY (`virtuemart_order_item_id`),
  KEY `virtuemart_product_id` (`virtuemart_product_id`),
  KEY `i_virtuemart_order_id` (`virtuemart_order_id`),
  KEY `i_virtuemart_vendor_id` (`virtuemart_vendor_id`),
  KEY `order_status` (`order_status`)
) ENGINE=InnoDB DEFAULT CHARSET=utf8 COMMENT='Stores all items (products) which are part of an order';
CREATE TABLE `jos_virtuemart_order_userinfos` (
  `virtuemart_order_userinfo_id` int(1) unsigned NOT NULL AUTO_INCREMENT,
  `virtuemart_order_id` int(1) unsigned NOT NULL DEFAULT '0',
  `virtuemart_user_id` int(1) unsigned NOT NULL DEFAULT '0',
  `address_type` char(2) DEFAULT NULL,
  `address_type_name` char(32) DEFAULT NULL,
  `company` char(64) DEFAULT NULL,
  `title` char(32) DEFAULT NULL,
  `last_name` char(48) DEFAULT NULL,
  `first_name` char(48) DEFAULT NULL,
  `middle_name` char(48) DEFAULT NULL,
  `phone_1` char(32) DEFAULT NULL,
  `phone_2` char(32) DEFAULT NULL,
  `fax` char(32) DEFAULT NULL,
  `address_1` char(64) NOT NULL DEFAULT '',
  `address_2` char(64) DEFAULT NULL,
  `city` char(64) NOT NULL DEFAULT '',
  `virtuemart_state_id` smallint(1) unsigned NOT NULL DEFAULT '0',
  `virtuemart_country_id` smallint(1) unsigned NOT NULL DEFAULT '0',
  `zip` char(16) NOT NULL DEFAULT '',
  `email` char(128) DEFAULT NULL,
  `agreed` tinyint(1) NOT NULL DEFAULT '0',
  `created_on` datetime NOT NULL DEFAULT '0000-00-00 00:00:00',
  `created_by` int(11) NOT NULL DEFAULT '0',
  `modified_on` datetime NOT NULL DEFAULT '0000-00-00 00:00:00',
  `modified_by` int(11) NOT NULL DEFAULT '0',
  `locked_on` datetime NOT NULL DEFAULT '0000-00-00 00:00:00',
  `locked_by` int(11) NOT NULL DEFAULT '0',
  PRIMARY KEY (`virtuemart_order_userinfo_id`),
  KEY `i_virtuemart_order_id` (`virtuemart_order_id`),
  KEY `i_virtuemart_user_id` (`virtuemart_user_id`),
  KEY `idx_address_type` (`address_type`)
) ENGINE=InnoDB DEFAULT CHARSET=utf8 COMMENT='Stores the BillTo and ShipTo Information at order time';
CREATE TABLE `jos_virtuemart_orders` (
  `virtuemart_order_id` int(1) unsigned NOT NULL AUTO_INCREMENT,
  `virtuemart_user_id` int(1) unsigned NOT NULL DEFAULT '0',
  `virtuemart_vendor_id` smallint(1) unsigned NOT NULL DEFAULT '1',
  `order_number` char(64) DEFAULT NULL,
  `customer_number` char(32) DEFAULT NULL,
  `order_pass` char(8) DEFAULT NULL,
  `order_total` decimal(15,5) NOT NULL DEFAULT '0.00000',
  `order_salesPrice` decimal(15,5) NOT NULL DEFAULT '0.00000',
  `order_billTaxAmount` decimal(15,5) NOT NULL DEFAULT '0.00000',
  `order_billTax` varchar(400) DEFAULT NULL,
  `order_billDiscountAmount` decimal(15,5) NOT NULL DEFAULT '0.00000',
  `order_discountAmount` decimal(15,5) NOT NULL DEFAULT '0.00000',
  `order_subtotal` decimal(15,5) DEFAULT NULL,
  `order_tax` decimal(10,5) DEFAULT NULL,
  `order_shipment` decimal(10,2) DEFAULT NULL,
  `order_shipment_tax` decimal(10,5) DEFAULT NULL,
  `order_payment` decimal(10,2) DEFAULT NULL,
  `order_payment_tax` decimal(10,5) DEFAULT NULL,
  `coupon_discount` decimal(12,2) NOT NULL DEFAULT '0.00',
  `coupon_code` char(32) DEFAULT NULL,
  `order_discount` decimal(12,2) NOT NULL DEFAULT '0.00',
  `order_currency` smallint(1) DEFAULT NULL,
  `order_status` char(1) DEFAULT NULL,
  `user_currency_id` smallint(1) DEFAULT NULL,
  `user_currency_rate` decimal(10,5) NOT NULL DEFAULT '1.00000',
  `virtuemart_paymentmethod_id` mediumint(1) unsigned DEFAULT NULL,
  `virtuemart_shipmentmethod_id` mediumint(1) unsigned DEFAULT NULL,
  `customer_note` varchar(20000) DEFAULT NULL,
  `delivery_date` varchar(200) DEFAULT NULL,
  `order_language` char(7) DEFAULT NULL,
  `ip_address` char(15) NOT NULL DEFAULT '',
  `created_on` datetime NOT NULL DEFAULT '0000-00-00 00:00:00',
  `created_by` int(11) NOT NULL DEFAULT '0',
  `modified_on` datetime NOT NULL DEFAULT '0000-00-00 00:00:00',
  `modified_by` int(11) NOT NULL DEFAULT '0',
  `locked_on` datetime NOT NULL DEFAULT '0000-00-00 00:00:00',
  `locked_by` int(11) NOT NULL DEFAULT '0',
  PRIMARY KEY (`virtuemart_order_id`),
  KEY `idx_orders_virtuemart_user_id` (`virtuemart_user_id`),
  KEY `idx_orders_virtuemart_vendor_id` (`virtuemart_vendor_id`),
  KEY `idx_orders_order_number` (`order_number`),
  KEY `idx_orders_virtuemart_paymentmethod_id` (`virtuemart_paymentmethod_id`),
  KEY `idx_orders_virtuemart_shipmentmethod_id` (`virtuemart_shipmentmethod_id`)
) ENGINE=InnoDB DEFAULT CHARSET=utf8 COMMENT='Used to store all orders';
